000
CXUS54 KJAN 030408
CF6GLH
PRELIMINARY LOCAL CLIMATOLOGICAL DATA (WS FORM: F-6)
STATION: GREENVILLE
MONTH: JANUARY
YEAR: 2024
LATITUDE: 33 29 N
LONGITUDE: 90 59 W
TEMPERATURE IN F: :PCPN: SNOW: WIND :SUNSHINE: SKY :PK WND
================================================================================
1 2 3 4 5 6A 6B 7 8 9 10 11 12 13 14 15 16 17 18
12Z AVG MX 2MIN
DY MAX MIN AVG DEP HDD CDD WTR SNW DPTH SPD SPD DIR MIN PSBL S-S WX SPD DR
================================================================================
1 50 32 41 -3 24 0 0.00 0.0 0 12.3 18 30 M M 1 26 10
2 51 24 38 -6 27 0 0.00 0.0 0 3.9 9 30 M M 0 12 30
3 52 32 42 -2 23 0 0.00 0.0 0 3.5 12 50 M M 3 14 310
4 53 27 40 -4 25 0 0.00 0.0 0 6.5 14 50 M M 0 19 40
5 44 29 37 -7 28 0 1.11 0.0 0 8.8 23 40 M M 6 1 30 50
6 46 40 43 -1 22 0 0.00 0.0 0 8.8 16 280 M M 10 1 22 270
7 58 33 46 2 19 0 0.00 0.0 0 6.1 12 290 M M 2 15 240
8 56 36 46 2 19 0 0.18 0.0 0 13.5 32 140 M M 6 13 45 130
9 53 38 46 2 19 0 0.28 0.0 0 17.7 31 250 M M 6 1 42 250
10 55 29 42 -2 23 0 0.00 0.0 0 11.6 22 200 M M 0 29 210
11 70 40 55 11 10 0 0.00 0.0 0 12.3 25 150 M M 4 37 160
12 65 36 51 7 14 0 0.52 0.0 0 17.8 36 250 M M 5 138 56 250
13 51 29 40 -4 25 0 0.00 0.0 0 7.7 18 310 M M 0 24 310
14 42 19 31 -13 34 0 0.02 M 0 14.6 22 20 M M 7 8 27 10
15 20 15 18 -26 47 0 0.20 M M 15.8 22 350 M M 10 8 28 360
16 23 8 16 -28 49 0 0.00 0.0 M 9.4 21 340 M M 0 27 350
17 33 9 21 -23 44 0 0.00 0.0 M 6.1 14 180 M M 0 17 170
18 41 26 34 -10 31 0 0.03 0.0 M 7.3 16 160 M M 9 18 22 170
19 38 23 31 -13 34 0 0.00 0.0 M 11.9 23 10 M M 2 12 33 360
20 28 18 23 -21 42 0 0.00 0.0 M 11.1 20 10 M M 0 25 10
21 37 17 27 -17 38 0 0.00 0.0 M 6.5 13 70 M M 2 16 80
22 52 33 43 -1 22 0 0.04 0.0 M 9.9 20 140 M M 9 27 140
23 62 48 55 11 10 0 1.49 0.0 0 10.4 18 290 M M 10 1 25 270
24 64 59 62 18 3 0 1.71 0.0 0 7.5 16 130 M M 10 13 20 150
25 65 54 60 16 5 0 0.81 0.0 0 4.9 15 60 M M 8 12 20 80
26 62 47 55 11 10 0 0.20 0.0 0 6.7 16 20 M M 9 12 22 30
27 55 48 52 8 13 0 1.06 0.0 0 13.7 24 310 M M 10 1 34 310
28 54 38 46 1 19 0 0.00 0.0 0 8.4 21 320 M M 6 1 27 320
29 58 31 45 0 20 0 0.00 0.0 0 3.5 7 170 M M 3 12 9 60
30 75 40 58 13 7 0 0.00 0.0 0 7.5 16 320 M M 0 8 21 290
31 58 38 48 3 17 0 0.00 0.0 0 5.8 14 50 M M 0 18 19 40
================================================================================
SM 1571 996 723 0 7.65 0.0 291.5 M 138
================================================================================
AV 50.7 32.1 9.4 FASTST M M 4 MAX(MPH)
MISC ----> 36 250 56 250
================================================================================
NOTES:
# LAST OF SEVERAL OCCURRENCES
COLUMN 17 PEAK WIND IN M.P.H.
PRELIMINARY LOCAL CLIMATOLOGICAL DATA (WS FORM: F-6) , PAGE 2
STATION: GREENVILLE
MONTH: JANUARY
YEAR: 2024
LATITUDE: 33 29 N
LONGITUDE: 90 59 W
[TEMPERATURE DATA] [PRECIPITATION DATA] SYMBOLS USED IN COLUMN 16
AVERAGE MONTHLY: 41.4 TOTAL FOR MONTH: 7.65 1 = FOG OR MIST
DPTR FM NORMAL: -2.7 DPTR FM NORMAL: 3.16 2 = FOG REDUCING VISIBILITY
HIGHEST: 75 ON 30 GRTST 24HR 3.40 ON 24-25 TO 1/4 MILE OR LESS
LOWEST: 8 ON 16 3 = THUNDER
SNOW, ICE PELLETS, HAIL 4 = ICE PELLETS
TOTAL MONTH: 0.0 INCH 5 = HAIL
GRTST 24HR 0.0 6 = FREEZING RAIN OR DRIZZLE
GRTST DEPTH: 0 7 = DUSTSTORM OR SANDSTORM:
VSBY 1/2 MILE OR LESS
8 = SMOKE OR HAZE
[NO. OF DAYS WITH] [WEATHER - DAYS WITH] 9 = BLOWING SNOW
X = TORNADO
MAX 32 OR BELOW: 3 0.01 INCH OR MORE: 13
MAX 90 OR ABOVE: 0 0.10 INCH OR MORE: 10
MIN 32 OR BELOW: 16 0.50 INCH OR MORE: 6
MIN 0 OR BELOW: 0 1.00 INCH OR MORE: 4
[HDD (BASE 65) ]
TOTAL THIS MO. 723 CLEAR (SCALE 0-3) 14
DPTR FM NORMAL 72 PTCLDY (SCALE 4-7) 9
TOTAL FM JUL 1 1522 CLOUDY (SCALE 8-10) 8
DPTR FM NORMAL -177
[CDD (BASE 65) ]
TOTAL THIS MO. 0
DPTR FM NORMAL -2 [PRESSURE DATA]
TOTAL FM JAN 1 0 HIGHEST SLP 30.70 ON 20
DPTR FM NORMAL -2 LOWEST SLP 29.34 ON 12
[REMARKS]
#FINAL-01-24#