000
CXUS54 KJAN 011451
CF6GLH
PRELIMINARY LOCAL CLIMATOLOGICAL DATA (WS FORM: F-6)
STATION: GREENVILLE
MONTH: AUGUST
YEAR: 2023
LATITUDE: 33 29 N
LONGITUDE: 90 59 W
TEMPERATURE IN F: :PCPN: SNOW: WIND :SUNSHINE: SKY :PK WND
================================================================================
1 2 3 4 5 6A 6B 7 8 9 10 11 12 13 14 15 16 17 18
12Z AVG MX 2MIN
DY MAX MIN AVG DEP HDD CDD WTR SNW DPTH SPD SPD DIR MIN PSBL S-S WX SPD DR
================================================================================
1 95 74 85 2 0 20 0.00 0.0 0 4.4 10 20 M M 0 8 14 360
2 98 74 86 3 0 21 0.00 0.0 0 5.3 10 160 M M 0 15 150
3 98 77 88 5 0 23 T 0.0 0 6.6 13 250 M M 0 18 220
4 97 78 88 5 0 23 T 0.0 0 6.5 25 60 M M 0 13 33 60
5 100 77 89 7 0 24 0.00 0.0 0 6.8 15 260 M M 0 21 260
6 96 78 87 5 0 22 0.00 0.0 0 7.4 24 330 M M 0 37 280
7 91 71 81 -1 0 16 0.01 0.0 0 8.1 30 190 M M 2 3 40 190
8 83 70 77 -5 0 12 1.70 0.0 0 4.2 30 280 M M 4 13 40 290
9 95 70 83 1 0 18 0.01 0.0 0 8.3 22 230 M M 1 1 30 220
10 95 79 87 5 0 22 0.03 0.0 0 8.7 20 230 M M 3 3 27 240
11 96 77 87 5 0 22 0.00 0.0 0 6.7 20 220 M M 0 1 26 210
12 98 79 89 7 0 24 0.00 0.0 0 5.5 14 230 M M 1 19 210
13 101 78 90 8 0 25 0.00 0.0 0 6.7 15 250 M M 0 21 280
14 100 77 89 7 0 24 0.00 0.0 0 6.7 15 360 M M 0 3 22 350
15 88 66 77 -5 0 12 0.19 0.0 0 6.9 16 350 M M 3 13 23 340
16 86 63 75 -7 0 10 0.00 0.0 0 4.1 10 350 M M 0 16 10
17 91 59 75 -7 0 10 0.00 0.0 0 2.2 10 260 M M 0 12 13 220
18 98 65 82 0 0 17 0.00 0.0 0 2.9 7 50 M M 0 9 30
19 99 71 85 3 0 20 0.00 0.0 0 4.4 9 40 M M 0 14 140
20 98 69 84 3 0 19 0.00 0.0 0 5.0 12 60 M M 0 17 40
21 101 71 86 5 0 21 0.00 0.0 0 2.4 9 50 M M 0 14 50
22 101 75 88 7 0 23 0.00 0.0 0 3.5 10 240 M M 0 14 260
23 100 75 88 7 0 23 0.00 0.0 0 3.8 9 40 M M 0 12 30
24 101 75 88 7 0 23 0.00 0.0 0 2.2 9 350 M M 0 1 13 20
25 105 75 90 9 0 25 0.00 0.0 0 5.0 12 250 M M 0 16 240
26 102 75 89 8 0 24 0.00 0.0 0 3.7 10 310 M M 0 15 330
27 93 75 84 4 0 19 0.00 0.0 0 6.9 15 30 M M 2 21 50
28 87 72 80 0 0 15 0.00 0.0 0 8.5 17 20 M M 7 25 20
29 91 65 78 -2 0 13 0.00 0.0 0 8.4 17 30 M M 1 24 20
30 92 62 77 -3 0 12 0.00 0.0 0 8.3 18 10 M M 0 25 340
31 88 62 75 -5 0 10 0.00 0.0 0 7.7 15 360 M M 0 21 10
================================================================================
SM 2964 2234 0 592 1.94 0.0 177.8 M 24
================================================================================
AV 95.6 72.1 5.7 FASTST M M 1 MAX(MPH)
MISC ----> # 30 190 # 40 190
================================================================================
NOTES:
# LAST OF SEVERAL OCCURRENCES
COLUMN 17 PEAK WIND IN M.P.H.
PRELIMINARY LOCAL CLIMATOLOGICAL DATA (WS FORM: F-6) , PAGE 2
STATION: GREENVILLE
MONTH: AUGUST
YEAR: 2023
LATITUDE: 33 29 N
LONGITUDE: 90 59 W
[TEMPERATURE DATA] [PRECIPITATION DATA] SYMBOLS USED IN COLUMN 16
AVERAGE MONTHLY: 83.8 TOTAL FOR MONTH: 1.94 1 = FOG OR MIST
DPTR FM NORMAL: 2.2 DPTR FM NORMAL: -0.89 2 = FOG REDUCING VISIBILITY
HIGHEST: 105 ON 25 GRTST 24HR 1.71 ON 7- 8 TO 1/4 MILE OR LESS
LOWEST: 59 ON 17 3 = THUNDER
SNOW, ICE PELLETS, HAIL 4 = ICE PELLETS
TOTAL MONTH: 0.0 INCH 5 = HAIL
GRTST 24HR 0.0 6 = FREEZING RAIN OR DRIZZLE
GRTST DEPTH: 0 7 = DUSTSTORM OR SANDSTORM:
VSBY 1/2 MILE OR LESS
8 = SMOKE OR HAZE
[NO. OF DAYS WITH] [WEATHER - DAYS WITH] 9 = BLOWING SNOW
X = TORNADO
MAX 32 OR BELOW: 0 0.01 INCH OR MORE: 5
MAX 90 OR ABOVE: 26 0.10 INCH OR MORE: 2
MIN 32 OR BELOW: 0 0.50 INCH OR MORE: 1
MIN 0 OR BELOW: 0 1.00 INCH OR MORE: 1
[HDD (BASE 65) ]
TOTAL THIS MO. 0 CLEAR (SCALE 0-3) 28
DPTR FM NORMAL 0 PTCLDY (SCALE 4-7) 3
TOTAL FM JUL 1 0 CLOUDY (SCALE 8-10) 0
DPTR FM NORMAL 0
[CDD (BASE 65) ]
TOTAL THIS MO. 592
DPTR FM NORMAL 78 [PRESSURE DATA]
TOTAL FM JAN 1 1968 HIGHEST SLP 30.17 ON 8
DPTR FM NORMAL 131 LOWEST SLP 29.76 ON 10
[REMARKS]
#FINAL-08-23#