297
CXUS54 KLIX 010810
CF6GPT
PRELIMINARY LOCAL CLIMATOLOGICAL DATA (WS FORM: F-6)
STATION: GULFPORT
MONTH: SEPTEMBER
YEAR: 2020
LATITUDE: 30 23 N
LONGITUDE: 89 4 W
TEMPERATURE IN F: :PCPN: SNOW: WIND :SUNSHINE: SKY :PK WND
================================================================================
1 2 3 4 5 6A 6B 7 8 9 10 11 12 13 14 15 16 17 18
12Z AVG MX 2MIN
DY MAX MIN AVG DEP HDD CDD WTR SNW DPTH SPD SPD DIR MIN PSBL S-S WX SPD DR
================================================================================
1 90 82 86 5 0 21 0.00 0.0 M 7.5 16 160 M M 4 19 170
2 91 78 85 4 0 20 0.00 0.0 M 5.9 12 160 M M 2 16 200
3 92 74 83 2 0 18 0.00 0.0 M 2.8 13 150 M M 1 15 170
4 92 76 84 3 0 19 0.00 0.0 M 3.1 12 150 M M 2 13 150
5 97 77 87 6 0 22 0.00 0.0 M 5.2 10 300 M M 2 3 14 300
6 94 70 82 2 0 17 0.00 0.0 M 5.5 13 10 M M 0 16 10
7 90 70 80 0 0 15 0.00 0.0 M 3.2 14 140 M M 0 16 140
8 90 72 81 1 0 16 0.00 0.0 M 6.8 20 120 M M 0 3 24 130
9 91 74 83 3 0 18 0.00 0.0 M 6.3 17 130 M M 0 20 120
10 94 72 83 3 0 18 0.00 0.0 M 5.3 13 350 M M 1 18 20
11 90 76 83 4 0 18 T 0.0 M 4.8 15 70 M M 3 3 19 80
12 90 75 83 4 0 18 0.01 0.0 M 6.6 22 150 M M 3 3 26 150
13 94 76 85 6 0 20 0.00 0.0 M 8.3 21 70 M M 2 28 80
14 87 77 82 3 0 17 0.03 0.0 M 13.3 23 50 M M 4 8 32 40
15 82 77 80 2 0 15 0.02 0.0 M 19.2 30 20 M M 9 46 10
16 82 74 78 0 0 13 0.00 0.0 M 17.0 28 340 M M 10 42 350
17 89 70 80 2 0 15 0.00 0.0 M 7.1 15 340 M M 3 21 350
18 81 73 77 -1 0 12 0.01 0.0 M 6.3 12 20 M M 2 15 10
19 73 69 71 -7 0 6 0.54 0.0 M 9.6 15 30 M M 7 1 21 40
20 70 66 68 -9 0 3 0.39 0.0 M 13.1 21 50 M M 10 1 29 40
21 70 66 68 -9 0 3 0.39 0.0 M 12.1 20 70 M M 9 1 24 80
22 80 68 74 -3 0 9 0.00 0.0 M 11.5 22 110 M M 8 28 120
23 84 68 76 0 0 11 0.10 0.0 M 15.3 28 140 M M 8 1 35 120
24 80 71 76 0 0 11 0.59 0.0 M 7.9 22 140 M M 9 1 29 150
25 83 68 76 0 0 11 0.00 0.0 M 3.7 12 300 M M 6 1 14 310
26 83 68 76 0 0 11 T 0.0 M 5.8 15 120 M M 5 19 110
27 87 71 79 4 0 14 0.00 0.0 M 4.1 10 190 M M 2 1 M M
28 88 66 77 2 0 12 0.04 0.0 M 8.3 21 350 M M 4 13 28 340
29 78 55 67 -7 0 2 0.02 0.0 M 8.7 23 340 M M 3 27 340
30 78 52 65 -9 0 0 0.00 0.0 M 2.1 10 200 M M 0 15 200
================================================================================
SM 2570 2131 0 405 2.14 0.0 236.4 M 119
================================================================================
AV 85.7 71.0 7.9 FASTST M M 4 MAX(MPH)
MISC ----> 30 20 46 10
================================================================================
NOTES:
# LAST OF SEVERAL OCCURRENCES
COLUMN 17 PEAK WIND IN M.P.H.
PRELIMINARY LOCAL CLIMATOLOGICAL DATA (WS FORM: F-6) , PAGE 2
STATION: GULFPORT
MONTH: SEPTEMBER
YEAR: 2020
LATITUDE: 30 23 N
LONGITUDE: 89 4 W
[TEMPERATURE DATA] [PRECIPITATION DATA] SYMBOLS USED IN COLUMN 16
AVERAGE MONTHLY: 78.4 TOTAL FOR MONTH: 2.14 1 = FOG OR MIST
DPTR FM NORMAL: 0.2 DPTR FM NORMAL: -3.49 2 = FOG REDUCING VISIBILITY
HIGHEST: 97 ON 5 GRTST 24HR 0.69 ON 23-24 TO 1/4 MILE OR LESS
LOWEST: 52 ON 30 3 = THUNDER
SNOW, ICE PELLETS, HAIL 4 = ICE PELLETS
TOTAL MONTH: 0.0 INCH 5 = HAIL
GRTST 24HR 0.0 6 = FREEZING RAIN OR DRIZZLE
GRTST DEPTH: M ON M 7 = DUSTSTORM OR SANDSTORM:
VSBY 1/2 MILE OR LESS
8 = SMOKE OR HAZE
[NO. OF DAYS WITH] [WEATHER - DAYS WITH] 9 = BLOWING SNOW
X = TORNADO
MAX 32 OR BELOW: 0 0.01 INCH OR MORE: 11
MAX 90 OR ABOVE: 13 0.10 INCH OR MORE: 5
MIN 32 OR BELOW: 0 0.50 INCH OR MORE: 2
MIN 0 OR BELOW: 0 1.00 INCH OR MORE: 0
[HDD (BASE 65) ]
TOTAL THIS MO. 0 CLEAR (SCALE 0-3) 17
DPTR FM NORMAL -1 PTCLDY (SCALE 4-7) 6
TOTAL FM JUL 1 0 CLOUDY (SCALE 8-10) 7
DPTR FM NORMAL 0
[CDD (BASE 65) ]
TOTAL THIS MO. 405
DPTR FM NORMAL 9 [PRESSURE DATA]
TOTAL FM JAN 1 2662 HIGHEST SLP M ON M
DPTR FM NORMAL 294 LOWEST SLP 29.57 ON 16
[REMARKS]
#FINAL-09-20#