000
CDUS43 KGRB 170654
CLIGRB


CLIMATE REPORT
NATIONAL WEATHER SERVICE GREEN BAY
153 AM CDT THU MAY 17 2018


...................................

...THE GREEN BAY WI CLIMATE SUMMARY FOR MAY 16 2018...

CLIMATE NORMAL PERIOD 1981 TO 2010
CLIMATE RECORD PERIOD 1886 TO 2018


WEATHER ITEM   OBSERVED TIME   RECORD YEAR NORMAL DEPARTURE LAST
                VALUE   (LST)  VALUE       VALUE  FROM      YEAR
                                                  NORMAL
..................................................................
TEMPERATURE (F)
 YESTERDAY
  MAXIMUM         82    416 PM  87    1977  66     16       82
  MINIMUM         45    513 AM  28    1956  44      1       52
                                      1929
  AVERAGE         64                        55      9       67

PRECIPITATION (IN)
  YESTERDAY        0.00          0.85 1992   0.10  -0.10     0.23
  MONTH TO DATE    3.41                      1.36   2.05     1.27
  SINCE MAR 1      9.27                      5.84   3.43     8.05
  SINCE JAN 1     11.77                      8.08   3.69    11.30

SNOWFALL (IN)
  YESTERDAY        0.0           0.1  1929   0.0    0.0      0.0
  MONTH TO DATE    T                         0.2   -0.2      0.0
  SINCE MAR 1     43.7                      11.2   32.5      9.0
  SINCE JUL 1     68.1                      51.4   16.7     53.2
  SNOW DEPTH       0

DEGREE DAYS
 HEATING
  YESTERDAY        1                        10     -9        0
  MONTH TO DATE  120                       202    -82      188
  SINCE MAR 1   2038                      1899    139     1699
  SINCE JUL 1   7492                      7739   -247     6272

 COOLING
  YESTERDAY        0                         0      0        2
  MONTH TO DATE    6                         0      6        2
  SINCE MAR 1      6                         2      4        2
  SINCE JAN 1      6                         2      4        2
..................................................................


WIND (MPH)
  HIGHEST WIND SPEED    25   HIGHEST WIND DIRECTION    NE (60)
  HIGHEST GUST SPEED    36   HIGHEST GUST DIRECTION     N (340)
  AVERAGE WIND SPEED     7.2


SKY COVER
  POSSIBLE SUNSHINE  MM
  AVERAGE SKY COVER 0.0


WEATHER CONDITIONS
 THE FOLLOWING WEATHER WAS RECORDED YESTERDAY.
  NO SIGNIFICANT WEATHER WAS OBSERVED.


RELATIVE HUMIDITY (PERCENT)
 HIGHEST    89           400 AM
 LOWEST     35           500 PM
 AVERAGE    62

..........................................................


THE GREEN BAY WI CLIMATE NORMALS FOR TODAY
                         NORMAL    RECORD    YEAR
 MAXIMUM TEMPERATURE (F)   66        88      1972
 MINIMUM TEMPERATURE (F)   44        29      1891


SUNRISE AND SUNSET
MAY 17 2018...........SUNRISE   523 AM CDT   SUNSET   816 PM CDT
MAY 18 2018...........SUNRISE   522 AM CDT   SUNSET   817 PM CDT


-  INDICATES NEGATIVE NUMBERS.
R  INDICATES RECORD WAS SET OR TIED.
MM INDICATES DATA IS MISSING.
T  INDICATES TRACE AMOUNT.




$$
