000
CDUS43 KGRB 160728
CLIGRB


CLIMATE REPORT
NATIONAL WEATHER SERVICE GREEN BAY
227 AM CDT WED MAY 16 2018


...................................

...THE GREEN BAY WI CLIMATE SUMMARY FOR MAY 15 2018...

CLIMATE NORMAL PERIOD 1981 TO 2010
CLIMATE RECORD PERIOD 1886 TO 2018


WEATHER ITEM   OBSERVED TIME   RECORD YEAR NORMAL DEPARTURE LAST
                VALUE   (LST)  VALUE       VALUE  FROM      YEAR
                                                  NORMAL
..................................................................
TEMPERATURE (F)
 YESTERDAY
  MAXIMUM         67    356 PM  87    1991  66      1       73
  MINIMUM         48   1159 PM  29    1929  44      4       47
  AVERAGE         58                        55      3       60

PRECIPITATION (IN)
  YESTERDAY        0.03          1.50 1894   0.08  -0.05     0.29
  MONTH TO DATE    3.41                      1.26   2.15     1.04
  SINCE MAR 1      9.27                      5.74   3.53     7.82
  SINCE JAN 1     11.77                      7.98   3.79    11.07

SNOWFALL (IN)
  YESTERDAY        0.0           T    1997   0.1   -0.1      0.0
  MONTH TO DATE    T                         0.2   -0.2      0.0
  SINCE MAR 1     43.7                      11.2   32.5      9.0
  SINCE JUL 1     68.1                      51.4   16.7     53.2
  SNOW DEPTH       0

DEGREE DAYS
 HEATING
  YESTERDAY        7                        11     -4        5
  MONTH TO DATE  119                       192    -73      188
  SINCE MAR 1   2037                      1889    148     1699
  SINCE JUL 1   7491                      7729   -238     6272

 COOLING
  YESTERDAY        0                         0      0        0
  MONTH TO DATE    6                         0      6        0
  SINCE MAR 1      6                         2      4        0
  SINCE JAN 1      6                         2      4        0
..................................................................


WIND (MPH)
  HIGHEST WIND SPEED    25   HIGHEST WIND DIRECTION    NE (50)
  HIGHEST GUST SPEED    30   HIGHEST GUST DIRECTION    NE (50)
  AVERAGE WIND SPEED    10.4


SKY COVER
  POSSIBLE SUNSHINE  MM
  AVERAGE SKY COVER 0.2


WEATHER CONDITIONS
 THE FOLLOWING WEATHER WAS RECORDED YESTERDAY.
  FOG


RELATIVE HUMIDITY (PERCENT)
 HIGHEST    97           100 AM
 LOWEST     37           500 PM
 AVERAGE    67

..........................................................


THE GREEN BAY WI CLIMATE NORMALS FOR TODAY
                         NORMAL    RECORD    YEAR
 MAXIMUM TEMPERATURE (F)   66        87      1977
 MINIMUM TEMPERATURE (F)   44        28      1956
                                             1929


SUNRISE AND SUNSET
MAY 16 2018...........SUNRISE   524 AM CDT   SUNSET   815 PM CDT
MAY 17 2018...........SUNRISE   523 AM CDT   SUNSET   816 PM CDT


-  INDICATES NEGATIVE NUMBERS.
R  INDICATES RECORD WAS SET OR TIED.
MM INDICATES DATA IS MISSING.
T  INDICATES TRACE AMOUNT.




$$
