000
CDUS43 KGRB 192134
CLIGRB


CLIMATE REPORT
NATIONAL WEATHER SERVICE GREEN BAY
433 PM CDT SAT MAY 19 2018


...................................

...THE GREEN BAY WI CLIMATE SUMMARY FOR MAY 19 2018...
VALID TODAY AS OF 0400 PM LOCAL TIME.

CLIMATE NORMAL PERIOD 1981 TO 2010
CLIMATE RECORD PERIOD 1886 TO 2018


WEATHER ITEM   OBSERVED TIME   RECORD YEAR NORMAL DEPARTURE LAST
                VALUE   (LST)  VALUE       VALUE  FROM      YEAR
                                                  NORMAL
..................................................................
TEMPERATURE (F)
 TODAY
  MAXIMUM         71    121 PM  89    2012  67      4       51
  MINIMUM         53    537 AM  31    2002  45      8       37
  AVERAGE         62                        56      6       44

PRECIPITATION (IN)
  TODAY            0.01          1.98 1918   0.10  -0.09     0.00
  MONTH TO DATE    3.42                      1.64   1.78     1.57
  SINCE MAR 1      9.28                      6.12   3.16     8.35
  SINCE JAN 1     11.78                      8.36   3.42    11.60

SNOWFALL (IN)
  TODAY            0.0           T    1924   0.0    0.0      0.0
  MONTH TO DATE    T                         0.2   -0.2      0.0
  SINCE MAR 1     43.7                      11.2   32.5      9.0
  SINCE JUL 1     68.1                      51.4   16.7     53.2
  SNOW DEPTH       0

DEGREE DAYS
 HEATING
  TODAY            3                        10     -7       21
  MONTH TO DATE  140                       232    -92      220
  SINCE MAR 1   2058                      1929    129     1731
  SINCE JUL 1   7512                      7769   -257     6304

 COOLING
  TODAY            0                         1     -1        0
  MONTH TO DATE    6                         2      4        8
  SINCE MAR 1      6                         4      2        8
  SINCE JAN 1      6                         4      2        8
..................................................................


WIND (MPH)
  HIGHEST WIND SPEED    12   HIGHEST WIND DIRECTION     E (110)
  HIGHEST GUST SPEED    15   HIGHEST GUST DIRECTION    NE (40)
  AVERAGE WIND SPEED     3.1


SKY COVER
  POSSIBLE SUNSHINE  MM
  AVERAGE SKY COVER 0.9


WEATHER CONDITIONS
 THE FOLLOWING WEATHER WAS RECORDED TODAY.
  LIGHT RAIN
  FOG


RELATIVE HUMIDITY (PERCENT)
 HIGHEST    93           300 AM
 LOWEST     66           200 PM
 AVERAGE    80

..........................................................


THE GREEN BAY WI CLIMATE NORMALS FOR TOMORROW
                         NORMAL    RECORD    YEAR
 MAXIMUM TEMPERATURE (F)   67        90      2012
                                             1972
                                             1948
 MINIMUM TEMPERATURE (F)   45        30      2002


SUNRISE AND SUNSET
MAY 19 2018...........SUNRISE   521 AM CDT   SUNSET   818 PM CDT
MAY 20 2018...........SUNRISE   520 AM CDT   SUNSET   819 PM CDT


-  INDICATES NEGATIVE NUMBERS.
R  INDICATES RECORD WAS SET OR TIED.
MM INDICATES DATA IS MISSING.
T  INDICATES TRACE AMOUNT.




$$
