000
CDUS43 KGRB 122127
CLIGRB


CLIMATE REPORT
NATIONAL WEATHER SERVICE GREEN BAY
427 PM CDT SAT MAY 12 2018


...................................

...THE GREEN BAY WI CLIMATE SUMMARY FOR MAY 12 2018...
VALID TODAY AS OF 0400 PM LOCAL TIME.

CLIMATE NORMAL PERIOD 1981 TO 2010
CLIMATE RECORD PERIOD 1886 TO 2018


WEATHER ITEM   OBSERVED TIME   RECORD YEAR NORMAL DEPARTURE LAST
                VALUE   (LST)  VALUE       VALUE  FROM      YEAR
                                                  NORMAL
..................................................................
TEMPERATURE (F)
 TODAY
  MAXIMUM         57    252 PM  87    1991  65     -8       70
  MINIMUM         38    501 AM  27    1967  43     -5       47
  AVERAGE         48                        54     -6       59

PRECIPITATION (IN)
  TODAY            0.00          1.05 2014   0.08  -0.08     0.01
  MONTH TO DATE    3.32                      1.00   2.32     0.75
  SINCE MAR 1      9.18                      5.48   3.70     7.53
  SINCE JAN 1     11.68                      7.72   3.96    10.78

SNOWFALL (IN)
  TODAY            0.0           T    2005   0.0    0.0      0.0
                                      1946
  MONTH TO DATE    0.0                       0.1   -0.1      0.0
  SINCE MAR 1     43.7                      11.1   32.6      9.0
  SINCE JUL 1     68.1                      51.3   16.8     53.2
  SNOW DEPTH       0

DEGREE DAYS
 HEATING
  TODAY           17                        12      5        6
  MONTH TO DATE  102                       159    -57      170
  SINCE MAR 1   2020                      1856    164     1681
  SINCE JUL 1   7474                      7696   -222     6254

 COOLING
  TODAY            0                         0      0        0
  MONTH TO DATE    6                         0      6        0
  SINCE MAR 1      6                         2      4        0
  SINCE JAN 1      6                         2      4        0
..................................................................


WIND (MPH)
  HIGHEST WIND SPEED    16   HIGHEST WIND DIRECTION    NE (50)
  HIGHEST GUST SPEED    20   HIGHEST GUST DIRECTION     N (20)
  AVERAGE WIND SPEED     9.0


SKY COVER
  POSSIBLE SUNSHINE  MM
  AVERAGE SKY COVER 0.2


WEATHER CONDITIONS
 THE FOLLOWING WEATHER WAS RECORDED TODAY.
  NO SIGNIFICANT WEATHER WAS OBSERVED.


RELATIVE HUMIDITY (PERCENT)
 HIGHEST    85           500 AM
 LOWEST     47           200 PM
 AVERAGE    66

..........................................................


THE GREEN BAY WI CLIMATE NORMALS FOR TOMORROW
                         NORMAL    RECORD    YEAR
 MAXIMUM TEMPERATURE (F)   65        88      1991
                                             1977
 MINIMUM TEMPERATURE (F)   43        30      2013
                                             1997
                                             1996


SUNRISE AND SUNSET
MAY 12 2018...........SUNRISE   528 AM CDT   SUNSET   810 PM CDT
MAY 13 2018...........SUNRISE   527 AM CDT   SUNSET   811 PM CDT


-  INDICATES NEGATIVE NUMBERS.
R  INDICATES RECORD WAS SET OR TIED.
MM INDICATES DATA IS MISSING.
T  INDICATES TRACE AMOUNT.




$$
