000
CDUS43 KGRB 051151
CLIGRB


CLIMATE REPORT...CORRECTED
NATIONAL WEATHER SERVICE GREEN BAY
650 AM CDT THU APR 5 2018

CORRECTED SNOWFALL TOTAL FOR MONTH AND SEASON

...................................

...THE GREEN BAY WI CLIMATE SUMMARY FOR APRIL 4 2018...

CLIMATE NORMAL PERIOD 1981 TO 2010
CLIMATE RECORD PERIOD 1886 TO 2018


WEATHER ITEM   OBSERVED TIME   RECORD YEAR NORMAL DEPARTURE LAST
                VALUE   (LST)  VALUE       VALUE  FROM      YEAR
                                                  NORMAL
..................................................................
TEMPERATURE (F)
 YESTERDAY
  MAXIMUM         32    341 PM  75    1997  48    -16       62
                                      1921
  MINIMUM         18   1159 PM  11    1995  30    -12       38
  AVERAGE         25                        39    -14       50

PRECIPITATION (IN)
  YESTERDAY        0.07          0.99 1897   0.07   0.00     0.18
  MONTH TO DATE    0.65                      0.31   0.34     0.45
  SINCE MAR 1      1.64                      2.16  -0.52     2.75
  SINCE JAN 1      4.14                      4.40  -0.26     6.00

SNOWFALL (IN)
  YESTERDAY        1.1           9.8  1977   0.1    1.0      0.0
  MONTH TO DATE    9.4                       0.6    8.8      0.0
  SINCE MAR 1     16.4                       8.7    7.7      9.0
  SINCE JUL 1     40.8                      48.9   -8.1     53.2
  SNOW DEPTH       8

DEGREE DAYS
 HEATING
  YESTERDAY       40                        26     14       15
  MONTH TO DATE  154                       107     47       70
  SINCE MAR 1   1189                      1167     22     1094
  SINCE JUL 1   6643                      7007   -364     5667

 COOLING
  YESTERDAY        0                         0      0        0
  MONTH TO DATE    0                         0      0        0
  SINCE MAR 1      0                         0      0        0
  SINCE JAN 1      0                         0      0        0
..................................................................


WIND (MPH)
  HIGHEST WIND SPEED    25   HIGHEST WIND DIRECTION     N (340)
  HIGHEST GUST SPEED    32   HIGHEST GUST DIRECTION    NW (330)
  AVERAGE WIND SPEED    15.1


SKY COVER
  POSSIBLE SUNSHINE  MM
  AVERAGE SKY COVER 0.4


WEATHER CONDITIONS
 THE FOLLOWING WEATHER WAS RECORDED YESTERDAY.
  LIGHT SNOW
  FOG
  HAZE


RELATIVE HUMIDITY (PERCENT)
 HIGHEST    88          1200 AM
 LOWEST     39          1200 PM
 AVERAGE    64

..........................................................


THE GREEN BAY WI CLIMATE NORMALS FOR TODAY
                         NORMAL    RECORD    YEAR
 MAXIMUM TEMPERATURE (F)   49        77      1991
                                             1921
 MINIMUM TEMPERATURE (F)   30        13      1995
                                             1887


SUNRISE AND SUNSET
APRIL  5 2018.........SUNRISE   626 AM CDT   SUNSET   725 PM CDT
APRIL  6 2018.........SUNRISE   624 AM CDT   SUNSET   726 PM CDT


-  INDICATES NEGATIVE NUMBERS.
R  INDICATES RECORD WAS SET OR TIED.
MM INDICATES DATA IS MISSING.
T  INDICATES TRACE AMOUNT.




$$

Kurimski
