000
CDUS43 KGRB 020632
CLIGRB


CLIMATE REPORT
NATIONAL WEATHER SERVICE GREEN BAY
132 AM CDT MON APR 2 2018


...................................

...THE GREEN BAY WI CLIMATE SUMMARY FOR APRIL 1 2018...

CLIMATE NORMAL PERIOD 1981 TO 2010
CLIMATE RECORD PERIOD 1886 TO 2018


WEATHER ITEM   OBSERVED TIME   RECORD YEAR NORMAL DEPARTURE LAST
                VALUE   (LST)  VALUE       VALUE  FROM      YEAR
                                                  NORMAL
..................................................................
TEMPERATURE (F)
 YESTERDAY
  MAXIMUM         32    323 PM  75    2010  47    -15       63
  MINIMUM         16    745 AM  11    1972  29    -13       31
                                      1924
  AVERAGE         24                        38    -14       47

PRECIPITATION (IN)
  YESTERDAY        0.00          0.49 1929   0.08  -0.08     0.00
  MONTH TO DATE    0.00                      0.08  -0.08     0.00
  SINCE MAR 1      0.99                      1.93  -0.94     2.30
  SINCE JAN 1      3.49                      4.17  -0.68     5.55

SNOWFALL (IN)
  YESTERDAY        0.0           9.2  1929   0.2   -0.2      0.0
  MONTH TO DATE    0.0                       0.2   -0.2      0.0
  SINCE MAR 1      7.0                       8.3   -1.3      9.0
  SINCE JUL 1     31.4                      48.5  -17.1     53.2
  SNOW DEPTH       0

DEGREE DAYS
 HEATING
  YESTERDAY       41                        27     14       18
  MONTH TO DATE   41                        27     14       18
  SINCE MAR 1   1076                      1087    -11     1042
  SINCE JUL 1   6530                      6927   -397     5615

 COOLING
  YESTERDAY        0                         0      0        0
  MONTH TO DATE    0                         0      0        0
  SINCE MAR 1      0                         0      0        0
  SINCE JAN 1      0                         0      0        0
..................................................................


WIND (MPH)
  HIGHEST WIND SPEED    22   HIGHEST WIND DIRECTION     W (270)
  HIGHEST GUST SPEED    26   HIGHEST GUST DIRECTION     W (280)
  AVERAGE WIND SPEED    11.3


SKY COVER
  POSSIBLE SUNSHINE  MM
  AVERAGE SKY COVER 0.0


WEATHER CONDITIONS
 THE FOLLOWING WEATHER WAS RECORDED YESTERDAY.
  NO SIGNIFICANT WEATHER WAS OBSERVED.


RELATIVE HUMIDITY (PERCENT)
 HIGHEST    68          1000 PM
 LOWEST     47           500 PM
 AVERAGE    58

..........................................................


THE GREEN BAY WI CLIMATE NORMALS FOR TODAY
                         NORMAL    RECORD    YEAR
 MAXIMUM TEMPERATURE (F)   47        80      1963
 MINIMUM TEMPERATURE (F)   29        11      1954
                                             1896


SUNRISE AND SUNSET
APRIL  2 2018.........SUNRISE   632 AM CDT   SUNSET   721 PM CDT
APRIL  3 2018.........SUNRISE   630 AM CDT   SUNSET   722 PM CDT


-  INDICATES NEGATIVE NUMBERS.
R  INDICATES RECORD WAS SET OR TIED.
MM INDICATES DATA IS MISSING.
T  INDICATES TRACE AMOUNT.




$$
