000
CDUS43 KGRB 310631
CLIGRB


CLIMATE REPORT
NATIONAL WEATHER SERVICE GREEN BAY
130 AM CDT SAT MAR 31 2018


...................................

...THE GREEN BAY WI CLIMATE SUMMARY FOR MARCH 30 2018...

CLIMATE NORMAL PERIOD 1981 TO 2010
CLIMATE RECORD PERIOD 1886 TO 2018


WEATHER ITEM   OBSERVED TIME   RECORD YEAR NORMAL DEPARTURE LAST
                VALUE   (LST)  VALUE       VALUE  FROM      YEAR
                                                  NORMAL
..................................................................
TEMPERATURE (F)
 YESTERDAY
  MAXIMUM         45    229 PM  73    1967  46     -1       37
                                      1910
  MINIMUM         25    608 AM   3    1923  28     -3       34
  AVERAGE         35                        37     -2       36

PRECIPITATION (IN)
  YESTERDAY        0.00          1.22 1998   0.07  -0.07     0.34
  MONTH TO DATE    0.61                      1.78  -1.17     2.30
  SINCE MAR 1      0.61                      1.78  -1.17     2.30
  SINCE JAN 1      3.11                      4.02  -0.91     5.55

SNOWFALL (IN)
  YESTERDAY        0.0           7.2  1934   0.1   -0.1      0.1
  MONTH TO DATE    5.5                       7.9   -2.4      9.0
  SINCE MAR 1      5.5                       7.9   -2.4      9.0
  SINCE JUL 1     29.9                      48.1  -18.2     53.2
  SNOW DEPTH       0

DEGREE DAYS
 HEATING
  YESTERDAY       30                        28      2       29
  MONTH TO DATE 1001                      1032    -31     1001
  SINCE MAR 1   1001                      1032    -31     1001
  SINCE JUL 1   6455                      6872   -417     5574

 COOLING
  YESTERDAY        0                         0      0        0
  MONTH TO DATE    0                         0      0        0
  SINCE MAR 1      0                         0      0        0
  SINCE JAN 1      0                         0      0        0
..................................................................


WIND (MPH)
  HIGHEST WIND SPEED    18   HIGHEST WIND DIRECTION     W (260)
  HIGHEST GUST SPEED    27   HIGHEST GUST DIRECTION     S (190)
  AVERAGE WIND SPEED     6.9


SKY COVER
  POSSIBLE SUNSHINE  MM
  AVERAGE SKY COVER 0.3


WEATHER CONDITIONS
 THE FOLLOWING WEATHER WAS RECORDED YESTERDAY.
  NO SIGNIFICANT WEATHER WAS OBSERVED.


RELATIVE HUMIDITY (PERCENT)
 HIGHEST    88           300 AM
 LOWEST     41           400 PM
 AVERAGE    65

..........................................................


THE GREEN BAY WI CLIMATE NORMALS FOR TODAY
                         NORMAL    RECORD    YEAR
 MAXIMUM TEMPERATURE (F)   46        77      1986
 MINIMUM TEMPERATURE (F)   28         0      1923


SUNRISE AND SUNSET
MARCH 31 2018.........SUNRISE   635 AM CDT   SUNSET   719 PM CDT
APRIL  1 2018.........SUNRISE   634 AM CDT   SUNSET   720 PM CDT


-  INDICATES NEGATIVE NUMBERS.
R  INDICATES RECORD WAS SET OR TIED.
MM INDICATES DATA IS MISSING.
T  INDICATES TRACE AMOUNT.




$$
