821
CDUS43 KGRB 252124
CLIGRB


CLIMATE REPORT
NATIONAL WEATHER SERVICE GREEN BAY
424 PM CDT WED APR 25 2018


...................................

...THE GREEN BAY WI CLIMATE SUMMARY FOR APRIL 25 2018...
VALID TODAY AS OF 0400 PM LOCAL TIME.

CLIMATE NORMAL PERIOD 1981 TO 2010
CLIMATE RECORD PERIOD 1886 TO 2018


WEATHER ITEM   OBSERVED TIME   RECORD YEAR NORMAL DEPARTURE LAST
                VALUE   (LST)  VALUE       VALUE  FROM      YEAR
                                                  NORMAL
..................................................................
TEMPERATURE (F)
 TODAY
  MAXIMUM         54    259 PM  88    1990  59     -5       73
  MINIMUM         36    536 AM  25    1967  37     -1       47
  AVERAGE         45                        48     -3       60

PRECIPITATION (IN)
  TODAY            0.00          1.86 1994   0.09  -0.09     0.02
  MONTH TO DATE    4.85                      2.18   2.67     3.09
  SINCE MAR 1      5.84                      4.03   1.81     5.39
  SINCE JAN 1      8.34                      6.27   2.07     8.64

SNOWFALL (IN)
  TODAY            0.0           2.0  1907   0.0    0.0      0.0
  MONTH TO DATE   36.7                       2.7   34.0      0.0
  SINCE MAR 1     43.7                      10.8   32.9      9.0
  SINCE JUL 1     68.1                      51.0   17.1     53.2
  SNOW DEPTH       0

DEGREE DAYS
 HEATING
  TODAY           20                        17      3        5
  MONTH TO DATE  793                       556    237      392
  SINCE MAR 1   1828                      1616    212     1416
  SINCE JUL 1   7282                      7456   -174     5989

 COOLING
  TODAY            0                         0      0        0
  MONTH TO DATE    0                         0      0        0
  SINCE MAR 1      0                         0      0        0
  SINCE JAN 1      0                         0      0        0
..................................................................


WIND (MPH)
  HIGHEST WIND SPEED    17   HIGHEST WIND DIRECTION     N (10)
  HIGHEST GUST SPEED    22   HIGHEST GUST DIRECTION     N (10)
  AVERAGE WIND SPEED    10.5


SKY COVER
  POSSIBLE SUNSHINE  MM
  AVERAGE SKY COVER 0.2


WEATHER CONDITIONS
 THE FOLLOWING WEATHER WAS RECORDED TODAY.
  NO SIGNIFICANT WEATHER WAS OBSERVED.


RELATIVE HUMIDITY (PERCENT)
 HIGHEST    85           300 AM
 LOWEST     46           300 PM
 AVERAGE    66

..........................................................


THE GREEN BAY WI CLIMATE NORMALS FOR TOMORROW
                         NORMAL    RECORD    YEAR
 MAXIMUM TEMPERATURE (F)   59        87      1962
 MINIMUM TEMPERATURE (F)   38        24      1958


SUNRISE AND SUNSET
APRIL 25 2018.........SUNRISE   552 AM CDT   SUNSET   750 PM CDT
APRIL 26 2018.........SUNRISE   551 AM CDT   SUNSET   751 PM CDT


-  INDICATES NEGATIVE NUMBERS.
R  INDICATES RECORD WAS SET OR TIED.
MM INDICATES DATA IS MISSING.
T  INDICATES TRACE AMOUNT.




$$
