000
CDUS43 KGRB 182129
CLIGRB


CLIMATE REPORT
NATIONAL WEATHER SERVICE GREEN BAY
428 PM CDT FRI MAY 18 2018


...................................

...THE GREEN BAY WI CLIMATE SUMMARY FOR MAY 18 2018...
VALID TODAY AS OF 0400 PM LOCAL TIME.

CLIMATE NORMAL PERIOD 1981 TO 2010
CLIMATE RECORD PERIOD 1886 TO 2018


WEATHER ITEM   OBSERVED TIME   RECORD YEAR NORMAL DEPARTURE LAST
                VALUE   (LST)  VALUE       VALUE  FROM      YEAR
                                                  NORMAL
..................................................................
TEMPERATURE (F)
 TODAY
  MAXIMUM         67   1050 AM  88    1996  67      0       67
                                      1972
  MINIMUM         47    442 AM  30    2002  45      2       40
  AVERAGE         57                        56      1       54

PRECIPITATION (IN)
  TODAY            0.00          1.64 1918   0.09  -0.09     0.03
  MONTH TO DATE    3.41                      1.54   1.87     1.57
  SINCE MAR 1      9.27                      6.02   3.25     8.35
  SINCE JAN 1     11.77                      8.26   3.51    11.60

SNOWFALL (IN)
  TODAY            0.0           T    1993   0.0    0.0      0.0
                                      1915
                                      1894
  MONTH TO DATE    T                         0.2   -0.2      0.0
  SINCE MAR 1     43.7                      11.2   32.5      9.0
  SINCE JUL 1     68.1                      51.4   16.7     53.2
  SNOW DEPTH       0

DEGREE DAYS
 HEATING
  TODAY            8                        10     -2       11
  MONTH TO DATE  137                       222    -85      199
  SINCE MAR 1   2055                      1919    136     1710
  SINCE JUL 1   7509                      7759   -250     6283

 COOLING
  TODAY            0                         1     -1        0
  MONTH TO DATE    6                         1      5        8
  SINCE MAR 1      6                         3      3        8
  SINCE JAN 1      6                         3      3        8
..................................................................


WIND (MPH)
  HIGHEST WIND SPEED    20   HIGHEST WIND DIRECTION    NE (40)
  HIGHEST GUST SPEED    23   HIGHEST GUST DIRECTION    NE (30)
  AVERAGE WIND SPEED     9.9


SKY COVER
  POSSIBLE SUNSHINE  MM
  AVERAGE SKY COVER 0.0


WEATHER CONDITIONS
 THE FOLLOWING WEATHER WAS RECORDED TODAY.
  NO SIGNIFICANT WEATHER WAS OBSERVED.


RELATIVE HUMIDITY (PERCENT)
 HIGHEST    71           100 AM
 LOWEST     31          1000 AM
 AVERAGE    51

..........................................................


THE GREEN BAY WI CLIMATE NORMALS FOR TOMORROW
                         NORMAL    RECORD    YEAR
 MAXIMUM TEMPERATURE (F)   67        89      2012
 MINIMUM TEMPERATURE (F)   45        31      2002


SUNRISE AND SUNSET
MAY 18 2018...........SUNRISE   522 AM CDT   SUNSET   817 PM CDT
MAY 19 2018...........SUNRISE   521 AM CDT   SUNSET   818 PM CDT


-  INDICATES NEGATIVE NUMBERS.
R  INDICATES RECORD WAS SET OR TIED.
MM INDICATES DATA IS MISSING.
T  INDICATES TRACE AMOUNT.




$$
