000
CDUS43 KGRB 100830
CLIGRB


CLIMATE REPORT
NATIONAL WEATHER SERVICE GREEN BAY
329 AM CDT TUE APR 10 2018


...................................

...THE GREEN BAY WI CLIMATE SUMMARY FOR APRIL 9 2018...

CLIMATE NORMAL PERIOD 1981 TO 2010
CLIMATE RECORD PERIOD 1886 TO 2018


WEATHER ITEM   OBSERVED TIME   RECORD YEAR NORMAL DEPARTURE LAST
                VALUE   (LST)  VALUE       VALUE  FROM      YEAR
                                                  NORMAL
..................................................................
TEMPERATURE (F)
 YESTERDAY
  MAXIMUM         42    313 PM  76    1955  51     -9       74
                                      1945
  MINIMUM         23    529 AM  12    1928  32     -9       55
  AVERAGE         33                        41     -8       65

PRECIPITATION (IN)
  YESTERDAY        0.00          0.81 1978   0.08  -0.08     0.00
  MONTH TO DATE    0.82                      0.73   0.09     0.45
  SINCE MAR 1      1.81                      2.58  -0.77     2.75
  SINCE JAN 1      4.31                      4.82  -0.51     6.00

SNOWFALL (IN)
  YESTERDAY        0.0           4.4  1973   0.1   -0.1      0.0
  MONTH TO DATE   12.5                       1.3   11.2      0.0
  SINCE MAR 1     19.5                       9.4   10.1      9.0
  SINCE JUL 1     43.9                      49.6   -5.7     53.2
  SNOW DEPTH       4

DEGREE DAYS
 HEATING
  YESTERDAY       32                        24      8        0
  MONTH TO DATE  352                       231    121      148
  SINCE MAR 1   1387                      1291     96     1172
  SINCE JUL 1   6841                      7131   -290     5745

 COOLING
  YESTERDAY        0                         0      0        0
  MONTH TO DATE    0                         0      0        0
  SINCE MAR 1      0                         0      0        0
  SINCE JAN 1      0                         0      0        0
..................................................................


WIND (MPH)
  HIGHEST WIND SPEED    13   HIGHEST WIND DIRECTION     W (270)
  HIGHEST GUST SPEED    17   HIGHEST GUST DIRECTION     W (280)
  AVERAGE WIND SPEED     5.1


SKY COVER
  POSSIBLE SUNSHINE  MM
  AVERAGE SKY COVER 0.4


WEATHER CONDITIONS
 THE FOLLOWING WEATHER WAS RECORDED YESTERDAY.
  NO SIGNIFICANT WEATHER WAS OBSERVED.


RELATIVE HUMIDITY (PERCENT)
 HIGHEST    81           500 AM
 LOWEST     27           100 PM
 AVERAGE    54

..........................................................


THE GREEN BAY WI CLIMATE NORMALS FOR TODAY
                         NORMAL    RECORD    YEAR
 MAXIMUM TEMPERATURE (F)   51        79      1977
 MINIMUM TEMPERATURE (F)   32        18      1909


SUNRISE AND SUNSET
APRIL 10 2018.........SUNRISE   617 AM CDT   SUNSET   731 PM CDT
APRIL 11 2018.........SUNRISE   616 AM CDT   SUNSET   732 PM CDT


-  INDICATES NEGATIVE NUMBERS.
R  INDICATES RECORD WAS SET OR TIED.
MM INDICATES DATA IS MISSING.
T  INDICATES TRACE AMOUNT.




$$
