000
CDUS43 KGRB 140705
CLIGRB


CLIMATE REPORT
NATIONAL WEATHER SERVICE GREEN BAY
204 AM CDT MON MAY 14 2018


...................................

...THE GREEN BAY WI CLIMATE SUMMARY FOR MAY 13 2018...

CLIMATE NORMAL PERIOD 1981 TO 2010
CLIMATE RECORD PERIOD 1886 TO 2018


WEATHER ITEM   OBSERVED TIME   RECORD YEAR NORMAL DEPARTURE LAST
                VALUE   (LST)  VALUE       VALUE  FROM      YEAR
                                                  NORMAL
..................................................................
TEMPERATURE (F)
 YESTERDAY
  MAXIMUM         68    343 PM  88    1991  65      3       74
                                      1977
  MINIMUM         41    246 AM  30    2013  43     -2       48
                                      1997
                                      1996
  AVERAGE         55                        54      1       61

PRECIPITATION (IN)
  YESTERDAY        0.00          1.38 1978   0.09  -0.09      T
  MONTH TO DATE    3.32                      1.09   2.23     0.75
  SINCE MAR 1      9.18                      5.57   3.61     7.53
  SINCE JAN 1     11.68                      7.81   3.87    10.78

SNOWFALL (IN)
  YESTERDAY        0.0           1.0  1895   0.0    0.0      0.0
  MONTH TO DATE    T                         0.1   -0.1      0.0
  SINCE MAR 1     43.7                      11.1   32.6      9.0
  SINCE JUL 1     68.1                      51.3   16.8     53.2
  SNOW DEPTH       0

DEGREE DAYS
 HEATING
  YESTERDAY       10                        11     -1        4
  MONTH TO DATE  112                       170    -58      174
  SINCE MAR 1   2030                      1867    163     1685
  SINCE JUL 1   7484                      7707   -223     6258

 COOLING
  YESTERDAY        0                         0      0        0
  MONTH TO DATE    6                         0      6        0
  SINCE MAR 1      6                         2      4        0
  SINCE JAN 1      6                         2      4        0
..................................................................


WIND (MPH)
  HIGHEST WIND SPEED    15   HIGHEST WIND DIRECTION    SW (210)
  HIGHEST GUST SPEED    22   HIGHEST GUST DIRECTION     S (200)
  AVERAGE WIND SPEED     4.6


SKY COVER
  POSSIBLE SUNSHINE  MM
  AVERAGE SKY COVER 0.1


WEATHER CONDITIONS
 THE FOLLOWING WEATHER WAS RECORDED YESTERDAY.
  NO SIGNIFICANT WEATHER WAS OBSERVED.


RELATIVE HUMIDITY (PERCENT)
 HIGHEST    89          1200 AM
 LOWEST     43           800 AM
 AVERAGE    66

..........................................................


THE GREEN BAY WI CLIMATE NORMALS FOR TODAY
                         NORMAL    RECORD    YEAR
 MAXIMUM TEMPERATURE (F)   66        89      1991
 MINIMUM TEMPERATURE (F)   43        29      1895


SUNRISE AND SUNSET
MAY 14 2018...........SUNRISE   526 AM CDT   SUNSET   812 PM CDT
MAY 15 2018...........SUNRISE   525 AM CDT   SUNSET   813 PM CDT


-  INDICATES NEGATIVE NUMBERS.
R  INDICATES RECORD WAS SET OR TIED.
MM INDICATES DATA IS MISSING.
T  INDICATES TRACE AMOUNT.




$$
