000
CDUS43 KGRB 242156
CLIGRB


CLIMATE REPORT
NATIONAL WEATHER SERVICE GREEN BAY
455 PM CDT THU MAY 24 2018


...................................

...THE GREEN BAY WI CLIMATE SUMMARY FOR MAY 24 2018...
VALID TODAY AS OF 0400 PM LOCAL TIME.

CLIMATE NORMAL PERIOD 1981 TO 2010
CLIMATE RECORD PERIOD 1886 TO 2018


WEATHER ITEM   OBSERVED TIME   RECORD YEAR NORMAL DEPARTURE LAST
                VALUE   (LST)  VALUE       VALUE  FROM      YEAR
                                                  NORMAL
..................................................................
TEMPERATURE (F)
 TODAY
  MAXIMUM         85    259 PM  90    2010  69     16       54
  MINIMUM         55    429 AM  33    1992  47      8       49
  AVERAGE         70                        58     12       52

PRECIPITATION (IN)
  TODAY            0.00          2.05 1989   0.10  -0.10     0.05
  MONTH TO DATE    3.53                      2.14   1.39     2.55
  SINCE MAR 1      9.39                      6.62   2.77     9.33
  SINCE JAN 1     11.89                      8.86   3.03    12.58

SNOWFALL (IN)
  TODAY            0.0           0.0    MM   0.0    0.0      0.0
  MONTH TO DATE    T                         0.2   -0.2      0.0
  SINCE MAR 1     43.7                      11.2   32.5      9.0
  SINCE JUL 1     68.1                      51.4   16.7     53.2
  SNOW DEPTH       0

DEGREE DAYS
 HEATING
  TODAY            0                         8     -8       13
  MONTH TO DATE  170                       276   -106      275
  SINCE MAR 1   2088                      1973    115     1786
  SINCE JUL 1   7542                      7813   -271     6359

 COOLING
  TODAY            5                         1      4        0
  MONTH TO DATE   14                         7      7        8
  SINCE MAR 1     14                         9      5        8
  SINCE JAN 1     14                         9      5        8
..................................................................


WIND (MPH)
  HIGHEST WIND SPEED    15   HIGHEST WIND DIRECTION    SW (210)
  HIGHEST GUST SPEED    22   HIGHEST GUST DIRECTION     S (200)
  AVERAGE WIND SPEED     6.1


SKY COVER
  POSSIBLE SUNSHINE  MM
  AVERAGE SKY COVER 0.1


WEATHER CONDITIONS
 THE FOLLOWING WEATHER WAS RECORDED TODAY.
  NO SIGNIFICANT WEATHER WAS OBSERVED.


RELATIVE HUMIDITY (PERCENT)
 HIGHEST    86           300 AM
 LOWEST     43          1200 PM
 AVERAGE    65

..........................................................


THE GREEN BAY WI CLIMATE NORMALS FOR TOMORROW
                         NORMAL    RECORD    YEAR
 MAXIMUM TEMPERATURE (F)   69        88      1911
 MINIMUM TEMPERATURE (F)   47        32      1988


SUNRISE AND SUNSET
MAY 24 2018...........SUNRISE   516 AM CDT   SUNSET   823 PM CDT
MAY 25 2018...........SUNRISE   516 AM CDT   SUNSET   824 PM CDT


-  INDICATES NEGATIVE NUMBERS.
R  INDICATES RECORD WAS SET OR TIED.
MM INDICATES DATA IS MISSING.
T  INDICATES TRACE AMOUNT.




$$
