000
CDUS43 KGRB 110646
CLIGRB


CLIMATE REPORT
NATIONAL WEATHER SERVICE GREEN BAY
146 AM CDT WED APR 11 2018


...................................

...THE GREEN BAY WI CLIMATE SUMMARY FOR APRIL 10 2018...

CLIMATE NORMAL PERIOD 1981 TO 2010
CLIMATE RECORD PERIOD 1886 TO 2018


WEATHER ITEM   OBSERVED TIME   RECORD YEAR NORMAL DEPARTURE LAST
                VALUE   (LST)  VALUE       VALUE  FROM      YEAR
                                                  NORMAL
..................................................................
TEMPERATURE (F)
 YESTERDAY
  MAXIMUM         41   1156 AM  79    1977  51    -10       66
  MINIMUM         26    543 AM  18    1909  32     -6       36
  AVERAGE         34                        42     -8       51

PRECIPITATION (IN)
  YESTERDAY        0.00          1.44 1953   0.09  -0.09     0.15
  MONTH TO DATE    0.82                      0.82   0.00     0.60
  SINCE MAR 1      1.81                      2.67  -0.86     2.90
  SINCE JAN 1      4.31                      4.91  -0.60     6.15

SNOWFALL (IN)
  YESTERDAY        0.0           8.0  1894   0.1   -0.1      0.0
  MONTH TO DATE   12.5                       1.4   11.1      0.0
  SINCE MAR 1     19.5                       9.5   10.0      9.0
  SINCE JUL 1     43.9                      49.7   -5.8     53.2
  SNOW DEPTH       2

DEGREE DAYS
 HEATING
  YESTERDAY       31                        23      8       14
  MONTH TO DATE  383                       254    129      162
  SINCE MAR 1   1418                      1314    104     1186
  SINCE JUL 1   6872                      7154   -282     5759

 COOLING
  YESTERDAY        0                         0      0        0
  MONTH TO DATE    0                         0      0        0
  SINCE MAR 1      0                         0      0        0
  SINCE JAN 1      0                         0      0        0
..................................................................


WIND (MPH)
  HIGHEST WIND SPEED    21   HIGHEST WIND DIRECTION     W (260)
  HIGHEST GUST SPEED    25   HIGHEST GUST DIRECTION     W (260)
  AVERAGE WIND SPEED     9.2


SKY COVER
  POSSIBLE SUNSHINE  MM
  AVERAGE SKY COVER 0.4


WEATHER CONDITIONS
 THE FOLLOWING WEATHER WAS RECORDED YESTERDAY.
  HAZE


RELATIVE HUMIDITY (PERCENT)
 HIGHEST    75           500 AM
 LOWEST     48           100 PM
 AVERAGE    62

..........................................................


THE GREEN BAY WI CLIMATE NORMALS FOR TODAY
                         NORMAL    RECORD    YEAR
 MAXIMUM TEMPERATURE (F)   52        82      1977
 MINIMUM TEMPERATURE (F)   32        18      1973


SUNRISE AND SUNSET
APRIL 11 2018.........SUNRISE   616 AM CDT   SUNSET   732 PM CDT
APRIL 12 2018.........SUNRISE   614 AM CDT   SUNSET   734 PM CDT


-  INDICATES NEGATIVE NUMBERS.
R  INDICATES RECORD WAS SET OR TIED.
MM INDICATES DATA IS MISSING.
T  INDICATES TRACE AMOUNT.




$$
