306
CDUS43 KGRB 152141
CLIGRB


CLIMATE REPORT
NATIONAL WEATHER SERVICE GREEN BAY
440 PM CDT SUN APR 15 2018


...................................

...THE GREEN BAY WI CLIMATE SUMMARY FOR APRIL 15 2018...
VALID TODAY AS OF 0400 PM LOCAL TIME.

CLIMATE NORMAL PERIOD 1981 TO 2010
CLIMATE RECORD PERIOD 1886 TO 2018


WEATHER ITEM   OBSERVED TIME   RECORD YEAR NORMAL DEPARTURE LAST
                VALUE   (LST)  VALUE       VALUE  FROM      YEAR
                                                  NORMAL
..................................................................
TEMPERATURE (F)
 TODAY
  MAXIMUM         28    259 PM  84    2002  54    -26       74
                                      1896
  MINIMUM         25    119 PM  14    1928  34     -9       50
  AVERAGE         27                        44    -17       62

PRECIPITATION (IN)
  TODAY            0.95          1.18 2017   0.09   0.86     1.18
  MONTH TO DATE    4.75                      1.28   3.47     1.96
  SINCE MAR 1      5.74                      3.13   2.61     4.26
  SINCE JAN 1      8.24                      5.37   2.87     7.51

SNOWFALL (IN)
  TODAY            9.7          10.0  1904   0.1    9.6      0.0
  MONTH TO DATE   35.7                       2.0   33.7      0.0
  SINCE MAR 1     42.7                      10.1   32.6      9.0
  SINCE JUL 1     67.1                      50.3   16.8     53.2
  SNOW DEPTH      20

DEGREE DAYS
 HEATING
  TODAY           38                        21     17        3
  MONTH TO DATE  539                       365    174      248
  SINCE MAR 1   1574                      1425    149     1272
  SINCE JUL 1   7028                      7265   -237     5845

 COOLING
  TODAY            0                         0      0        0
  MONTH TO DATE    0                         0      0        0
  SINCE MAR 1      0                         0      0        0
  SINCE JAN 1      0                         0      0        0
..................................................................


WIND (MPH)
  HIGHEST WIND SPEED    40   HIGHEST WIND DIRECTION    NE (40)
  HIGHEST GUST SPEED    51   HIGHEST GUST DIRECTION    NE (40)
  AVERAGE WIND SPEED    27.0


SKY COVER
  POSSIBLE SUNSHINE  MM
  AVERAGE SKY COVER 1.0


WEATHER CONDITIONS
 THE FOLLOWING WEATHER WAS RECORDED TODAY.
  HEAVY SNOW
  SNOW
  LIGHT SNOW
  FOG
  FOG W/VISIBILITY <= 1/4 MILE
  BLOWING SNOW


RELATIVE HUMIDITY (PERCENT)
 HIGHEST    88           200 AM
 LOWEST     81          1200 AM
 AVERAGE    85

..........................................................


THE GREEN BAY WI CLIMATE NORMALS FOR TOMORROW
                         NORMAL    RECORD    YEAR
 MAXIMUM TEMPERATURE (F)   54        84      1896
 MINIMUM TEMPERATURE (F)   34        14      1904


SUNRISE AND SUNSET
APRIL 15 2018.........SUNRISE   609 AM CDT   SUNSET   737 PM CDT
APRIL 16 2018.........SUNRISE   607 AM CDT   SUNSET   739 PM CDT


-  INDICATES NEGATIVE NUMBERS.
R  INDICATES RECORD WAS SET OR TIED.
MM INDICATES DATA IS MISSING.
T  INDICATES TRACE AMOUNT.




$$
