000
CDUS43 KGRB 200730
CLIGRB


CLIMATE REPORT
NATIONAL WEATHER SERVICE GREEN BAY
228 AM CDT FRI APR 20 2018


...................................

...THE GREEN BAY WI CLIMATE SUMMARY FOR APRIL 19 2018...

CLIMATE NORMAL PERIOD 1981 TO 2010
CLIMATE RECORD PERIOD 1886 TO 2018


WEATHER ITEM   OBSERVED TIME   RECORD YEAR NORMAL DEPARTURE LAST
                VALUE   (LST)  VALUE       VALUE  FROM      YEAR
                                                  NORMAL
..................................................................
TEMPERATURE (F)
 YESTERDAY
  MAXIMUM         52    456 PM  80    2005  56     -4       61
                                      1915
  MINIMUM         27   1159 PM  17    1897  35     -8       41
  AVERAGE         40                        45     -5       51

PRECIPITATION (IN)
  YESTERDAY        0.00          1.40 1898   0.09  -0.09     0.12
  MONTH TO DATE    4.85                      1.65   3.20     2.10
  SINCE MAR 1      5.84                      3.50   2.34     4.40
  SINCE JAN 1      8.34                      5.74   2.60     7.65

SNOWFALL (IN)
  YESTERDAY        0.0           9.9  2011   0.1   -0.1      0.0
  MONTH TO DATE   36.7                       2.4   34.3      0.0
  SINCE MAR 1     43.7                      10.5   33.2      9.0
  SINCE JUL 1     68.1                      50.7   17.4     53.2
  SNOW DEPTH      12

DEGREE DAYS
 HEATING
  YESTERDAY       25                        20      5       14
  MONTH TO DATE  664                       446    218      305
  SINCE MAR 1   1699                      1506    193     1329
  SINCE JUL 1   7153                      7346   -193     5902

 COOLING
  YESTERDAY        0                         0      0        0
  MONTH TO DATE    0                         0      0        0
  SINCE MAR 1      0                         0      0        0
  SINCE JAN 1      0                         0      0        0
..................................................................


WIND (MPH)
  HIGHEST WIND SPEED    18   HIGHEST WIND DIRECTION     N (360)
  HIGHEST GUST SPEED    22   HIGHEST GUST DIRECTION     N (360)
  AVERAGE WIND SPEED     7.8


SKY COVER
  POSSIBLE SUNSHINE  MM
  AVERAGE SKY COVER 0.0


WEATHER CONDITIONS
 THE FOLLOWING WEATHER WAS RECORDED YESTERDAY.
  NO SIGNIFICANT WEATHER WAS OBSERVED.


RELATIVE HUMIDITY (PERCENT)
 HIGHEST    72          1100 PM
 LOWEST     24           500 PM
 AVERAGE    48

..........................................................


THE GREEN BAY WI CLIMATE NORMALS FOR TODAY
                         NORMAL    RECORD    YEAR
 MAXIMUM TEMPERATURE (F)   56        84      1987
 MINIMUM TEMPERATURE (F)   36        20      1904


SUNRISE AND SUNSET
APRIL 20 2018.........SUNRISE   600 AM CDT   SUNSET   743 PM CDT
APRIL 21 2018.........SUNRISE   559 AM CDT   SUNSET   745 PM CDT


-  INDICATES NEGATIVE NUMBERS.
R  INDICATES RECORD WAS SET OR TIED.
MM INDICATES DATA IS MISSING.
T  INDICATES TRACE AMOUNT.

$$
