143
CDUS43 KGRB 150654
CLIGRB


CLIMATE REPORT
NATIONAL WEATHER SERVICE GREEN BAY
153 AM CDT SUN APR 15 2018


...................................

...THE GREEN BAY WI CLIMATE SUMMARY FOR APRIL 14 2018...

CLIMATE NORMAL PERIOD 1981 TO 2010
CLIMATE RECORD PERIOD 1886 TO 2018


WEATHER ITEM   OBSERVED TIME   RECORD YEAR NORMAL DEPARTURE LAST
                VALUE   (LST)  VALUE       VALUE  FROM      YEAR
                                                  NORMAL
..................................................................
TEMPERATURE (F)
 YESTERDAY
  MAXIMUM         31    311 AM  81    2003  53    -22       60
  MINIMUM         24    533 PM  16    1928  33     -9       36
  AVERAGE         28                        43    -15       48

PRECIPITATION (IN)
  YESTERDAY        1.18R         0.99 1987   0.09   1.09     0.01
  MONTH TO DATE    3.80                      1.19   2.61     0.78
  SINCE MAR 1      4.79                      3.04   1.75     3.08
  SINCE JAN 1      7.29                      5.28   2.01     6.33

SNOWFALL (IN)
  YESTERDAY       11.0 R         6.2  1928   0.1   10.9     MM
  MONTH TO DATE   26.0                       1.9   24.1      0.0
  SINCE MAR 1     33.0                      10.0   23.0      9.0
  SINCE JUL 1     57.4                      50.2    7.2     53.2
  SNOW DEPTH      11

DEGREE DAYS
 HEATING
  YESTERDAY       37                        22     15       17
  MONTH TO DATE  501                       344    157      245
  SINCE MAR 1   1536                      1404    132     1269
  SINCE JUL 1   6990                      7244   -254     5842

 COOLING
  YESTERDAY        0                         0      0        0
  MONTH TO DATE    0                         0      0        0
  SINCE MAR 1      0                         0      0        0
  SINCE JAN 1      0                         0      0        0
..................................................................


WIND (MPH)
  HIGHEST WIND SPEED    44   HIGHEST WIND DIRECTION    NE (50)
  HIGHEST GUST SPEED    49   HIGHEST GUST DIRECTION    NE (50)
  AVERAGE WIND SPEED    29.0


SKY COVER
  POSSIBLE SUNSHINE  MM
  AVERAGE SKY COVER 1.0


WEATHER CONDITIONS
 THE FOLLOWING WEATHER WAS RECORDED YESTERDAY.
  HEAVY SNOW
  SNOW
  LIGHT SNOW
  SLEET
  FOG
  FOG W/VISIBILITY <= 1/4 MILE
  BLOWING SNOW


RELATIVE HUMIDITY (PERCENT)
 HIGHEST    92          1200 AM
 LOWEST     75           800 PM
 AVERAGE    84

..........................................................


THE GREEN BAY WI CLIMATE NORMALS FOR TODAY
                         NORMAL    RECORD    YEAR
 MAXIMUM TEMPERATURE (F)   54        84      2002
                                             1896
 MINIMUM TEMPERATURE (F)   34        14      1928


SUNRISE AND SUNSET
APRIL 15 2018.........SUNRISE   609 AM CDT   SUNSET   737 PM CDT
APRIL 16 2018.........SUNRISE   607 AM CDT   SUNSET   739 PM CDT


-  INDICATES NEGATIVE NUMBERS.
R  INDICATES RECORD WAS SET OR TIED.
MM INDICATES DATA IS MISSING.
T  INDICATES TRACE AMOUNT.




$$
