357
CDUS43 KGRB 130703
CLIGRB


CLIMATE REPORT
NATIONAL WEATHER SERVICE GREEN BAY
202 AM CDT FRI APR 13 2018


...................................

...THE GREEN BAY WI CLIMATE SUMMARY FOR APRIL 12 2018...

CLIMATE NORMAL PERIOD 1981 TO 2010
CLIMATE RECORD PERIOD 1886 TO 2018


WEATHER ITEM   OBSERVED TIME   RECORD YEAR NORMAL DEPARTURE LAST
                VALUE   (LST)  VALUE       VALUE  FROM      YEAR
                                                  NORMAL
..................................................................
TEMPERATURE (F)
 YESTERDAY
  MAXIMUM         46    347 PM  80    1977  52     -6       54
  MINIMUM         36   1159 PM  17    1939  33      3       32
  AVERAGE         41                        42     -1       43

PRECIPITATION (IN)
  YESTERDAY        0.25          0.85 1900   0.09   0.16     0.01
  MONTH TO DATE    1.09                      1.00   0.09     0.66
  SINCE MAR 1      2.08                      2.85  -0.77     2.96
  SINCE JAN 1      4.58                      5.09  -0.51     6.21

SNOWFALL (IN)
  YESTERDAY        0.0           6.5  1900   0.1   -0.1      0.0
  MONTH TO DATE   12.5                       1.7   10.8      0.0
  SINCE MAR 1     19.5                       9.8    9.7      9.0
  SINCE JUL 1     43.9                      50.0   -6.1     53.2
  SNOW DEPTH       0

DEGREE DAYS
 HEATING
  YESTERDAY       24                        23      1       22
  MONTH TO DATE  432                       300    132      209
  SINCE MAR 1   1467                      1360    107     1233
  SINCE JUL 1   6921                      7200   -279     5806

 COOLING
  YESTERDAY        0                         0      0        0
  MONTH TO DATE    0                         0      0        0
  SINCE MAR 1      0                         0      0        0
  SINCE JAN 1      0                         0      0        0
..................................................................


WIND (MPH)
  HIGHEST WIND SPEED    13   HIGHEST WIND DIRECTION    NW (330)
  HIGHEST GUST SPEED    16   HIGHEST GUST DIRECTION    NW (330)
  AVERAGE WIND SPEED     7.4


SKY COVER
  POSSIBLE SUNSHINE  MM
  AVERAGE SKY COVER 0.9


WEATHER CONDITIONS
 THE FOLLOWING WEATHER WAS RECORDED YESTERDAY.
  RAIN
  LIGHT RAIN
  FOG
  FOG W/VISIBILITY <= 1/4 MILE


RELATIVE HUMIDITY (PERCENT)
 HIGHEST    92           100 AM
 LOWEST     76           400 PM
 AVERAGE    84

..........................................................


THE GREEN BAY WI CLIMATE NORMALS FOR TODAY
                         NORMAL    RECORD    YEAR
 MAXIMUM TEMPERATURE (F)   53        78      1938
 MINIMUM TEMPERATURE (F)   33        18      1950


SUNRISE AND SUNSET
APRIL 13 2018.........SUNRISE   612 AM CDT   SUNSET   735 PM CDT
APRIL 14 2018.........SUNRISE   610 AM CDT   SUNSET   736 PM CDT


-  INDICATES NEGATIVE NUMBERS.
R  INDICATES RECORD WAS SET OR TIED.
MM INDICATES DATA IS MISSING.
T  INDICATES TRACE AMOUNT.




$$
