000
CDUS43 KGRB 030729
CLIGRB


CLIMATE REPORT
NATIONAL WEATHER SERVICE GREEN BAY
228 AM CDT TUE APR 3 2018


...................................

...THE GREEN BAY WI CLIMATE SUMMARY FOR APRIL 2 2018...

CLIMATE NORMAL PERIOD 1981 TO 2010
CLIMATE RECORD PERIOD 1886 TO 2018


WEATHER ITEM   OBSERVED TIME   RECORD YEAR NORMAL DEPARTURE LAST
                VALUE   (LST)  VALUE       VALUE  FROM      YEAR
                                                  NORMAL
..................................................................
TEMPERATURE (F)
 YESTERDAY
  MAXIMUM         38    400 PM  80    1963  47     -9       58
  MINIMUM         21    621 AM  11    1954  29     -8       37
                                      1896
  AVERAGE         30                        38     -8       48

PRECIPITATION (IN)
  YESTERDAY        0.01          0.89 1977   0.08  -0.07     0.09
  MONTH TO DATE    0.01                      0.16  -0.15     0.09
  SINCE MAR 1      1.00                      2.01  -1.01     2.39
  SINCE JAN 1      3.50                      4.25  -0.75     5.64

SNOWFALL (IN)
  YESTERDAY       MM             3.7  1979   0.1   MM        0.0
  MONTH TO DATE    0.0                       0.3   -0.3      0.0
  SINCE MAR 1      7.0                       8.4   -1.4      9.0
  SINCE JUL 1     31.4                      48.6  -17.2     53.2
  SNOW DEPTH       0

DEGREE DAYS
 HEATING
  YESTERDAY       35                        27      8       17
  MONTH TO DATE   76                        54     22       35
  SINCE MAR 1   1111                      1114     -3     1059
  SINCE JUL 1   6565                      6954   -389     5632

 COOLING
  YESTERDAY        0                         0      0        0
  MONTH TO DATE    0                         0      0        0
  SINCE MAR 1      0                         0      0        0
  SINCE JAN 1      0                         0      0        0
..................................................................


WIND (MPH)
  HIGHEST WIND SPEED    16   HIGHEST WIND DIRECTION    NE (40)
  HIGHEST GUST SPEED    19   HIGHEST GUST DIRECTION    NE (40)
  AVERAGE WIND SPEED     6.4


SKY COVER
  POSSIBLE SUNSHINE  MM
  AVERAGE SKY COVER 0.4


WEATHER CONDITIONS
 THE FOLLOWING WEATHER WAS RECORDED YESTERDAY.
  LIGHT SNOW
  FOG


RELATIVE HUMIDITY (PERCENT)
 HIGHEST    77           500 AM
 LOWEST     37           400 PM
 AVERAGE    57

..........................................................


THE GREEN BAY WI CLIMATE NORMALS FOR TODAY
                         NORMAL    RECORD    YEAR
 MAXIMUM TEMPERATURE (F)   48        75      1921
 MINIMUM TEMPERATURE (F)   29         7      1954


SUNRISE AND SUNSET
APRIL  3 2018.........SUNRISE   630 AM CDT   SUNSET   722 PM CDT
APRIL  4 2018.........SUNRISE   628 AM CDT   SUNSET   724 PM CDT


-  INDICATES NEGATIVE NUMBERS.
R  INDICATES RECORD WAS SET OR TIED.
MM INDICATES DATA IS MISSING.
T  INDICATES TRACE AMOUNT.




$$
