000
CDUS43 KGRB 230632
CLIGRB


CLIMATE REPORT
NATIONAL WEATHER SERVICE GREEN BAY
131 AM CDT WED MAY 23 2018


...................................

...THE GREEN BAY WI CLIMATE SUMMARY FOR MAY 22 2018...

CLIMATE NORMAL PERIOD 1981 TO 2010
CLIMATE RECORD PERIOD 1886 TO 2018


WEATHER ITEM   OBSERVED TIME   RECORD YEAR NORMAL DEPARTURE LAST
                VALUE   (LST)  VALUE       VALUE  FROM      YEAR
                                                  NORMAL
..................................................................
TEMPERATURE (F)
 YESTERDAY
  MAXIMUM         76    406 PM  91    1921  68      8       69
  MINIMUM         51    520 AM  29    1967  46      5       48
  AVERAGE         64                        57      7       59

PRECIPITATION (IN)
  YESTERDAY        T             1.54 1970   0.10  -0.10     0.01
  MONTH TO DATE    3.53                      1.94   1.59     2.11
  SINCE MAR 1      9.39                      6.42   2.97     8.89
  SINCE JAN 1     11.89                      8.66   3.23    12.14

SNOWFALL (IN)
  YESTERDAY        0.0           0.0    MM   0.0    0.0      0.0
  MONTH TO DATE    T                         0.2   -0.2      0.0
  SINCE MAR 1     43.7                      11.2   32.5      9.0
  SINCE JUL 1     68.1                      51.4   16.7     53.2
  SNOW DEPTH       0

DEGREE DAYS
 HEATING
  YESTERDAY        1                         9     -8        6
  MONTH TO DATE  170                       259    -89      250
  SINCE MAR 1   2088                      1956    132     1761
  SINCE JUL 1   7542                      7796   -254     6334

 COOLING
  YESTERDAY        0                         1     -1        0
  MONTH TO DATE    6                         5      1        8
  SINCE MAR 1      6                         7     -1        8
  SINCE JAN 1      6                         7     -1        8
..................................................................


WIND (MPH)
  HIGHEST WIND SPEED    12   HIGHEST WIND DIRECTION     S (200)
  HIGHEST GUST SPEED    16   HIGHEST GUST DIRECTION     W (280)
  AVERAGE WIND SPEED     4.1


SKY COVER
  POSSIBLE SUNSHINE  MM
  AVERAGE SKY COVER 0.6


WEATHER CONDITIONS
 THE FOLLOWING WEATHER WAS RECORDED YESTERDAY.
  LIGHT RAIN
  FOG


RELATIVE HUMIDITY (PERCENT)
 HIGHEST    93           800 AM
 LOWEST     54           400 PM
 AVERAGE    74

..........................................................


THE GREEN BAY WI CLIMATE NORMALS FOR TODAY
                         NORMAL    RECORD    YEAR
 MAXIMUM TEMPERATURE (F)   68        88      2010
 MINIMUM TEMPERATURE (F)   46        29      1963
                                             1958


SUNRISE AND SUNSET
MAY 23 2018...........SUNRISE   517 AM CDT   SUNSET   822 PM CDT
MAY 24 2018...........SUNRISE   516 AM CDT   SUNSET   823 PM CDT


-  INDICATES NEGATIVE NUMBERS.
R  INDICATES RECORD WAS SET OR TIED.
MM INDICATES DATA IS MISSING.
T  INDICATES TRACE AMOUNT.




$$
