000
CDUS43 KGRB 190732
CLIGRB


CLIMATE REPORT
NATIONAL WEATHER SERVICE GREEN BAY
230 AM CDT THU APR 19 2018


...................................

...THE GREEN BAY WI CLIMATE SUMMARY FOR APRIL 18 2018...

CLIMATE NORMAL PERIOD 1981 TO 2010
CLIMATE RECORD PERIOD 1886 TO 2018


WEATHER ITEM   OBSERVED TIME   RECORD YEAR NORMAL DEPARTURE LAST
                VALUE   (LST)  VALUE       VALUE  FROM      YEAR
                                                  NORMAL
..................................................................
TEMPERATURE (F)
 YESTERDAY
  MAXIMUM         36    858 PM  83    1994  55    -19       62
  MINIMUM         31    343 AM  17    1960  35     -4       37
  AVERAGE         34                        45    -11       50

PRECIPITATION (IN)
  YESTERDAY        0.00          1.04 1995   0.09  -0.09      T
  MONTH TO DATE    4.85                      1.56   3.29     1.98
  SINCE MAR 1      5.84                      3.41   2.43     4.28
  SINCE JAN 1      8.34                      5.65   2.69     7.53

SNOWFALL (IN)
  YESTERDAY        0.0           1.2  1940   0.1   -0.1      0.0
  MONTH TO DATE   36.7                       2.3   34.4      0.0
  SINCE MAR 1     43.7                      10.4   33.3      9.0
  SINCE JUL 1     68.1                      50.6   17.5     53.2
  SNOW DEPTH      13

DEGREE DAYS
 HEATING
  YESTERDAY       31                        20     11       15
  MONTH TO DATE  639                       426    213      291
  SINCE MAR 1   1674                      1486    188     1315
  SINCE JUL 1   7128                      7326   -198     5888

 COOLING
  YESTERDAY        0                         0      0        0
  MONTH TO DATE    0                         0      0        0
  SINCE MAR 1      0                         0      0        0
  SINCE JAN 1      0                         0      0        0
..................................................................


WIND (MPH)
  HIGHEST WIND SPEED    25   HIGHEST WIND DIRECTION    NE (40)
  HIGHEST GUST SPEED    32   HIGHEST GUST DIRECTION    NE (40)
  AVERAGE WIND SPEED    14.1


SKY COVER
  POSSIBLE SUNSHINE  MM
  AVERAGE SKY COVER 0.8


WEATHER CONDITIONS
 THE FOLLOWING WEATHER WAS RECORDED YESTERDAY.
  NO SIGNIFICANT WEATHER WAS OBSERVED.


RELATIVE HUMIDITY (PERCENT)
 HIGHEST    78           800 AM
 LOWEST     56          1100 PM
 AVERAGE    67

..........................................................


THE GREEN BAY WI CLIMATE NORMALS FOR TODAY
                         NORMAL    RECORD    YEAR
 MAXIMUM TEMPERATURE (F)   56        80      2005
                                             1915
 MINIMUM TEMPERATURE (F)   35        17      1897


SUNRISE AND SUNSET
APRIL 19 2018.........SUNRISE   602 AM CDT   SUNSET   742 PM CDT
APRIL 20 2018.........SUNRISE   600 AM CDT   SUNSET   743 PM CDT


-  INDICATES NEGATIVE NUMBERS.
R  INDICATES RECORD WAS SET OR TIED.
MM INDICATES DATA IS MISSING.
T  INDICATES TRACE AMOUNT.

$$
