000
CXUS53 KGRR 010910
CF6GRR
PRELIMINARY LOCAL CLIMATOLOGICAL DATA (WS FORM: F-6)
STATION: GRAND RAPIDS
MONTH: MARCH
YEAR: 2022
LATITUDE: 42 52 N
LONGITUDE: 85 31 W
TEMPERATURE IN F: :PCPN: SNOW: WIND :SUNSHINE: SKY :PK WND
================================================================================
1 2 3 4 5 6A 6B 7 8 9 10 11 12 13 14 15 16 17 18
12Z AVG MX 2MIN
DY MAX MIN AVG DEP HDD CDD WTR SNW DPTH SPD SPD DIR MIN PSBL S-S WX SPD DR
================================================================================
1 46 27 37 7 28 0 0.00 0.0 0 9.0 17 310 M M 4 24 290
2 41 20 31 0 34 0 0.01 0.1 0 7.6 17 20 M M 7 1 23 360
3 33 17 25 -6 40 0 0.00 0.0 0 7.3 16 10 M M 4 22 10
4 42 15 29 -2 36 0 0.00 0.0 0 2.8 10 100 M M 6 13 90
5 64 32 48 16 17 0 0.01 0.0 0 13.1 30 190 M M 7 38 200
6 58 35 47 15 18 0 0.23 0.0 0 20.4 47 250 M M 9 1 62 260
7 35 31 33 1 32 0 0.39 2.4 1 9.4 21 300 M M 10 16 29 290
8 37 24 31 -2 34 0 0.01 0.1 1 8.4 17 190 M M 8 25 200
9 39 26 33 0 32 0 0.00 0.0 1 10.0 22 260 M M 5 1 28 260
10 32 20 26 -8 39 0 0.02 0.2 0 7.4 14 300 M M 7 1 20 290
11 31 18 25 -9 40 0 0.10 1.6 1 10.3 28 250 M M 9 129 36 300
12 18 12 15 -19 50 0 T 0.1 1 13.3 23 290 M M 6 1 31 320
13 40 15 28 -6 37 0 0.04 0.8 1 12.8 26 240 M M 6 1 33 240
14 54 29 42 7 23 0 0.00 0.0 0 8.3 22 250 M M 9 26 260
15 50 32 41 6 24 0 0.00 0.0 0 6.2 15 80 M M 6 18 20 80
16 65 28 47 11 18 0 0.00 0.0 0 7.0 18 240 M M 5 18 22 230
17 67 44 56 20 9 0 0.00 0.0 0 8.3 15 270 M M 7 20 250
18 51 38 45 9 20 0 0.28 0.0 0 14.9 26 50 M M 9 13 35 40
19 43 37 40 3 25 0 0.07 0.0 0 9.6 17 300 M M 10 1 24 310
20 56 30 43 6 22 0 0.00 0.0 0 6.3 16 250 M M 3 1 20 270
21 62 30 46 9 19 0 0.00 0.0 0 9.3 23 70 M M 6 31 80
22 46 37 42 4 23 0 0.12 0.0 0 19.0 28 100 M M 8 1 36 100
23 47 39 43 5 22 0 0.26 0.0 0 14.3 26 100 M M 10 13 36 90
24 48 33 41 2 24 0 0.25 T 0 13.6 21 240 M M 10 1 29 210
25 46 33 40 1 25 0 0.15 0.2 0 13.7 28 250 M M 9 1 34 250
26 34 25 30 -9 35 0 0.05 0.5 T 15.4 24 300 M M 10 18 33 300
27 29 20 25 -15 40 0 T T T 13.8 23 330 M M 7 34 290
28 33 17 25 -15 40 0 0.00 0.0 0 9.0 18 320 M M 4 31 310
29 41 16 29 -11 36 0 0.03 T 0 11.6 22 130 M M 6 45 30 120
30 58 33 46 5 19 0 1.13 0.0 0 12.6 23 120 M M 10 16 33 140
31 56 32 44 3 21 0 0.35 T 0 15.3 36 240 M M 10 1 47 250
================================================================================
SM 1402 845 882 0 3.50 6.0 340.0 M 227
================================================================================
AV 45.2 27.3 11.0 FASTST M M 7 MAX(MPH)
MISC ----> 47 250 62 260
================================================================================
NOTES:
# LAST OF SEVERAL OCCURRENCES
COLUMN 17 PEAK WIND IN M.P.H.
PRELIMINARY LOCAL CLIMATOLOGICAL DATA (WS FORM: F-6) , PAGE 2
STATION: GRAND RAPIDS
MONTH: MARCH
YEAR: 2022
LATITUDE: 42 52 N
LONGITUDE: 85 31 W
[TEMPERATURE DATA] [PRECIPITATION DATA] SYMBOLS USED IN COLUMN 16
AVERAGE MONTHLY: 36.2 TOTAL FOR MONTH: 3.50 1 = FOG OR MIST
DPTR FM NORMAL: 0.5 DPTR FM NORMAL: 1.11 2 = FOG REDUCING VISIBILITY
HIGHEST: 67 ON 17 GRTST 24HR 1.41 ON 30-31 TO 1/4 MILE OR LESS
LOWEST: 12 ON 12 3 = THUNDER
SNOW, ICE PELLETS, HAIL 4 = ICE PELLETS
TOTAL MONTH: 6.0 INCHES 5 = HAIL
GRTST 24HR 2.4 ON 7- 7 6 = FREEZING RAIN OR DRIZZLE
GRTST DEPTH: 1 ON 13,12 7 = DUSTSTORM OR SANDSTORM:
VSBY 1/2 MILE OR LESS
8 = SMOKE OR HAZE
[NO. OF DAYS WITH] [WEATHER - DAYS WITH] 9 = BLOWING SNOW
X = TORNADO
MAX 32 OR BELOW: 4 0.01 INCH OR MORE: 18
MAX 90 OR ABOVE: 0 0.10 INCH OR MORE: 10
MIN 32 OR BELOW: 22 0.50 INCH OR MORE: 1
MIN 0 OR BELOW: 0 1.00 INCH OR MORE: 1
[HDD (BASE 65) ]
TOTAL THIS MO. 882 CLEAR (SCALE 0-3) 1
DPTR FM NORMAL -28 PTCLDY (SCALE 4-7) 18
TOTAL FM JUL 1 5428 CLOUDY (SCALE 8-10) 12
DPTR FM NORMAL -188
[CDD (BASE 65) ]
TOTAL THIS MO. 0
DPTR FM NORMAL -1 [PRESSURE DATA]
TOTAL FM JAN 1 0 HIGHEST SLP 30.51 ON 4
DPTR FM NORMAL -1 LOWEST SLP 28.99 ON 31
[REMARKS]
#FINAL-03-22#