000
CXGM50 PGUM 010030
CF6GSN
PRELIMINARY LOCAL CLIMATOLOGICAL DATA (WS FORM: F-6)
STATION: SAIPAN/ISLEY_(CGS) MP
MONTH: OCTOBER
YEAR: 2023
LATITUDE: 15 7 N
LONGITUDE: 145-44 E
TEMPERATURE IN F: :PCPN: SNOW: WIND :SUNSHINE: SKY :PK WND
================================================================================
1 2 3 4 5 6A 6B 7 8 9 10 11 12 13 14 15 16 17 18
12Z AVG MX 2MIN
DY MAX MIN AVG DEP HDD CDD WTR SNW DPTH SPD SPD DIR MIN PSBL S-S WX SPD DR
================================================================================
1 87 77 82 0 0 17 1.01 0.0 0 7.5 15 60 M M 5 20 110
2 89 80 85 3 0 20 0.20 0.0 0 12.3 24 80 M M 4 33 90
3 89 81 85 3 0 20 0.02 0.0 0 12.9 21 70 M M 4 29 70
4 89 78 84 2 0 19 0.56 0.0 0 13.4 24 90 M M 5 30 70
5 86 77 82 0 0 17 0.38 0.0 0 12.5 22 100 M M 5 31 110
6 88 77 83 1 0 18 0.22 0.0 0 10.7 24 120 M M 3 36 70
7 89 76 83 1 0 18 0.15 0.0 0 14.1 22 80 M M 5 30 80
8 89 79 84 2 0 19 0.13 0.0 0 14.7 23 100 M M 4 32 90
9 89 80 85 3 0 20 0.05 0.0 0 17.8 26 60 M M 4 36 50
10 85 78 82 0 0 17 1.90 0.0 0 28.8 51 100 M M 9 71 80
11 86 79 83 1 0 18 0.67 0.0 0 21.7 36 190 M M 9 55 180
12 86 81 84 2 0 19 0.04 0.0 0 16.9 23 200 M M 9 34 190
13 83 77 80 -2 0 15 0.60 0.0 0 13.5 24 190 M M 7 39 190
14 87 79 83 1 0 18 0.03 0.0 0 6.6 12 270 M M 6 16 280
15 87 77 82 0 0 17 0.00 0.0 0 4.7 12 220 M M 4 25 200
16 86 77 82 0 0 17 0.03 0.0 0 5.5 10 110 M M 2 19 160
17 87 77 82 0 0 17 0.04 0.0 0 8.9 22 100 M M 3 29 100
18 89 78 84 2 0 19 0.01 0.0 0 10.6 21 100 M M 3 32 100
19 89 79 84 2 0 19 0.01 0.0 0 11.4 20 90 M M 4 26 80
20 88 76 82 0 0 17 0.13 0.0 0 9.2 24 70 M M 3 31 70
21 88 78 83 1 0 18 0.17 0.0 0 11.4 20 100 M M 3 28 80
22 88 81 85 3 0 20 0.02 0.0 0 14.6 20 70 M M 3 26 70
23 89 80 85 3 0 20 0.00 0.0 0 15.8 21 70 M M 4 27 80
24 90 80 85 3 0 20 0.07 0.0 0 13.1 22 90 M M 4 32 90
25 89 77 83 1 0 18 0.41 0.0 0 12.7 25 90 M M 5 33 80
26 88 80 84 2 0 19 0.02 0.0 0 8.3 16 100 M M 4 22 100
27 88 78 83 1 0 18 0.57 0.0 0 7.6 14 90 M M 5 3 18 90
28 89 79 84 2 0 19 0.07 0.0 0 7.9 15 100 M M 4 20 100
29 89 80 85 3 0 20 0.02 0.0 0 7.9 14 140 M M 4 19 110
30 90 79 85 3 0 20 0.01 0.0 0 10.0 17 90 M M 2 23 100
31 89 79 84 2 0 19 0.89 0.0 0 12.3 24 80 M M 5 36 80
================================================================================
SM 2725 2434 0 572 8.43 0.0 375.3 M 141
================================================================================
AV 87.9 78.5 12.1 FASTST M M 5 MAX(MPH)
MISC ----> 51 100 71 80
================================================================================
NOTES:
# LAST OF SEVERAL OCCURRENCES
COLUMN 17 PEAK WIND IN M.P.H.
PRELIMINARY LOCAL CLIMATOLOGICAL DATA (WS FORM: F-6) , PAGE 2
STATION: SAIPAN/ISLEY_(CGS) MP
MONTH: OCTOBER
YEAR: 2023
LATITUDE: 15 7 N
LONGITUDE: 145-44 E
[TEMPERATURE DATA] [PRECIPITATION DATA] SYMBOLS USED IN COLUMN 16
AVERAGE MONTHLY: 83.2 TOTAL FOR MONTH: 8.43 1 = FOG OR MIST
DPTR FM NORMAL: 1.4 DPTR FM NORMAL: -2.29 2 = FOG REDUCING VISIBILITY
HIGHEST: 90 ON 30,24 GRTST 24HR 2.36 ON 10-11 TO 1/4 MILE OR LESS
LOWEST: 76 ON 20, 7 3 = THUNDER
SNOW, ICE PELLETS, HAIL 4 = ICE PELLETS
TOTAL MONTH: 0.0 INCH 5 = HAIL
GRTST 24HR 0.0 6 = FREEZING RAIN OR DRIZZLE
GRTST DEPTH: 0 7 = DUSTSTORM OR SANDSTORM:
VSBY 1/2 MILE OR LESS
8 = SMOKE OR HAZE
[NO. OF DAYS WITH] [WEATHER - DAYS WITH] 9 = BLOWING SNOW
X = TORNADO
MAX 32 OR BELOW: 0 0.01 INCH OR MORE: 29
MAX 90 OR ABOVE: 2 0.10 INCH OR MORE: 15
MIN 32 OR BELOW: 0 0.50 INCH OR MORE: 7
MIN 0 OR BELOW: 0 1.00 INCH OR MORE: 2
[HDD (BASE 65) ]
TOTAL THIS MO. 0 CLEAR (SCALE 0-3) 7
DPTR FM NORMAL 0 PTCLDY (SCALE 4-7) 21
TOTAL FM JUL 1 0 CLOUDY (SCALE 8-10) 3
DPTR FM NORMAL 0
[CDD (BASE 65) ]
TOTAL THIS MO. 572
DPTR FM NORMAL 50 [PRESSURE DATA]
TOTAL FM JAN 1 5449 HIGHEST SLP 30.01 ON 1
DPTR FM NORMAL 384 LOWEST SLP 29.91 ON 1
[REMARKS]
#FINAL-10-23#