000
CXUS52 KGSP 010817
CF6GSP
PRELIMINARY LOCAL CLIMATOLOGICAL DATA (WS FORM: F-6)
STATION: GREENVILLE-SPARTANBURG SC
MONTH: JULY
YEAR: 2023
LATITUDE: 34 54 N
LONGITUDE: 82 13 W
TEMPERATURE IN F: :PCPN: SNOW: WIND :SUNSHINE: SKY :PK WND
================================================================================
1 2 3 4 5 6A 6B 7 8 9 10 11 12 13 14 15 16 17 18
12Z AVG MX 2MIN
DY MAX MIN AVG DEP HDD CDD WTR SNW DPTH SPD SPD DIR MIN PSBL S-S WX SPD DR
================================================================================
1 93 68 81 2 0 16 T 0.0 0 3.4 16 250 M M 1 13 23 250
2 92 70 81 2 0 16 0.13 0.0 0 7.4 24 250 M M 1 13 35 230
3 91 71 81 2 0 16 0.00 0.0 0 7.9 16 220 M M 1 3 20 210
4 90 71 81 2 0 16 0.07 0.0 0 3.6 13 280 M M 1 138 18 290
5 85 69 77 -3 0 12 0.00 0.0 0 2.6 7 170 M M 3 13 10 10
6 92 68 80 0 0 15 T 0.0 0 2.8 13 270 M M 1 1 17 280
7 93 68 81 1 0 16 0.01 0.0 0 2.9 14 310 M M 1 3 22 10
8 94 70 82 2 0 17 0.00 0.0 0 2.7 9 280 M M 1 1 12 220
9 90 70 80 0 0 15 0.39 0.0 0 3.7 15 190 M M 4 138 19 10
10 86 70 78 -2 0 13 0.02 0.0 0 3.9 10 120 M M 4 24 140
11 91 69 80 0 0 15 0.00 0.0 0 3.7 13 190 M M 3 17 210
12 91 63 77 -3 0 12 0.00 0.0 0 5.1 15 220 M M 0 24 230
13 96 69 83 3 0 18 0.00 0.0 0 6.0 15 180 M M 2 3 20 190
14 94 71 83 3 0 18 T 0.0 0 3.0 12 110 M M 2 3 15 110
15 96 72 84 4 0 19 0.27 0.0 0 6.1 23 200 M M 5 13 32 210
16 91 72 82 2 0 17 0.00 0.0 0 3.7 13 30 M M 3 1 16 50
17 88 68 78 -2 0 13 0.00 0.0 0 3.4 9 50 M M 0 18 12 30
18 95 67 81 1 0 16 0.00 0.0 0 3.5 16 200 M M 0 18 21 200
19 90 70 80 0 0 15 0.19 0.0 0 5.6 17 300 M M 1 138 24 310
20 83 69 76 -4 0 11 0.03 0.0 0 4.6 15 240 M M 3 20 240
21 93 67 80 0 0 15 0.72 0.0 0 4.3 21 350 M M 2 13 33 340
22 87 69 78 -2 0 13 0.74 0.0 0 3.9 29 10 M M 5 138 45 10
23 89 68 79 -1 0 14 1.08 0.0 0 5.8 22 20 M M 6 123 26 20
24 88 66 77 -3 0 12 0.00 0.0 0 2.6 9 50 M M 1 1 13 120
25 92 68 80 0 0 15 0.00 0.0 0 2.5 12 120 M M 0 1 16 120
26 93 67 80 0 0 15 0.00 0.0 0 4.0 10 140 M M 0 18 150
27 95 71 83 3 0 18 0.00 0.0 0 5.4 13 130 M M 0 17 110
28 94 73 84 4 0 19 0.00 0.0 0 5.8 14 360 M M 1 3 18 350
29 90 70 80 0 0 15 0.12 0.0 0 4.5 20 10 M M 1 138 27 360
30 87 68 78 -2 0 13 0.00 0.0 0 3.5 16 40 M M 2 20 50
31 91 68 80 0 0 15 0.00 0.0 0 4.1 13 30 M M 0 15 30
================================================================================
SM 2820 2140 0 470 3.77 0.0 132.0 M 55
================================================================================
AV 91.0 69.0 4.3 FASTST M M 2 MAX(MPH)
MISC ----> 29 10 45 10
================================================================================
NOTES:
# LAST OF SEVERAL OCCURRENCES
COLUMN 17 PEAK WIND IN M.P.H.
PRELIMINARY LOCAL CLIMATOLOGICAL DATA (WS FORM: F-6) , PAGE 2
STATION: GREENVILLE-SPARTANBURG SC
MONTH: JULY
YEAR: 2023
LATITUDE: 34 54 N
LONGITUDE: 82 13 W
[TEMPERATURE DATA] [PRECIPITATION DATA] SYMBOLS USED IN COLUMN 16
AVERAGE MONTHLY: 80.0 TOTAL FOR MONTH: 3.77 1 = FOG OR MIST
DPTR FM NORMAL: 0.3 DPTR FM NORMAL: -1.05 2 = FOG REDUCING VISIBILITY
HIGHEST: 96 ON 15,13 GRTST 24HR 1.45 ON 21-22 TO 1/4 MILE OR LESS
LOWEST: 63 ON 12 3 = THUNDER
SNOW, ICE PELLETS, HAIL 4 = ICE PELLETS
TOTAL MONTH: 0.0 INCH 5 = HAIL
GRTST 24HR 0.0 6 = FREEZING RAIN OR DRIZZLE
GRTST DEPTH: 0 7 = DUSTSTORM OR SANDSTORM:
VSBY 1/2 MILE OR LESS
8 = SMOKE OR HAZE
[NO. OF DAYS WITH] [WEATHER - DAYS WITH] 9 = BLOWING SNOW
X = TORNADO
MAX 32 OR BELOW: 0 0.01 INCH OR MORE: 12
MAX 90 OR ABOVE: 23 0.10 INCH OR MORE: 8
MIN 32 OR BELOW: 0 0.50 INCH OR MORE: 3
MIN 0 OR BELOW: 0 1.00 INCH OR MORE: 1
[HDD (BASE 65) ]
TOTAL THIS MO. 0 CLEAR (SCALE 0-3) 25
DPTR FM NORMAL 0 PTCLDY (SCALE 4-7) 6
TOTAL FM JUL 1 0 CLOUDY (SCALE 8-10) 0
DPTR FM NORMAL 0
[CDD (BASE 65) ]
TOTAL THIS MO. 470
DPTR FM NORMAL 13 [PRESSURE DATA]
TOTAL FM JAN 1 858 HIGHEST SLP 30.15 ON 26
DPTR FM NORMAL -154 LOWEST SLP 29.77 ON 22
[REMARKS]
#FINAL-07-23#