000
CXUS54 KAMA 040520
CF6GUY
PRELIMINARY LOCAL CLIMATOLOGICAL DATA (WS FORM: F-6)
STATION: GUYMON
MONTH: JANUARY
YEAR: 2023
LATITUDE: 36 41 N
LONGITUDE: 101 30 W
TEMPERATURE IN F: :PCPN: SNOW: WIND :SUNSHINE: SKY :PK WND
================================================================================
1 2 3 4 5 6A 6B 7 8 9 10 11 12 13 14 15 16 17 18
12Z AVG MX 2MIN
DY MAX MIN AVG DEP HDD CDD WTR SNW DPTH SPD SPD DIR MIN PSBL S-S WX SPD DR
================================================================================
1 53 33 43 8 22 0 0.00 M M 8.1 18 350 M M 0 23 320
2 45 32 39 4 26 0 0.03 M M 7.1 17 270 M M 7 12 22 260
3 40 26 33 -2 32 0 0.00 M M 10.6 25 340 M M 3 35 350
4 48 15 32 -3 33 0 0.00 M M 6.6 16 30 M M 1 22 30
5 48 14 31 -5 34 0 0.00 M M 6.5 15 180 M M 0 19 200
6 69 25 47 11 18 0 0.00 M M 9.6 29 250 M M 0 38 270
7 51 23 37 1 28 0 0.00 M M 7.0 16 320 M M 0 20 320
8 61 19 40 4 25 0 0.00 M M 6.7 15 250 M M 0 19 210
9 63 25 44 8 21 0 0.00 M M 8.3 21 10 M M 0 28 310
10 73 26 50 14 15 0 0.00 M M 11.2 26 270 M M 0 35 270
11 63 34 49 13 16 0 0.00 M M 22.5 43 300 M M 3 8 66 300
12 51 24 38 2 27 0 0.00 M M 11.3 25 360 M M 2 34 10
13 59 18 39 3 26 0 0.00 M M 3.9 10 150 M M 0 14 160
14 70 25 48 12 17 0 0.00 M M 12.6 25 240 M M 0 34 240
15 69 42 56 20 9 0 0.00 M M 22.0 41 230 M M 2 8 58 240
16 59 30 45 9 20 0 0.00 M M 6.3 14 240 M M 0 20 230
17 61 25 43 7 22 0 0.00 M M 7.3 25 230 M M 3 35 220
18 47 30 39 3 26 0 0.00 M M 16.6 33 330 M M 2 42 330
19 52 25 39 2 26 0 0.00 M M 8.1 21 330 M M 0 32 310
20 56 17 37 0 28 0 0.00 M M 9.0 22 160 M M 1 30 170
21 38 24 31 -6 34 0 0.00 M M 14.1 28 10 M M 7 1 35 10
22 44 20 32 -5 33 0 0.00 M M 8.5 16 350 M M 0 23 320
23 46 16 31 -6 34 0 0.00 M M 3.0 9 120 M M 2 13 130
24 32 26 29 -8 36 0 0.23 M M 6.3 17 350 M M 9 1 22 340
25 37 24 31 -6 34 0 0.00 M M 13.8 21 340 M M 5 28 330
26 47 20 34 -3 31 0 0.00 M M 12.1 20 210 M M 0 25 210
27 55 22 39 2 26 0 0.00 M M 8.6 20 240 M M 0 28 250
28 53 20 37 0 28 0 0.00 M M 13.1 26 30 M M 2 1 33 40
29 20 7 14 -23 51 0 T M M 13.6 24 20 M M 10 18 30 10
30 15 5 10 -27 55 0 T M M 9.8 17 20 M M 10 21 360
31 30 9 20 -17 45 0 T M M 4.3 12 20 M M 5 15 310
================================================================================
SM 1555 701 878 0 0.26 M 308.5 M 74
================================================================================
AV 50.2 22.6 10.0 FASTST M M 2 MAX(MPH)
MISC ----> 43 300 66 300
================================================================================
NOTES:
# LAST OF SEVERAL OCCURRENCES
COLUMN 17 PEAK WIND IN M.P.H.
PRELIMINARY LOCAL CLIMATOLOGICAL DATA (WS FORM: F-6) , PAGE 2
STATION: GUYMON
MONTH: JANUARY
YEAR: 2023
LATITUDE: 36 41 N
LONGITUDE: 101 30 W
[TEMPERATURE DATA] [PRECIPITATION DATA] SYMBOLS USED IN COLUMN 16
AVERAGE MONTHLY: 36.4 TOTAL FOR MONTH: 0.26 1 = FOG OR MIST
DPTR FM NORMAL: 0.1 DPTR FM NORMAL: -0.15 2 = FOG REDUCING VISIBILITY
HIGHEST: 73 ON 10 GRTST 24HR 0.25 ON 24-24 TO 1/4 MILE OR LESS
LOWEST: 5 ON 30 3 = THUNDER
SNOW, ICE PELLETS, HAIL 4 = ICE PELLETS
TOTAL MONTH: M 5 = HAIL
GRTST 24HR M ON M 6 = FREEZING RAIN OR DRIZZLE
GRTST DEPTH: M ON M 7 = DUSTSTORM OR SANDSTORM:
VSBY 1/2 MILE OR LESS
8 = SMOKE OR HAZE
[NO. OF DAYS WITH] [WEATHER - DAYS WITH] 9 = BLOWING SNOW
X = TORNADO
MAX 32 OR BELOW: 4 0.01 INCH OR MORE: 2
MAX 90 OR ABOVE: 0 0.10 INCH OR MORE: 1
MIN 32 OR BELOW: 28 0.50 INCH OR MORE: 0
MIN 0 OR BELOW: 0 1.00 INCH OR MORE: 0
[HDD (BASE 65) ]
TOTAL THIS MO. 878 CLEAR (SCALE 0-3) 23
DPTR FM NORMAL -12 PTCLDY (SCALE 4-7) 5
TOTAL FM JUL 1 2662 CLOUDY (SCALE 8-10) 3
DPTR FM NORMAL 17
[CDD (BASE 65) ]
TOTAL THIS MO. 0
DPTR FM NORMAL 0 [PRESSURE DATA]
TOTAL FM JAN 1 0 HIGHEST SLP 30.47 ON 30
DPTR FM NORMAL 0 LOWEST SLP 29.30 ON 15
[REMARKS]
#FINAL-01-23#