000
CXUS54 KAMA 010810
CF6GUY
PRELIMINARY LOCAL CLIMATOLOGICAL DATA (WS FORM: F-6)
STATION: GUYMON
MONTH: DECEMBER
YEAR: 2023
LATITUDE: 36 41 N
LONGITUDE: 101 30 W
TEMPERATURE IN F: :PCPN: SNOW: WIND :SUNSHINE: SKY :PK WND
================================================================================
1 2 3 4 5 6A 6B 7 8 9 10 11 12 13 14 15 16 17 18
12Z AVG MX 2MIN
DY MAX MIN AVG DEP HDD CDD WTR SNW DPTH SPD SPD DIR MIN PSBL S-S WX SPD DR
================================================================================
1 43 18 31 -9 34 0 0.00 M M 6.3 14 330 M M 1 20 340
2 55 19 37 -2 28 0 0.00 M M 5.7 15 340 M M 0 21 340
3 63 19 41 2 24 0 0.00 M M 13.8 32 340 M M 0 48 10
4 62 22 42 3 23 0 0.00 M M 8.9 23 220 M M 0 31 220
5 62 29 46 8 19 0 0.00 M M 7.0 14 210 M M 0 19 200
6 72 29 51 13 14 0 0.00 M M 12.1 28 210 M M 0 36 230
7 79 37 58 20 7 0 0.00 M M 11.4 25 250 M M 0 35 250
8 56 32 44 6 21 0 T M M 10.3 17 10 M M 1 25 30
9 46 23 35 -2 30 0 T M M 12.5 24 10 M M 4 33 20
10 50 16 33 -4 32 0 0.00 M M 9.6 26 210 M M 0 36 210
11 57 27 42 5 23 0 0.00 M M 3.2 10 280 M M 1 14 290
12 55 23 39 2 26 0 0.00 M M 5.1 15 140 M M 0 24 150
13 45 34 40 4 25 0 1.25 M M 8.4 20 160 M M 10 1 28 160
14 38 32 35 -1 30 0 1.25 M M 8.1 18 150 M M 10 1 26 140
15 49 32 41 5 24 0 0.04 M M 9.8 26 350 M M 5 36 340
16 60 27 44 8 21 0 0.00 M M 9.5 20 230 M M 0 24 230
17 64 32 48 12 17 0 0.00 M M 8.1 18 360 M M 0 24 10
18 56 27 42 6 23 0 0.00 M M 9.0 22 210 M M 0 29 210
19 65 38 52 16 13 0 0.00 M M 12.2 22 230 M M 0 31 230
20 59 33 46 11 19 0 0.00 M M 3.3 10 210 M M 0 13 210
21 65 33 49 14 16 0 T M M 4.9 12 200 M M 4 15 190
22 65 34 50 15 15 0 0.00 M M 5.4 13 290 M M 0 18 190
23 55 40 48 13 17 0 0.09 M M 14.2 25 200 M M 5 3 35 190
24 44 27 36 1 29 0 0.00 M M 22.7 38 350 M M 6 51 350
25 38 22 30 -5 35 0 0.00 M M 14.1 26 340 M M 2 40 310
26 40 26 33 -2 32 0 T M M 13.6 32 330 M M 10 47 330
27 47 30 39 4 26 0 0.00 M M 15.6 30 350 M M 8 40 350
28 44 22 33 -2 32 0 0.00 M M 12.4 28 360 M M 2 36 360
29 56 25 41 6 24 0 0.00 M M 10.4 18 330 M M 0 26 360
30 60 20 40 5 25 0 0.00 M M 4.9 12 10 M M 0 15 300
31 44 20 32 -3 33 0 0.00 M M 6.7 14 30 M M 0 17 30
================================================================================
SM 1694 848 737 0 2.63 M 299.2 M 69
================================================================================
AV 54.6 27.4 9.7 FASTST M M 2 MAX(MPH)
MISC ----> 38 350 51 350
================================================================================
NOTES:
# LAST OF SEVERAL OCCURRENCES
COLUMN 17 PEAK WIND IN M.P.H.
PRELIMINARY LOCAL CLIMATOLOGICAL DATA (WS FORM: F-6) , PAGE 2
STATION: GUYMON
MONTH: DECEMBER
YEAR: 2023
LATITUDE: 36 41 N
LONGITUDE: 101 30 W
[TEMPERATURE DATA] [PRECIPITATION DATA] SYMBOLS USED IN COLUMN 16
AVERAGE MONTHLY: 41.0 TOTAL FOR MONTH: 2.63 1 = FOG OR MIST
DPTR FM NORMAL: 4.6 DPTR FM NORMAL: 1.94 2 = FOG REDUCING VISIBILITY
HIGHEST: 79 ON 7 GRTST 24HR 1.82 ON 13-14 TO 1/4 MILE OR LESS
LOWEST: 16 ON 10 3 = THUNDER
SNOW, ICE PELLETS, HAIL 4 = ICE PELLETS
TOTAL MONTH: M 5 = HAIL
GRTST 24HR M ON M 6 = FREEZING RAIN OR DRIZZLE
GRTST DEPTH: M ON M 7 = DUSTSTORM OR SANDSTORM:
VSBY 1/2 MILE OR LESS
8 = SMOKE OR HAZE
[NO. OF DAYS WITH] [WEATHER - DAYS WITH] 9 = BLOWING SNOW
X = TORNADO
MAX 32 OR BELOW: 0 0.01 INCH OR MORE: 4
MAX 90 OR ABOVE: 0 0.10 INCH OR MORE: 2
MIN 32 OR BELOW: 24 0.50 INCH OR MORE: 2
MIN 0 OR BELOW: 0 1.00 INCH OR MORE: 2
[HDD (BASE 65) ]
TOTAL THIS MO. 737 CLEAR (SCALE 0-3) 22
DPTR FM NORMAL -148 PTCLDY (SCALE 4-7) 6
TOTAL FM JUL 1 1521 CLOUDY (SCALE 8-10) 3
DPTR FM NORMAL -237
[CDD (BASE 65) ]
TOTAL THIS MO. 0
DPTR FM NORMAL 0 [PRESSURE DATA]
TOTAL FM JAN 1 1537 HIGHEST SLP M ON M
DPTR FM NORMAL -102 LOWEST SLP 29.51 ON 7
[REMARKS]
#FINAL-12-23#