000
CXUS54 KAMA 011440
CLMGUY
CLIMATE REPORT
NATIONAL WEATHER SERVICE AMARILLO
940 AM CDT MON APR 01 2024
...................................
...THE GUYMON CLIMATE SUMMARY FOR THE MONTH OF MARCH 2024...
CLIMATE NORMAL PERIOD: 1991 TO 2020
CLIMATE RECORD PERIOD: 1998 TO 2024
WEATHER OBSERVED NORMAL DEPART LAST YEAR`S
VALUE DATE(S) VALUE FROM VALUE DATE(S)
NORMAL
................................................................
TEMPERATURE (F)
HIGHEST 81 03/29 82 03/15
03/31
LOWEST 18 03/26 13 03/19
AVG. MAXIMUM 65.4 63.1 2.3 61.0
AVG. MINIMUM 32.5 32.0 0.5 31.9
MEAN 49.0 47.6 1.4 46.5
DAYS MAX >= 90 0 0.2 -0.2 0
DAYS MAX <= 32 0 0.6 -0.6 0
DAYS MIN <= 32 13 15.8 -2.8 19
DAYS MIN <= 0 0 0.0 0.0 0
PRECIPITATION (INCHES)
TOTALS 0.29 1.11 -0.82 0.24
DAILY AVG. 0.01 0.04 -0.03 0.01
DAYS >= .01 3 5.3 -2.3 2
DAYS >= .10 1 2.6 -1.6 1
DAYS >= .50 0 0.6 -0.6 0
DAYS >= 1.00 0 0.2 -0.2 0
GREATEST
24 HR. TOTAL 0.18 03/25 TO 03/25
SNOWFALL (INCHES)
TOTALS MM MM MM MM
SINCE 7/1 MM MM MM MM
DAYS >= TRACE MM MM MM
DAYS >= 1.0 MM MM MM MM
GREATEST
SNOW DEPTH MM
24 HR TOTAL MM
DEGREE DAYS
HEATING TOTAL 489 545 -56 569
SINCE 7/1 3627 3910 -283 MM
COOLING TOTAL 0 4 -4 0
SINCE 1/1 0 4 -4 MM
................................................................
WIND (MPH)
AVERAGE WIND SPEED 11.5
HIGHEST WIND SPEED/DIRECTION 39/230 DATE 03/24
HIGHEST GUST SPEED/DIRECTION 57/200 DATE 03/24
SKY COVER
POSSIBLE SUNSHINE (PERCENT) MM
NUMBER OF DAYS FAIR 24
NUMBER OF DAYS PC 4
NUMBER OF DAYS CLOUDY 3
AVERAGE RH (PERCENT) 56
WEATHER CONDITIONS. NUMBER OF DAYS WITH
THUNDERSTORM 0 MIXED PRECIP 0
HEAVY RAIN 0 RAIN 0
LIGHT RAIN 2 FREEZING RAIN 0
LT FREEZING RAIN 1 HEAVY SNOW 0
SNOW 0 LIGHT SNOW 2
SLEET 0 FOG 4
FOG W/VIS <= 1/4 MILE 0 HAZE 0
- INDICATES NEGATIVE NUMBERS.
R INDICATES RECORD WAS SET OR TIED.
MM INDICATES DATA IS MISSING.
T INDICATES TRACE AMOUNT.
$$