000
CXUS54 KJAN 011510
CF6GWO
PRELIMINARY LOCAL CLIMATOLOGICAL DATA (WS FORM: F-6)
STATION: GREENWOOD
MONTH: DECEMBER
YEAR: 2021
LATITUDE: 33 30 N
LONGITUDE: 90 5 W
TEMPERATURE IN F: :PCPN: SNOW: WIND :SUNSHINE: SKY :PK WND
================================================================================
1 2 3 4 5 6A 6B 7 8 9 10 11 12 13 14 15 16 17 18
12Z AVG MX 2MIN
DY MAX MIN AVG DEP HDD CDD WTR SNW DPTH SPD SPD DIR MIN PSBL S-S WX SPD DR
================================================================================
1 74 45 60 10 5 0 0.00 0.0 0 6.4 17 220 M M 1 23 240
2 76 46 61 12 4 0 0.00 0.0 0 2.2 10 230 M M 0 1 16 230
3 77 47 62 13 3 0 0.00 0.0 0 3.5 15 220 M M 1 18 21 230
4 70 56 63 14 2 0 T 0.0 0 3.5 9 220 M M 9 128 15 230
5 80 54 67 18 0 2 0.00 0.0 0 8.4 18 200 M M 4 12 25 170
6 70 40 55 6 10 0 0.59 0.0 0 10.6 23 200 M M 7 13 35 340
7 49 40 45 -3 20 0 T 0.0 0 7.0 17 60 M M 9 22 60
8 60 39 50 2 15 0 0.00 0.0 0 1.1 9 20 M M 3 14 30
9 72 38 55 7 10 0 T 0.0 0 8.1 15 180 M M 7 20 180
10 85 69 77 29 0 12 T 0.0 0 14.9 28 190 M M 8 40 200
11 77 36 57 9 8 0 1.00 0.0 0 9.5 29 200 M M 4 13 41 220
12 60 31 46 -2 19 0 0.00 0.0 0 2.7 14 80 M M 0 18 90
13 69 33 51 4 14 0 0.00 0.0 0 2.5 7 120 M M 1 10 130
14 74 50 62 15 3 0 0.04 0.0 0 5.1 13 160 M M 5 1 16 150
15 73 60 67 20 0 2 0.00 0.0 0 10.3 17 170 M M 4 1 26 150
16 77 65 71 24 0 6 0.00 0.0 0 10.6 20 190 M M 7 27 170
17 76 62 69 22 0 4 0.00 0.0 0 8.1 16 170 M M 6 1 20 200
18 76 47 62 15 3 0 0.04 0.0 0 10.0 20 360 M M 9 30 360
19 51 33 42 -4 23 0 0.00 0.0 0 7.9 17 30 M M 5 23 20
20 51 32 42 -4 23 0 0.25 M 0 3.2 10 350 M M 4 1 14 70
21 54 36 45 -1 20 0 0.04 0.0 0 2.4 8 360 M M 5 1 12 280
22 60 33 47 1 18 0 0.00 0.0 0 4.6 17 60 M M 0 1 22 50
23 67 34 51 5 14 0 0.00 0.0 0 7.8 16 220 M M 0 21 220
24 78 54 66 20 0 1 0.00 0.0 0 15.1 30 200 M M 1 44 200
25 78 62 70 24 0 5 0.00 0.0 0 12.2 23 220 M M 6 33 210
26 77 60 69 23 0 4 0.00 0.0 0 6.6 16 200 M M 6 1 20 200
27 77 66 72 27 0 7 0.00 0.0 0 10.0 20 220 M M 9 31 220
28 81 66 74 29 0 9 0.01 0.0 0 12.6 25 200 M M 8 1 35 210
29 81 61 71 26 0 6 0.70 0.0 0 8.7 22 210 M M 6 13 35 210
30 79 58 69 24 0 4 0.01 0.0 0 1.9 8 170 M M 5 11 350
31 82 60 71 26 0 6 0.00 0.0 0 8.4 18 210 M M 4 18 24 210
================================================================================
SM 2211 1513 214 68 2.68 0.0 225.9 M 144
================================================================================
AV 71.3 48.8 7.3 FASTST M M 5 MAX(MPH)
MISC ----> 30 200 44 200
================================================================================
NOTES:
# LAST OF SEVERAL OCCURRENCES
COLUMN 17 PEAK WIND IN M.P.H.
PRELIMINARY LOCAL CLIMATOLOGICAL DATA (WS FORM: F-6) , PAGE 2
STATION: GREENWOOD
MONTH: DECEMBER
YEAR: 2021
LATITUDE: 33 30 N
LONGITUDE: 90 5 W
[TEMPERATURE DATA] [PRECIPITATION DATA] SYMBOLS USED IN COLUMN 16
AVERAGE MONTHLY: 60.1 TOTAL FOR MONTH: 2.68 1 = FOG OR MIST
DPTR FM NORMAL: 13.0 DPTR FM NORMAL: -2.65 2 = FOG REDUCING VISIBILITY
HIGHEST: 85 ON 10 GRTST 24HR 1.00 ON 10-11 TO 1/4 MILE OR LESS
LOWEST: 31 ON 12 3 = THUNDER
SNOW, ICE PELLETS, HAIL 4 = ICE PELLETS
TOTAL MONTH: 0.0 INCH 5 = HAIL
GRTST 24HR 0.0 6 = FREEZING RAIN OR DRIZZLE
GRTST DEPTH: 0 7 = DUSTSTORM OR SANDSTORM:
VSBY 1/2 MILE OR LESS
8 = SMOKE OR HAZE
[NO. OF DAYS WITH] [WEATHER - DAYS WITH] 9 = BLOWING SNOW
X = TORNADO
MAX 32 OR BELOW: 0 0.01 INCH OR MORE: 9
MAX 90 OR ABOVE: 0 0.10 INCH OR MORE: 4
MIN 32 OR BELOW: 2 0.50 INCH OR MORE: 3
MIN 0 OR BELOW: 0 1.00 INCH OR MORE: 1
[HDD (BASE 65) ]
TOTAL THIS MO. 214 CLEAR (SCALE 0-3) 9
DPTR FM NORMAL -349 PTCLDY (SCALE 4-7) 17
TOTAL FM JUL 1 625 CLOUDY (SCALE 8-10) 5
DPTR FM NORMAL -412
[CDD (BASE 65) ]
TOTAL THIS MO. 68
DPTR FM NORMAL 62 [PRESSURE DATA]
TOTAL FM JAN 1 2584 HIGHEST SLP 30.40 ON 12
DPTR FM NORMAL 341 LOWEST SLP 29.69 ON 29
[REMARKS]
#FINAL-12-21#