000
CXUS55 KBOU 011000
CF6GXY
PRELIMINARY LOCAL CLIMATOLOGICAL DATA (WS FORM: F-6)
STATION: GREELEY CO
MONTH: JANUARY
YEAR: 2022
LATITUDE: 40 25 N
LONGITUDE: 104 38 W
TEMPERATURE IN F: :PCPN: SNOW: WIND :SUNSHINE: SKY :PK WND
================================================================================
1 2 3 4 5 6A 6B 7 8 9 10 11 12 13 14 15 16 17 18
12Z AVG MX 2MIN
DY MAX MIN AVG DEP HDD CDD WTR SNW DPTH SPD SPD DIR MIN PSBL S-S WX SPD DR
================================================================================
1 15 -23 -4 M 69 0 M M M 3.2 10 80 M M 5 18 M M
2 20 -22 -1 M 66 0 M M M 2.3 9 300 M M 0 8 M M
3 32 -5 14 M 51 0 M M M 3.8 9 280 M M 0 20 320
4 43 6 25 M 40 0 M M M 14.7 27 340 M M 1 39 300
5 25 2 14 M 51 0 M M M 8.2 22 10 M M 6 1 31 40
6 17 -1 8 M 57 0 M M M 4.1 9 70 M M 6 1 M M
7 31 -1 15 M 50 0 M M M 4.0 9 300 M M 0 M M
8 43 8 26 M 39 0 M M M 6.2 25 10 M M 4 1 31 10
9 35 3 19 M 46 0 M M M 2.4 8 300 M M 4 12 M M
10 34 -2 16 M 49 0 M M M 2.6 7 290 M M 1 12 M M
11 35 2 19 M 46 0 M M M 3.9 8 310 M M 0 M M
12 43 8 26 M 39 0 M M M 3.7 13 230 M M 0 16 300
13 41 13 27 M 38 0 M M M 4.2 9 260 M M 0 M M
14 42 18 30 M 35 0 M M M 18.3 30 340 M M 3 38 350
15 39 9 24 M 41 0 M M M 3.7 12 300 M M 2 16 300
16 43 12 28 M 37 0 M M M 4.1 13 60 M M 0 M M
17 41 12 27 M 38 0 M M M 2.9 7 330 M M 0 M M
18 37 21 29 M 36 0 M M M 4.0 15 20 M M 2 M M
19 29 13 21 M 44 0 M M M 8.2 15 100 M M 10 M M
20 29 15 22 M 43 0 M M M 2.5 8 300 M M 10 18 M M
21 40 23 32 M 33 0 M M M 4.7 12 30 M M 10 18 M M
22 44 17 31 M 34 0 M M M 3.8 12 290 M M 1 M M
23 46 15 31 M 34 0 M M M 3.5 8 320 M M 0 M M
24 49 19 34 M 31 0 M M M 4.7 10 280 M M 3 M M
25 34 5 20 M 45 0 M M M 6.7 16 10 M M 8 M M
26 31 -3 14 M 51 0 M M M 1.9 5 20 M M 5 M M
27 32 0 16 M 49 0 M M M 5.7 16 10 M M 5 M M
28 34 -6 14 M 51 0 M M M 3.2 7 320 M M 1 M M
29 45 -2 22 M 43 0 M M M 2.8 7 260 M M 0 M M
30 43 0 22 M 43 0 M M M 1.7 6 210 M M 0 M M
31 45 2 24 M 41 0 0.00 M M 4.7 25 340 M M 0 35 340
================================================================================
SM 1117 158 1370 0 0.00 M 150.5 M 87
================================================================================
AV 36.0 5.1 4.9 FASTST M M 3 MAX(MPH)
MISC ----> 30 340 39 300
================================================================================
NOTES:
# LAST OF SEVERAL OCCURRENCES
COLUMN 17 PEAK WIND IN M.P.H.
PRELIMINARY LOCAL CLIMATOLOGICAL DATA (WS FORM: F-6) , PAGE 2
STATION: GREELEY CO
MONTH: JANUARY
YEAR: 2022
LATITUDE: 40 25 N
LONGITUDE: 104 38 W
[TEMPERATURE DATA] [PRECIPITATION DATA] SYMBOLS USED IN COLUMN 16
AVERAGE MONTHLY: 20.6 TOTAL FOR MONTH: 0.00 1 = FOG OR MIST
DPTR FM NORMAL: 0.0 DPTR FM NORMAL: M 2 = FOG REDUCING VISIBILITY
HIGHEST: 49 ON 24 GRTST 24HR 0.14 ON 31- 1 TO 1/4 MILE OR LESS
LOWEST: -23 ON 1 3 = THUNDER
SNOW, ICE PELLETS, HAIL 4 = ICE PELLETS
TOTAL MONTH: M 5 = HAIL
GRTST 24HR M ON M 6 = FREEZING RAIN OR DRIZZLE
GRTST DEPTH: M ON M 7 = DUSTSTORM OR SANDSTORM:
VSBY 1/2 MILE OR LESS
8 = SMOKE OR HAZE
[NO. OF DAYS WITH] [WEATHER - DAYS WITH] 9 = BLOWING SNOW
X = TORNADO
MAX 32 OR BELOW: 10 0.01 INCH OR MORE: 0
MAX 90 OR ABOVE: 0 0.10 INCH OR MORE: 0
MIN 32 OR BELOW: 31 0.50 INCH OR MORE: 0
MIN 0 OR BELOW: 11 1.00 INCH OR MORE: 0
[HDD (BASE 65) ]
TOTAL THIS MO. 1370 CLEAR (SCALE 0-3) 19
DPTR FM NORMAL M PTCLDY (SCALE 4-7) 8
TOTAL FM JUL 1 3500 CLOUDY (SCALE 8-10) 4
DPTR FM NORMAL M
[CDD (BASE 65) ]
TOTAL THIS MO. 0
DPTR FM NORMAL M [PRESSURE DATA]
TOTAL FM JAN 1 0 HIGHEST SLP 30.89 ON 10
DPTR FM NORMAL M LOWEST SLP 29.74 ON 8
[REMARKS]
#FINAL-01-22#