000
CXUS54 KEWX 051821
CF6GYB
PRELIMINARY LOCAL CLIMATOLOGICAL DATA (WS FORM: F-6)
STATION: GIDDINGS-LEE COUNTY AIRPORT
MONTH: JULY
YEAR: 2022
LATITUDE: 30 10 N
LONGITUDE: 96 59 W
TEMPERATURE IN F: :PCPN: SNOW: WIND :SUNSHINE: SKY :PK WND
================================================================================
1 2 3 4 5 6A 6B 7 8 9 10 11 12 13 14 15 16 17 18
12Z AVG MX 2MIN
DY MAX MIN AVG DEP HDD CDD WTR SNW DPTH SPD SPD DIR MIN PSBL S-S WX SPD DR
================================================================================
1 94 71 83 M 0 18 0.00 M M 2.2 7 100 M M 3 16 110
2 99 76 88 M 0 23 0.00 M M 5.9 10 210 M M 3 1 17 220
3 99 76 88 M 0 23 0.00 M M 5.9 10 220 M M 2 M M
4 98 73 86 M 0 21 0.00 M M 5.7 10 160 M M 3 1 18 190
5 98 76 87 M 0 22 0.00 M M 5.5 12 210 M M 2 1 17 120
6 99 73 86 M 0 21 0.00 M M 4.9 8 170 M M 2 1 16 190
7 100 75 88 M 0 23 0.00 0.0 M 5.6 10 220 M M 2 20 170
8 100 75 88 M 0 23 0.00 0.0 M 4.1 10 190 M M 1 16 220
9 103 77 90 M 0 25 0.00 M M 4.6 13 230 M M 1 17 230
10 106 77 92 M 0 27 0.00 M M 4.0 8 260 M M 1 M M
11 104 78 91 M 0 26 0.00 M M 5.7 12 80 M M 1 17 180
12 104 74 89 M 0 24 0.00 0.0 M 3.8 10 190 M M 1 17 170
13 103 76 90 M 0 25 0.00 0.0 M 4.1 10 150 M M 1 1 17 150
14 98 75 87 M 0 22 0.09 M M 2.8 8 160 M M 1 21 0
15 94 73 84 M 0 19 0.00 M M 3.2 13 160 M M 2 23 160
16 98 73 86 M 0 21 0.00 M M 5.3 10 220 M M 2 18 180
17 100 74 87 M 0 22 0.00 M M 6.1 13 190 M M 0 1 20 190
18 101 77 89 M 0 24 0.00 M M 7.5 13 230 M M 1 32 160
19 101 78 90 M 0 25 0.00 M M 9.3 14 200 M M 1 23 180
20 101 78 90 M 0 25 0.00 M M 8.4 12 180 M M 2 22 210
21 101 78 90 M 0 25 0.00 M M 7.1 13 200 M M 3 1 21 130
22 100 76 88 M 0 23 0.00 M M 6.0 10 130 M M 3 1 17 110
23 100 76 88 M 0 23 0.00 M M 6.1 12 160 M M 3 20 150
24 100 76 88 M 0 23 0.00 M M 6.6 13 180 M M 3 1 22 170
25 100 74 87 M 0 22 0.00 M M 6.0 12 170 M M 2 21 220
26 100 73 87 M 0 22 0.00 M M 5.5 12 170 M M 2 20 160
27 99 73 86 M 0 21 0.00 M M 5.4 15 150 M M 2 22 150
28 99 75 87 M 0 22 0.00 M M 6.8 12 170 M M 1 21 170
29 100 76 88 M 0 23 0.00 M M 6.1 13 170 M M 2 18 160
30 101 75 88 M 0 23 0.00 M M 5.8 10 160 M M 1 1 25 150
31 99 76 88 M 0 23 0.00 M M 6.4 10 220 M M 3 18 170
================================================================================
SM 3099 2333 0 709 0.09 0.0 172.4 M 57
================================================================================
AV100.0 75.3 5.6 FASTST M M 2 MAX(MPH)
MISC ----> 15 150 32 160
================================================================================
NOTES:
# LAST OF SEVERAL OCCURRENCES
COLUMN 17 PEAK WIND IN M.P.H.
PRELIMINARY LOCAL CLIMATOLOGICAL DATA (WS FORM: F-6) , PAGE 2
STATION: GIDDINGS-LEE COUNTY AIRPORT
MONTH: JULY
YEAR: 2022
LATITUDE: 30 10 N
LONGITUDE: 96 59 W
[TEMPERATURE DATA] [PRECIPITATION DATA] SYMBOLS USED IN COLUMN 16
AVERAGE MONTHLY: 87.6 TOTAL FOR MONTH: 0.09 1 = FOG OR MIST
DPTR FM NORMAL: 0.0 DPTR FM NORMAL: M 2 = FOG REDUCING VISIBILITY
HIGHEST: 106 ON 10 GRTST 24HR 0.09 ON 14-14 TO 1/4 MILE OR LESS
LOWEST: 71 ON 1 3 = THUNDER
SNOW, ICE PELLETS, HAIL 4 = ICE PELLETS
TOTAL MONTH: 0.0 INCH 5 = HAIL
GRTST 24HR 0.0 6 = FREEZING RAIN OR DRIZZLE
GRTST DEPTH: M ON M 7 = DUSTSTORM OR SANDSTORM:
VSBY 1/2 MILE OR LESS
8 = SMOKE OR HAZE
[NO. OF DAYS WITH] [WEATHER - DAYS WITH] 9 = BLOWING SNOW
X = TORNADO
MAX 32 OR BELOW: 0 0.01 INCH OR MORE: 1
MAX 90 OR ABOVE: 31 0.10 INCH OR MORE: 0
MIN 32 OR BELOW: 0 0.50 INCH OR MORE: 0
MIN 0 OR BELOW: 0 1.00 INCH OR MORE: 0
[HDD (BASE 65) ]
TOTAL THIS MO. 0 CLEAR (SCALE 0-3) 28
DPTR FM NORMAL M PTCLDY (SCALE 4-7) 3
TOTAL FM JUL 1 0 CLOUDY (SCALE 8-10) 0
DPTR FM NORMAL M
[CDD (BASE 65) ]
TOTAL THIS MO. 709
DPTR FM NORMAL M [PRESSURE DATA]
TOTAL FM JAN 1 2040 HIGHEST SLP M ON M
DPTR FM NORMAL M LOWEST SLP M ON M
[REMARKS]
#FINAL-07-22#