000
CXUS51 KGYX 011847
CF6GYX
PRELIMINARY LOCAL CLIMATOLOGICAL DATA (WS FORM: F-6)
STATION: GRAY ME
MONTH: FEBRUARY
YEAR: 2021
LATITUDE: 43 53 N
LONGITUDE: 70 15 W
TEMPERATURE IN F: :PCPN: SNOW: WIND :SUNSHINE: SKY :PK WND
================================================================================
1 2 3 4 5 6A 6B 7 8 9 10 11 12 13 14 15 16 17 18
12Z AVG MX 2MIN
DY MAX MIN AVG DEP HDD CDD WTR SNW DPTH SPD SPD DIR MIN PSBL S-S WX SPD DR
================================================================================
1 25 6 16 -5 49 0 0.04 0.8 3 M M M M M M M M
2 30 24 27 5 38 0 1.09 4.5 7 M M M M M M M M
3 37 30 34 12 31 0 T T 6 M M M M M M M M
4 37 28 33 11 32 0 T T 6 M M M M M M M M
5 34 22 28 6 37 0 0.10 1.1 5 M M M M M M M M
6 37 24 31 9 34 0 T T 6 M M M M M M M M
7 27 19 23 0 42 0 0.18 2.0 5 M M M M M M M M
8 25 12 19 -4 46 0 T T 7 M M M M M M M M
9 22 9 16 -7 49 0 0.11 1.3 7 M M M M M M M M
10 29 7 18 -5 47 0 0.00 0.0 8 M M M M M M M M
11 27 10 19 -5 46 0 0.00 0.0 8 M M M M M M M M
12 22 3 13 -11 52 0 0.00 0.0 8 M M M M M M M M
13 25 7 16 -8 49 0 0.00 0.0 8 M M M M M M M M
14 28 17 23 -1 42 0 0.00 0.0 8 M M M M M M M M
15 28 18 23 -2 42 0 T T 7 M M M M M M M M
16 30 23 27 2 38 0 0.59 0.4 7 M M M M M M 146 M M
17 30 14 22 -3 43 0 0.00 0.0 7 M M M M M M M M
18 26 15 21 -5 44 0 0.00 0.0 7 M M M M M M M M
19 24 20 22 -4 43 0 0.07 1.8 7 M M M M M M 1 M M
20 32 19 26 0 39 0 T 0.1 8 M M M M M M M M
21 33 15 24 -2 41 0 0.00 0.0 8 M M M M M M M M
22 34 14 24 -3 41 0 0.46 2.1 8 M M M M M M M M
23 42 25 34 7 31 0 0.00 0.0 10 M M M M M M M M
24 48 31 40 13 25 0 0.00 0.0 9 M M M M M M M M
25 42 21 32 4 33 0 0.00 0.0 8 M M M M M M M M
26 33 16 25 -3 40 0 0.00 0.0 8 M M M M M M M M
27 38 22 30 2 35 0 0.52 0.9 8 M M M M M M M M
28 44 32 38 10 27 0 T 0.0 8 M M M M M M M M
================================================================================
SM 889 503 1116 0 3.16 15.0 M M M
================================================================================
AV 31.8 18.0 M FASTST M M M MAX(MPH)
MISC ----> M M M M
================================================================================
NOTES:
# LAST OF SEVERAL OCCURRENCES
COLUMN 17 PEAK WIND IN M.P.H.
PRELIMINARY LOCAL CLIMATOLOGICAL DATA (WS FORM: F-6) , PAGE 2
STATION: GRAY ME
MONTH: FEBRUARY
YEAR: 2021
LATITUDE: 43 53 N
LONGITUDE: 70 15 W
[TEMPERATURE DATA] [PRECIPITATION DATA] SYMBOLS USED IN COLUMN 16
AVERAGE MONTHLY: 24.9 TOTAL FOR MONTH: 3.16 1 = FOG OR MIST
DPTR FM NORMAL: 0.2 DPTR FM NORMAL: -0.15 2 = FOG REDUCING VISIBILITY
HIGHEST: 48 ON 24 GRTST 24HR 1.09 ON 2- 2 TO 1/4 MILE OR LESS
LOWEST: 3 ON 12 3 = THUNDER
SNOW, ICE PELLETS, HAIL 4 = ICE PELLETS
TOTAL MONTH: 15.0 INCHES 5 = HAIL
GRTST 24HR 4.5 ON 2- 2 6 = FREEZING RAIN OR DRIZZLE
GRTST DEPTH: 10 ON 23 7 = DUSTSTORM OR SANDSTORM:
VSBY 1/2 MILE OR LESS
8 = SMOKE OR HAZE
[NO. OF DAYS WITH] [WEATHER - DAYS WITH] 9 = BLOWING SNOW
X = TORNADO
MAX 32 OR BELOW: 16 0.01 INCH OR MORE: 9
MAX 90 OR ABOVE: 0 0.10 INCH OR MORE: 7
MIN 32 OR BELOW: 28 0.50 INCH OR MORE: 3
MIN 0 OR BELOW: 0 1.00 INCH OR MORE: 1
[HDD (BASE 65) ]
TOTAL THIS MO. 1116 CLEAR (SCALE 0-3) 0
DPTR FM NORMAL -12 PTCLDY (SCALE 4-7) 0
TOTAL FM JUL 1 4778 CLOUDY (SCALE 8-10) 28
DPTR FM NORMAL -381
[CDD (BASE 65) ]
TOTAL THIS MO. 0
DPTR FM NORMAL 0 [PRESSURE DATA]
TOTAL FM JAN 1 0 HIGHEST SLP M ON M
DPTR FM NORMAL 0 LOWEST SLP M ON M
[REMARKS]
#FINAL-02-21#