000
CXUS51 KGYX 011717
CF6GYX
PRELIMINARY LOCAL CLIMATOLOGICAL DATA (WS FORM: F-6)
STATION: GRAY ME
MONTH: OCTOBER
YEAR: 2023
LATITUDE: 43 53 N
LONGITUDE: 70 15 W
TEMPERATURE IN F: :PCPN: SNOW: WIND :SUNSHINE: SKY :PK WND
================================================================================
1 2 3 4 5 6A 6B 7 8 9 10 11 12 13 14 15 16 17 18
12Z AVG MX 2MIN
DY MAX MIN AVG DEP HDD CDD WTR SNW DPTH SPD SPD DIR MIN PSBL S-S WX SPD DR
================================================================================
1 75 50 63 8 2 0 0.00 0.0 0 M M M M M M M M
2 72 54 63 9 2 0 0.00 0.0 0 M M M M M M M M
3 81 50 66 12 0 1 0.00 0.0 0 M M M M M M M M
4 75 55 65 11 0 0 0.00 0.0 0 M M M M M M M M
5 63 53 58 5 7 0 0.00 0.0 0 M M M M M M 12 M M
6 66 59 63 10 2 0 0.03 0.0 0 M M M M M M 12 M M
7 63 59 61 9 4 0 0.67 0.0 0 M M M M M M M M
8 61 47 54 2 11 0 0.22 0.0 0 M M M M M M M M
9 59 43 51 -1 14 0 0.00 0.0 0 M M M M M M M M
10 60 43 52 1 13 0 0.00 0.0 0 M M M M M M M M
11 61 47 54 3 11 0 T 0.0 0 M M M M M M M M
12 61 46 54 4 11 0 T 0.0 0 M M M M M M M M
13 58 41 50 0 15 0 T 0.0 0 M M M M M M M M
14 59 44 52 2 13 0 0.00 0.0 0 M M M M M M M M
15 57 42 50 0 15 0 0.05 0.0 0 M M M M M M M M
16 54 47 51 2 14 0 0.17 0.0 0 M M M M M M M M
17 56 47 52 3 13 0 0.02 0.0 0 M M M M M M M M
18 58 47 53 5 12 0 T 0.0 0 M M M M M M M M
19 62 49 56 8 9 0 0.00 0.0 0 M M M M M M M M
20 58 49 54 6 11 0 T 0.0 0 M M M M M M M M
21 57 54 56 8 9 0 0.97 0.0 0 M M M M M M 1 M M
22 54 42 48 1 17 0 0.88 0.0 0 M M M M M M M M
23 55 40 48 1 17 0 0.00 0.0 0 M M M M M M M M
24 51 37 44 -2 21 0 T 0.0 0 M M M M M M M M
25 65 44 55 9 10 0 T 0.0 0 M M M M M M M M
26 71 55 63 17 2 0 0.00 0.0 0 M M M M M M M M
27 74 54 64 18 1 0 0.00 0.0 0 M M M M M M M M
28 78 49 64 19 1 0 0.00 0.0 0 M M M M M M M M
29 49 41 45 0 20 0 0.03 T 0 M M M M M M 4 M M
30 41 35 38 -6 27 0 0.49 0.0 0 M M M M M M M M
31 43 30 37 -7 28 0 0.00 0.0 0 M M M M M M M M
================================================================================
SM 1897 1453 332 1 3.53 T M M M
================================================================================
AV 61.2 46.9 M FASTST M M M MAX(MPH)
MISC ----> M M M M
================================================================================
NOTES:
# LAST OF SEVERAL OCCURRENCES
COLUMN 17 PEAK WIND IN M.P.H.
PRELIMINARY LOCAL CLIMATOLOGICAL DATA (WS FORM: F-6) , PAGE 2
STATION: GRAY ME
MONTH: OCTOBER
YEAR: 2023
LATITUDE: 43 53 N
LONGITUDE: 70 15 W
[TEMPERATURE DATA] [PRECIPITATION DATA] SYMBOLS USED IN COLUMN 16
AVERAGE MONTHLY: 54.0 TOTAL FOR MONTH: 3.53 1 = FOG OR MIST
DPTR FM NORMAL: 4.8 DPTR FM NORMAL: -1.89 2 = FOG REDUCING VISIBILITY
HIGHEST: 81 ON 3 GRTST 24HR 0.97 ON 21-21 TO 1/4 MILE OR LESS
LOWEST: 30 ON 31 3 = THUNDER
SNOW, ICE PELLETS, HAIL 4 = ICE PELLETS
TOTAL MONTH: T 5 = HAIL
GRTST 24HR T ON 29-29 6 = FREEZING RAIN OR DRIZZLE
GRTST DEPTH: 0 7 = DUSTSTORM OR SANDSTORM:
VSBY 1/2 MILE OR LESS
8 = SMOKE OR HAZE
[NO. OF DAYS WITH] [WEATHER - DAYS WITH] 9 = BLOWING SNOW
X = TORNADO
MAX 32 OR BELOW: 0 0.01 INCH OR MORE: 10
MAX 90 OR ABOVE: 0 0.10 INCH OR MORE: 6
MIN 32 OR BELOW: 1 0.50 INCH OR MORE: 3
MIN 0 OR BELOW: 0 1.00 INCH OR MORE: 0
[HDD (BASE 65) ]
TOTAL THIS MO. 332 CLEAR (SCALE 0-3) 0
DPTR FM NORMAL -158 PTCLDY (SCALE 4-7) 0
TOTAL FM JUL 1 438 CLOUDY (SCALE 8-10) 31
DPTR FM NORMAL -246
[CDD (BASE 65) ]
TOTAL THIS MO. 1
DPTR FM NORMAL -1 [PRESSURE DATA]
TOTAL FM JAN 1 429 HIGHEST SLP M ON M
DPTR FM NORMAL 34 LOWEST SLP M ON M
[REMARKS]
#FINAL-10-23#