000
CXUS54 KJAN 190918
CF6HBG
PRELIMINARY LOCAL CLIMATOLOGICAL DATA (WS FORM: F-6)
STATION: HATTIESBURG
MONTH: MARCH
YEAR: 2023
LATITUDE: 31 16 N
LONGITUDE: 89 15 W
TEMPERATURE IN F: :PCPN: SNOW: WIND :SUNSHINE: SKY :PK WND
================================================================================
1 2 3 4 5 6A 6B 7 8 9 10 11 12 13 14 15 16 17 18
12Z AVG MX 2MIN
DY MAX MIN AVG DEP HDD CDD WTR SNW DPTH SPD SPD DIR MIN PSBL S-S WX SPD DR
================================================================================
1 85 69 77 20 0 12 T 0.0 0 9.1 22 150 M M 8 1 30 160
2 86 71 79 22 0 14 0.00 0.0 0 9.6 20 170 M M 7 31 180
3 83 58 71 14 0 6 T 0.0 0 12.5 30 180 M M 3 47 180
4 76 50 63 6 2 0 0.00 0.0 0 2.9 14 330 M M 0 20 330
5 81 45 63 5 2 0 0.00 0.0 0 2.0 10 150 M M 0 18 14 120
6 84 52 68 10 0 3 0.00 0.0 0 3.7 13 170 M M 5 12 20 210
7 86 64 75 17 0 10 0.00 0.0 0 2.6 9 300 M M 4 18 19 230
8 85 59 72 14 0 7 0.32 0.0 0 3.4 17 300 M M 3 138 23 310
9 84 66 75 17 0 10 0.00 0.0 0 3.6 14 260 M M 7 128 20 210
10 70 58 64 5 1 0 0.02 0.0 0 4.3 16 310 M M 5 22 330
11 77 55 66 7 0 1 0.00 0.0 0 7.1 16 160 M M 8 22 140
12 72 52 62 3 3 0 0.91 0.0 0 6.5 18 50 M M 10 13 26 350
13 64 46 55 -4 10 0 0.00 0.0 0 8.9 17 330 M M 1 25 310
14 60 38 49 -11 16 0 0.00 0.0 0 5.7 15 30 M M 0 22 350
15 65 34 50 -10 15 0 0.00 0.0 0 2.2 13 110 M M 0 19 90
16 76 34 55 -5 10 0 0.00 0.0 0 6.3 21 160 M M 1 31 180
17 67 45 56 -4 9 0 0.95 0.0 0 7.1 21 170 M M 7 1 29 170
18 53 43 48 -12 17 0 0.00 0.0 0 7.0 18 360 M M 3 24 10
19 50 33 42 -18 23 0 0.00 0.0 0 9.7 18 360 M M 0 27 300
20 60 27 44 -17 21 0 0.00 0.0 0 2.7 10 40 M M 0 17 80
21 73 33 53 -8 12 0 0.00 0.0 0 6.6 20 140 M M 0 26 140
22 82 46 64 3 1 0 0.00 0.0 0 6.7 16 200 M M 0 22 190
23 84 53 69 8 0 4 0.00 0.0 0 7.5 18 180 M M 4 12 25 180
24 84 69 77 16 0 12 0.01 0.0 0 11.9 22 170 M M 9 3 33 180
25 88 70 79 17 0 14 0.02 0.0 0 7.4 16 200 M M 4 24 220
26 87 73 80 18 0 15 0.03 0.0 0 7.7 21 170 M M 8 1 32 170
27 84 70 77 15 0 12 0.02 0.0 0 4.4 14 360 M M 6 1 21 320
28 79 57 68 6 0 3 0.62 0.0 0 5.5 16 330 M M 4 13 23 330
29 68 46 57 -5 8 0 0.00 0.0 0 3.7 13 60 M M 0 18 70
30 80 43 62 0 3 0 0.00 0.0 0 5.4 17 140 M M 0 24 140
31 81 62 72 9 0 7 0.00 0.0 0 10.6 25 160 M M 6 42 150
================================================================================
SM 2354 1621 153 130 2.90 0.0 194.3 M 113
================================================================================
AV 75.9 52.3 6.3 FASTST M M 4 MAX(MPH)
MISC ----> 30 180 47 180
================================================================================
NOTES:
# LAST OF SEVERAL OCCURRENCES
COLUMN 17 PEAK WIND IN M.P.H.
PRELIMINARY LOCAL CLIMATOLOGICAL DATA (WS FORM: F-6) , PAGE 2
STATION: HATTIESBURG
MONTH: MARCH
YEAR: 2023
LATITUDE: 31 16 N
LONGITUDE: 89 15 W
[TEMPERATURE DATA] [PRECIPITATION DATA] SYMBOLS USED IN COLUMN 16
AVERAGE MONTHLY: 64.1 TOTAL FOR MONTH: 2.90 1 = FOG OR MIST
DPTR FM NORMAL: 4.3 DPTR FM NORMAL: -2.67 2 = FOG REDUCING VISIBILITY
HIGHEST: 88 ON 25 GRTST 24HR 0.95 ON 17-17 TO 1/4 MILE OR LESS
LOWEST: 27 ON 20 3 = THUNDER
SNOW, ICE PELLETS, HAIL 4 = ICE PELLETS
TOTAL MONTH: 0.0 INCH 5 = HAIL
GRTST 24HR 0.0 6 = FREEZING RAIN OR DRIZZLE
GRTST DEPTH: 0 7 = DUSTSTORM OR SANDSTORM:
VSBY 1/2 MILE OR LESS
8 = SMOKE OR HAZE
[NO. OF DAYS WITH] [WEATHER - DAYS WITH] 9 = BLOWING SNOW
X = TORNADO
MAX 32 OR BELOW: 0 0.01 INCH OR MORE: 9
MAX 90 OR ABOVE: 0 0.10 INCH OR MORE: 4
MIN 32 OR BELOW: 1 0.50 INCH OR MORE: 3
MIN 0 OR BELOW: 0 1.00 INCH OR MORE: 0
[HDD (BASE 65) ]
TOTAL THIS MO. 153 CLEAR (SCALE 0-3) 14
DPTR FM NORMAL -51 PTCLDY (SCALE 4-7) 15
TOTAL FM JUL 1 1345 CLOUDY (SCALE 8-10) 2
DPTR FM NORMAL -493
[CDD (BASE 65) ]
TOTAL THIS MO. 130
DPTR FM NORMAL 87 [PRESSURE DATA]
TOTAL FM JAN 1 255 HIGHEST SLP 30.46 ON 20
DPTR FM NORMAL 189 LOWEST SLP 29.46 ON 3
[REMARKS]
#FINAL-03-23#