000
CXUS54 KJAN 011019
CLMHBG
CLIMATE REPORT
NATIONAL WEATHER SERVICE JACKSON MS
519 AM CDT THU JUN 01 2023
...................................
...THE HATTIESBURG CLIMATE SUMMARY FOR THE MONTH OF MAY 2023...
CLIMATE NORMAL PERIOD: 1991 TO 2020
CLIMATE RECORD PERIOD: 1893 TO 2023
WEATHER OBSERVED NORMAL DEPART LAST YEAR`S
VALUE DATE(S) VALUE FROM VALUE DATE(S)
NORMAL
................................................................
TEMPERATURE (F)
RECORD
HIGH 104 05/31/1951
LOW 38 05/04/2013
HIGHEST 93 05/14 MM MM 94 05/21
LOWEST 48 05/02 MM MM 57 05/07
AVG. MAXIMUM 85.5 84.6 0.9 88.6
AVG. MINIMUM 63.4 62.3 1.1 65.9
MEAN 74.4 73.5 0.9 77.3
DAYS MAX >= 90 5 7.8 -2.8 14
DAYS MAX <= 32 0 0.0 0.0 0
DAYS MIN <= 32 0 0.0 0.0 0
DAYS MIN <= 0 0 0.0 0.0 0
PRECIPITATION (INCHES)
RECORD
MAXIMUM 11.60 1990
MINIMUM 0.25 1951
TOTALS 5.00 4.44 0.56 3.59
DAILY AVG. 0.16 0.14 0.02 0.12
DAYS >= .01 9 8.5 0.5 8
DAYS >= .10 6 5.6 0.4 6
DAYS >= .50 5 2.6 2.4 2
DAYS >= 1.00 2 1.0 1.0 1
GREATEST
24 HR. TOTAL 1.75 05/16 TO 05/17 1.94
SNOWFALL (INCHES)
TOTALS 0.0
SINCE 7/1 T
DAYS >= TRACE 0
DAYS >= 1.0 0
GREATEST
24 HR TOTAL MM
DEGREE DAYS
HEATING TOTAL 0 9 -9 0
SINCE 7/1 1394 1916 -522 MM
COOLING TOTAL 302 271 31 390
SINCE 1/1 662 438 224 MM
................................................................
WIND (MPH)
AVERAGE WIND SPEED 3.7
HIGHEST WIND SPEED/DIRECTION 28/310 DATE 05/05
HIGHEST GUST SPEED/DIRECTION 41/270 DATE 05/17
SKY COVER
POSSIBLE SUNSHINE (PERCENT) MM
AVERAGE SKY COVER 0.28
NUMBER OF DAYS FAIR 21
NUMBER OF DAYS PC 9
NUMBER OF DAYS CLOUDY 1
AVERAGE RH (PERCENT) 71
WEATHER CONDITIONS. NUMBER OF DAYS WITH
THUNDERSTORM 9 MIXED PRECIP 0
HEAVY RAIN 6 RAIN 8
LIGHT RAIN 15 FREEZING RAIN 0
LT FREEZING RAIN 0 HAIL 0
HEAVY SNOW 0 SNOW 0
LIGHT SNOW 0 SLEET 0
FOG 20 FOG W/VIS <= 1/4 MILE 4
HAZE 3
- INDICATES NEGATIVE NUMBERS.
R INDICATES RECORD WAS SET OR TIED.
MM INDICATES DATA IS MISSING.
T INDICATES TRACE AMOUNT.
$$