000
CXUS53 KGID 011444
CF6HDE
PRELIMINARY LOCAL CLIMATOLOGICAL DATA (WS FORM: F-6)
STATION: HOLDREGE
MONTH: MARCH
YEAR: 2020
LATITUDE: 40 27 N
LONGITUDE: 99 20 W
TEMPERATURE IN F: :PCPN: SNOW: WIND :SUNSHINE: SKY :PK WND
================================================================================
1 2 3 4 5 6A 6B 7 8 9 10 11 12 13 14 15 16 17 18
12Z AVG MX 2MIN
DY MAX MIN AVG DEP HDD CDD WTR SNW DPTH SPD SPD DIR MIN PSBL S-S WX SPD DR
================================================================================
1 56 32 44 11 21 0 0.00 M M 12.9 27 20 M M 0 35 20
2 50 27 39 5 26 0 M M M 9.0 16 360 M M 5 1 23 240
3 61 28 45 11 20 0 0.00 M M 10.4 21 250 M M 2 29 250
4 65 31 48 14 17 0 0.00 M M 12.3 27 210 M M 0 37 210
5 53 26 40 5 25 0 0.00 M M 13.7 25 330 M M 0 37 340
6 59 23 41 6 24 0 0.00 M M 11.7 21 180 M M 0 29 170
7 73 39 56 20 9 0 0.00 M M 17.7 29 190 M M 0 40 190
8 76 42 59 23 6 0 0.00 M M 14.7 22 200 M M 1 35 200
9 46 32 39 3 26 0 0.30 M M 12.4 23 10 M M 9 12 30 360
10 55 32 44 8 21 0 T M M 7.0 15 180 M M 7 12 18 180
11 72 31 52 15 13 0 0.00 M M 8.0 16 190 M M 3 12 28 220
12 56 28 42 5 23 0 0.14 M M 12.3 24 350 M M 2 3 32 350
13 39 29 34 -4 31 0 M M M 9.3 18 100 M M 10 21 150
14 33 31 32 -6 33 0 M M M 15.0 21 90 M M 10 1 24 90
15 34 30 32 -6 33 0 M M M 10.3 15 130 M M 10 1 M M
16 43 33 38 -1 27 0 T M M 6.0 12 20 M M 10 1 M M
17 41 34 38 -1 27 0 T M M 7.2 13 140 M M 10 1 M M
18 50 41 46 7 19 0 T M M 7.2 13 100 M M 10 12 17 160
19 52 26 39 -1 26 0 M M M 19.3 36 10 M M 10 123 46 10
20 31 15 23 -17 42 0 0.00 M M 14.6 30 360 M M 2 43 360
21 52 19 36 -4 29 0 0.00 M M 11.2 18 190 M M 0 28 190
22 53 32 43 2 22 0 0.00 M M 8.5 14 190 M M 4 17 170
23 57 31 44 3 21 0 0.00 M M 5.5 12 150 M M 7 12 M M
24 72 40 56 15 9 0 0.00 M M 6.3 12 280 M M 4 12 M M
25 75 38 57 15 8 0 0.00 M M 11.4 24 40 M M 1 29 30
26 46 39 43 1 22 0 0.00 M M 11.9 22 40 M M 10 1 29 40
27 46 42 44 2 21 0 0.10 M M 8.4 13 60 M M 10 123 M M
28 43 40 42 -1 23 0 0.31 M M 14.1 29 320 M M 8 1 37 320
29 63 36 50 7 15 0 0.00 M M 8.1 16 310 M M 1 21 310
30 66 36 51 8 14 0 0.01 M M 9.0 21 150 M M 7 32 150
31 70 42 56 12 9 0 0.00 M M 10.5 15 210 M M 5 23 230
================================================================================
SM 1688 1005 662 0 M M 335.9 M 158
================================================================================
AV 54.5 32.4 10.8 FASTST M M 5 MAX(MPH)
MISC ----> # 36 10 # M M
================================================================================
NOTES:
# LAST OF SEVERAL OCCURRENCES
COLUMN 17 PEAK WIND IN M.P.H.
PRELIMINARY LOCAL CLIMATOLOGICAL DATA (WS FORM: F-6) , PAGE 2
STATION: HOLDREGE
MONTH: MARCH
YEAR: 2020
LATITUDE: 40 27 N
LONGITUDE: 99 20 W
[TEMPERATURE DATA] [PRECIPITATION DATA] SYMBOLS USED IN COLUMN 16
AVERAGE MONTHLY: 43.4 TOTAL FOR MONTH: M 1 = FOG OR MIST
DPTR FM NORMAL: 4.8 DPTR FM NORMAL: M 2 = FOG REDUCING VISIBILITY
HIGHEST: 76 ON 8 GRTST 24HR M TO 1/4 MILE OR LESS
LOWEST: 15 ON 20 3 = THUNDER
SNOW, ICE PELLETS, HAIL 4 = ICE PELLETS
TOTAL MONTH: M 5 = HAIL
GRTST 24HR M ON M 6 = FREEZING RAIN OR DRIZZLE
GRTST DEPTH: M ON M 7 = DUSTSTORM OR SANDSTORM:
VSBY 1/2 MILE OR LESS
8 = SMOKE OR HAZE
[NO. OF DAYS WITH] [WEATHER - DAYS WITH] 9 = BLOWING SNOW
X = TORNADO
MAX 32 OR BELOW: 1 0.01 INCH OR MORE: M
MAX 90 OR ABOVE: 0 0.10 INCH OR MORE: M
MIN 32 OR BELOW: 18 0.50 INCH OR MORE: M
MIN 0 OR BELOW: 0 1.00 INCH OR MORE: M
[HDD (BASE 65) ]
TOTAL THIS MO. 662 CLEAR (SCALE 0-3) 13
DPTR FM NORMAL -157 PTCLDY (SCALE 4-7) 7
TOTAL FM JUL 1 5100 CLOUDY (SCALE 8-10) 11
DPTR FM NORMAL -460
[CDD (BASE 65) ]
TOTAL THIS MO. 0
DPTR FM NORMAL 0 [PRESSURE DATA]
TOTAL FM JAN 1 0 HIGHEST SLP M ON M
DPTR FM NORMAL 0 LOWEST SLP M ON M
[REMARKS]
#FINAL-03-20#