000
CXUS54 KEWX 011010
CF6HDO
PRELIMINARY LOCAL CLIMATOLOGICAL DATA (WS FORM: F-6)
STATION: HONDO
MONTH: JUNE
YEAR: 2020
LATITUDE: 29 21 N
LONGITUDE: 99 10 W
TEMPERATURE IN F: :PCPN: SNOW: WIND :SUNSHINE: SKY :PK WND
================================================================================
1 2 3 4 5 6A 6B 7 8 9 10 11 12 13 14 15 16 17 18
12Z AVG MX 2MIN
DY MAX MIN AVG DEP HDD CDD WTR SNW DPTH SPD SPD DIR MIN PSBL S-S WX SPD DR
================================================================================
1 84 69 77 -3 0 12 0.18 M M 8.9 20 140 M M 6 1 24 110
2 87 66 77 -3 0 12 0.01 M M 6.1 21 110 M M 5 1 28 110
3 90 72 81 1 0 16 0.00 M M 7.0 18 150 M M 5 1 26 150
4 91 74 83 3 0 18 0.00 M M 7.2 14 140 M M 5 17 140
5 92 73 83 3 0 18 0.00 M M 6.7 14 120 M M 4 21 60
6 93 70 82 1 0 17 0.00 M M 5.2 13 140 M M 1 15 80
7 97 69 83 2 0 18 0.00 M M 4.8 13 100 M M 0 17 130
8 99 71 85 4 0 20 0.00 M M 7.0 15 150 M M 0 8 20 160
9 98 72 85 4 0 20 0.00 M M 6.3 13 160 M M 4 1 18 170
10 92 65 79 -2 0 14 0.00 M M 10.9 21 50 M M 4 27 70
11 94 60 77 -4 0 12 0.00 M M 7.5 14 140 M M 0 20 110
12 93 59 76 -5 0 11 0.00 M M 7.0 17 100 M M 0 22 120
13 92 60 76 -6 0 11 0.00 M M 9.1 18 110 M M 0 24 120
14 91 59 75 -7 0 10 0.00 M M 7.2 17 100 M M 1 8 23 100
15 91 68 80 -2 0 15 T M M 8.2 23 140 M M 6 30 140
16 93 73 83 1 0 18 0.01 M M 11.0 23 130 M M 4 32 130
17 94 69 82 0 0 17 0.00 M M 10.7 20 150 M M 4 25 150
18 93 75 84 2 0 19 0.00 M M 12.8 23 140 M M 5 30 160
19 96 75 86 4 0 21 0.02 M M 11.1 28 140 M M 5 1 33 130
20 95 77 86 4 0 21 0.00 M M 11.9 20 150 M M 5 29 140
21 97 77 87 5 0 22 0.00 M M 11.3 22 150 M M 4 29 160
22 98 75 87 5 0 22 0.00 M M 12.4 26 140 M M 5 34 150
23 91 71 81 -1 0 16 0.18 M M 6.1 14 150 M M 3 13 17 340
24 95 65 80 -2 0 15 0.00 M M 8.4 18 40 M M 0 27 50
25 93 68 81 -1 0 16 0.00 M M 6.7 20 140 M M 3 26 150
26 85 71 78 -4 0 13 0.50 M M 8.8 22 150 M M 7 1 31 150
27 91 74 83 1 0 18 T M M 13.9 25 140 M M 10 18 33 140
28 92 76 84 2 0 19 0.15 M M 12.2 21 140 M M 7 1 29 140
29 90 76 83 0 0 18 0.00 M M 12.9 20 140 M M 7 25 140
30 96 77 87 4 0 22 0.00 M M 13.4 21 140 M M 6 31 180
================================================================================
SM 2783 2106 0 501 1.05 M 272.7 M 116
================================================================================
AV 92.8 70.2 9.1 FASTST M M 4 MAX(MPH)
MISC ----> # 28 140 # 34 150
================================================================================
NOTES:
# LAST OF SEVERAL OCCURRENCES
COLUMN 17 PEAK WIND IN M.P.H.
PRELIMINARY LOCAL CLIMATOLOGICAL DATA (WS FORM: F-6) , PAGE 2
STATION: HONDO
MONTH: JUNE
YEAR: 2020
LATITUDE: 29 21 N
LONGITUDE: 99 10 W
[TEMPERATURE DATA] [PRECIPITATION DATA] SYMBOLS USED IN COLUMN 16
AVERAGE MONTHLY: 81.5 TOTAL FOR MONTH: 1.05 1 = FOG OR MIST
DPTR FM NORMAL: -0.1 DPTR FM NORMAL: -2.44 2 = FOG REDUCING VISIBILITY
HIGHEST: 99 ON 8 GRTST 24HR 0.50 ON 26-26 TO 1/4 MILE OR LESS
LOWEST: 59 ON 14,12 3 = THUNDER
SNOW, ICE PELLETS, HAIL 4 = ICE PELLETS
TOTAL MONTH: M 5 = HAIL
GRTST 24HR M ON M 6 = FREEZING RAIN OR DRIZZLE
GRTST DEPTH: M ON M 7 = DUSTSTORM OR SANDSTORM:
VSBY 1/2 MILE OR LESS
8 = SMOKE OR HAZE
[NO. OF DAYS WITH] [WEATHER - DAYS WITH] 9 = BLOWING SNOW
X = TORNADO
MAX 32 OR BELOW: 0 0.01 INCH OR MORE: 7
MAX 90 OR ABOVE: 27 0.10 INCH OR MORE: 4
MIN 32 OR BELOW: 0 0.50 INCH OR MORE: 1
MIN 0 OR BELOW: 0 1.00 INCH OR MORE: 0
[HDD (BASE 65) ]
TOTAL THIS MO. 0 CLEAR (SCALE 0-3) 9
DPTR FM NORMAL 0 PTCLDY (SCALE 4-7) 20
TOTAL FM JUL 1 1309 CLOUDY (SCALE 8-10) 1
DPTR FM NORMAL -278
[CDD (BASE 65) ]
TOTAL THIS MO. 501
DPTR FM NORMAL 5 [PRESSURE DATA]
TOTAL FM JAN 1 1260 HIGHEST SLP 30.24 ON 12
DPTR FM NORMAL 172 LOWEST SLP 29.56 ON 8
[REMARKS]
#FINAL-06-20#