000
CXUS51 KLWX 010815
CF6HGR
PRELIMINARY LOCAL CLIMATOLOGICAL DATA (WS FORM: F-6)
STATION: HAGERSTOWN MD
MONTH: JULY
YEAR: 2023
LATITUDE: 39 42 N
LONGITUDE: 77 43 W
TEMPERATURE IN F: :PCPN: SNOW: WIND :SUNSHINE: SKY :PK WND
================================================================================
1 2 3 4 5 6A 6B 7 8 9 10 11 12 13 14 15 16 17 18
12Z AVG MX 2MIN
DY MAX MIN AVG DEP HDD CDD WTR SNW DPTH SPD SPD DIR MIN PSBL S-S WX SPD DR
================================================================================
1 84 72 78 1 0 13 0.06 M M 6.6 16 160 M M 9 138 21 170
2 89 70 80 3 0 15 0.01 M M 5.5 30 270 M M 3 1238 39 280
3 88 70 79 2 0 14 0.10 M M 5.5 30 270 M M 5 13 37 280
4 86 71 79 2 0 14 0.26 M M 5.0 18 300 M M 5 13 21 300
5 91 70 81 4 0 16 0.00 M M 3.6 10 120 M M 2 1 14 280
6 91 70 81 3 0 16 0.01 M M 4.2 22 30 M M 3 13 28 30
7 90 71 81 3 0 16 0.71 M M 3.8 28 10 M M 2 1238 33 350
8 89 70 80 2 0 15 0.00 M M 4.9 10 180 M M 2 1 14 20
9 81 68 75 -3 0 10 0.78 M M 4.4 18 50 M M 2 138 23 50
10 84 67 76 -2 0 11 T M M 5.5 15 320 M M 2 1 18 320
11 88 64 76 -2 0 11 0.00 M M 3.1 12 230 M M 0 16 220
12 90 66 78 0 0 13 0.00 M M 5.4 13 270 M M 0 16 250
13 94 74 84 6 0 19 0.00 M M 8.8 18 210 M M 1 3 27 200
14 88 71 80 2 0 15 T 0.0 0 4.3 12 10 M M 2 3 15 20
15 91 69 80 2 0 15 0.03 M M 5.4 17 160 M M 2 13 22 170
16 89 72 81 3 0 16 0.01 0.0 0 5.5 21 290 M M 5 25 290
17 89 69 79 1 0 14 0.04 M M 7.7 25 270 M M 3 138 37 260
18 85 66 76 -2 0 11 0.00 M M 4.3 14 290 M M 4 128 17 290
19 88 70 79 1 0 14 T M M 5.1 14 270 M M 5 18 18 270
20 90 66 78 0 0 13 0.00 M M 4.9 15 170 M M 1 123 20 170
21 86 64 75 -3 0 10 M M M 6.9 30 350 M M 5 13 42 350
22 85 64 75 -3 0 10 0.00 M M 3.5 12 320 M M 1 16 320
23 88 62 75 -3 0 10 0.00 M M 4.8 14 170 M M 1 19 170
24 88 72 80 2 0 15 0.00 M M 7.2 18 190 M M 3 24 160
25 89 69 79 1 0 14 T M M 5.8 16 350 M M 2 21 340
26 91 65 78 0 0 13 0.00 M M 8.2 16 170 M M 1 20 160
27 97 78 88 10 0 23 T M M 9.5 20 280 M M 4 3 27 220
28 98 74 86 9 0 21 0.01 M M 5.9 25 220 M M 2 3 38 230
29 98 72 85 8 0 20 0.00 M M 9.5 33 300 M M 2 42 300
30 87 66 77 0 0 12 0.03 M M 7.1 16 300 M M 3 22 350
31 85 64 75 -2 0 10 T M M 6.5 18 300 M M 2 1 23 360
================================================================================
SM 2757 2136 0 439 2.05 0.0 178.4 M 84
================================================================================
AV 88.9 68.9 5.8 FASTST M M 3 MAX(MPH)
MISC ----> 33 300 # 42 350
================================================================================
NOTES:
# LAST OF SEVERAL OCCURRENCES
COLUMN 17 PEAK WIND IN M.P.H.
PRELIMINARY LOCAL CLIMATOLOGICAL DATA (WS FORM: F-6) , PAGE 2
STATION: HAGERSTOWN MD
MONTH: JULY
YEAR: 2023
LATITUDE: 39 42 N
LONGITUDE: 77 43 W
[TEMPERATURE DATA] [PRECIPITATION DATA] SYMBOLS USED IN COLUMN 16
AVERAGE MONTHLY: 78.9 TOTAL FOR MONTH: 2.05 1 = FOG OR MIST
DPTR FM NORMAL: 1.3 DPTR FM NORMAL: -0.89 2 = FOG REDUCING VISIBILITY
HIGHEST: 98 ON 29,28 GRTST 24HR 0.78 ON 9- 9 TO 1/4 MILE OR LESS
LOWEST: 62 ON 23 3 = THUNDER
SNOW, ICE PELLETS, HAIL 4 = ICE PELLETS
TOTAL MONTH: 0.0 INCH 5 = HAIL
GRTST 24HR 0.0 6 = FREEZING RAIN OR DRIZZLE
GRTST DEPTH: 0 7 = DUSTSTORM OR SANDSTORM:
VSBY 1/2 MILE OR LESS
8 = SMOKE OR HAZE
[NO. OF DAYS WITH] [WEATHER - DAYS WITH] 9 = BLOWING SNOW
X = TORNADO
MAX 32 OR BELOW: 0 0.01 INCH OR MORE: 12
MAX 90 OR ABOVE: 11 0.10 INCH OR MORE: 4
MIN 32 OR BELOW: 0 0.50 INCH OR MORE: 2
MIN 0 OR BELOW: 0 1.00 INCH OR MORE: 0
[HDD (BASE 65) ]
TOTAL THIS MO. 0 CLEAR (SCALE 0-3) 23
DPTR FM NORMAL 0 PTCLDY (SCALE 4-7) 7
TOTAL FM JUL 1 0 CLOUDY (SCALE 8-10) 1
DPTR FM NORMAL 0
[CDD (BASE 65) ]
TOTAL THIS MO. 439
DPTR FM NORMAL 48 [PRESSURE DATA]
TOTAL FM JAN 1 663 HIGHEST SLP 30.19 ON 26
DPTR FM NORMAL -97 LOWEST SLP 29.76 ON 29
[REMARKS]
#FINAL-07-23#