000
CXUS54 KHGX 020623
CF6HGX
PRELIMINARY LOCAL CLIMATOLOGICAL DATA (WS FORM: F-6)
STATION: DICKINSON WFO
MONTH: JANUARY
YEAR: 2022
LATITUDE: 29 28 N
LONGITUDE: 95 5 W
TEMPERATURE IN F: :PCPN: SNOW: WIND :SUNSHINE: SKY :PK WND
================================================================================
1 2 3 4 5 6A 6B 7 8 9 10 11 12 13 14 15 16 17 18
12Z AVG MX 2MIN
DY MAX MIN AVG DEP HDD CDD WTR SNW DPTH SPD SPD DIR MIN PSBL S-S WX SPD DR
================================================================================
1 82 70 76 21 0 11 0.00 0.0 0 M M M M M M 12 M M
2 70 34 52 -2 13 0 T 0.0 0 M M M M M M M M
3 54 30 42 -12 23 0 0.00 0.0 0 M M M M M M M M
4 64 37 51 -3 14 0 0.00 0.0 0 M M M M M M M M
5 77 49 63 9 2 0 0.00 0.0 0 M M M M M M M M
6 74 49 62 8 3 0 0.00 0.0 0 M M M M M M M M
7 58 41 50 -4 15 0 0.00 0.0 0 M M M M M M M M
8 73 58 66 12 0 1 0.49 0.0 0 M M M M M M 3 M M
9 78 56 67 13 0 2 0.28 0.0 0 M M M M M M M M
10 61 47 54 0 11 0 0.00 0.0 0 M M M M M M M M
11 56 44 50 -4 15 0 0.00 0.0 0 M M M M M M M M
12 58 48 53 -1 12 0 0.00 0.0 0 M M M M M 0 M M
13 72 43 58 4 7 0 0.00 0.0 0 M M M M M M M M
14 76 45 61 7 4 0 0.00 0.0 0 M M M M M M M M
15 63 41 52 -2 13 0 0.00 0.0 0 M M M M M M M M
16 57 34 46 -8 19 0 0.00 0.0 0 M M M M M M M M
17 65 35 50 -4 15 0 0.00 0.0 0 M M M M M M M M
18 73 46 60 5 5 0 0.00 0.0 0 M M M M M M M M
19 77 58 68 13 0 3 0.32 0.0 0 M M M M M M M M
20 58 39 49 -6 16 0 0.05 0.0 0 M M M M M M M M
21 48 36 42 -13 23 0 T 0.0 0 M M M M M M M M
22 54 32 43 -12 22 0 0.00 0.0 0 M M M M M M M M
23 60 35 48 -7 17 0 0.00 0.0 0 M M M M M M M M
24 53 47 50 -5 15 0 0.39 0.0 0 M M M M M M M M
25 60 47 54 -1 11 0 0.00 0.0 0 M M M M M M M M
26 53 41 47 -8 18 0 0.00 0.0 0 M M M M M M M M
27 62 43 53 -2 12 0 0.00 0.0 0 M M M M M M M M
28 58 41 50 -6 15 0 0.00 0.0 0 M M M M M M M M
29 62 33 48 -8 17 0 0.00 0.0 0 M M M M M M M M
30 70 36 53 -3 12 0 0.00 0.0 0 M M M M M M M M
31 65 55 60 4 5 0 0.96 0.0 0 M M M M M M M M
================================================================================
SM 1991 1350 354 17 2.49 0.0 M M 0
================================================================================
AV 64.2 43.5 M FASTST M M 0 MAX(MPH)
MISC ----> M M M M
================================================================================
NOTES:
# LAST OF SEVERAL OCCURRENCES
COLUMN 17 PEAK WIND IN M.P.H.
PRELIMINARY LOCAL CLIMATOLOGICAL DATA (WS FORM: F-6) , PAGE 2
STATION: DICKINSON WFO
MONTH: JANUARY
YEAR: 2022
LATITUDE: 29 28 N
LONGITUDE: 95 5 W
[TEMPERATURE DATA] [PRECIPITATION DATA] SYMBOLS USED IN COLUMN 16
AVERAGE MONTHLY: 53.9 TOTAL FOR MONTH: 2.49 1 = FOG OR MIST
DPTR FM NORMAL: -0.9 DPTR FM NORMAL: -2.31 2 = FOG REDUCING VISIBILITY
HIGHEST: 82 ON 1 GRTST 24HR 1.00 ON 8- 8 TO 1/4 MILE OR LESS
LOWEST: 30 ON 3 3 = THUNDER
SNOW, ICE PELLETS, HAIL 4 = ICE PELLETS
TOTAL MONTH: 0.0 INCH 5 = HAIL
GRTST 24HR 0.0 6 = FREEZING RAIN OR DRIZZLE
GRTST DEPTH: 0 7 = DUSTSTORM OR SANDSTORM:
VSBY 1/2 MILE OR LESS
8 = SMOKE OR HAZE
[NO. OF DAYS WITH] [WEATHER - DAYS WITH] 9 = BLOWING SNOW
X = TORNADO
MAX 32 OR BELOW: 0 0.01 INCH OR MORE: 6
MAX 90 OR ABOVE: 0 0.10 INCH OR MORE: 5
MIN 32 OR BELOW: 2 0.50 INCH OR MORE: 1
MIN 0 OR BELOW: 0 1.00 INCH OR MORE: 0
[HDD (BASE 65) ]
TOTAL THIS MO. 354 CLEAR (SCALE 0-3) 1
DPTR FM NORMAL 17 PTCLDY (SCALE 4-7) 0
TOTAL FM JUL 1 568 CLOUDY (SCALE 8-10) 30
DPTR FM NORMAL -223
[CDD (BASE 65) ]
TOTAL THIS MO. 17
DPTR FM NORMAL -3 [PRESSURE DATA]
TOTAL FM JAN 1 17 HIGHEST SLP M ON M
DPTR FM NORMAL -3 LOWEST SLP M ON M
[REMARKS]
#FINAL-01-22#