000
CXUS56 KLOX 011255
CF6HHR
PRELIMINARY LOCAL CLIMATOLOGICAL DATA (WS FORM: F-6)
STATION: HAWTHORNE AIRPORT CA
MONTH: DECEMBER
YEAR: 2022
LATITUDE: 33 55 N
LONGITUDE: 118 20 W
TEMPERATURE IN F: :PCPN: SNOW: WIND :SUNSHINE: SKY :PK WND
================================================================================
1 2 3 4 5 6A 6B 7 8 9 10 11 12 13 14 15 16 17 18
12Z AVG MX 2MIN
DY MAX MIN AVG DEP HDD CDD WTR SNW DPTH SPD SPD DIR MIN PSBL S-S WX SPD DR
================================================================================
1 61 57 59 0 6 0 T M M 4.4 13 250 M M 8 17 250
2 63 54 59 0 6 0 0.08 M M 4.3 13 90 M M 9 18 17 90
3 71 54 63 4 2 0 0.00 M M 2.3 13 270 M M 1 1 18 270
4 67 57 62 4 3 0 0.05 M M 0.8 9 250 M M 9 18 12 250
5 65 54 60 2 5 0 0.00 M M 3.5 14 260 M M 4 8 20 270
6 64 52 58 0 7 0 0.00 M M 3.7 8 260 M M 2 14 250
7 63 49 56 -2 9 0 0.00 M M 2.3 13 250 M M 0 17 240
8 63 47 55 -3 10 0 0.00 M M 2.5 15 250 M M 0 19 260
9 63 47 55 -3 10 0 0.00 M M 2.2 12 240 M M 0 8 16 250
10 64 50 57 -1 8 0 T M M 3.7 12 230 M M 7 19 220
11 61 51 56 -2 9 0 0.62 M M 11.1 24 260 M M 6 1 35 260
12 58 47 53 -5 12 0 0.33 M M 3.0 9 90 M M 5 1 14 80
13 61 47 54 -3 11 0 0.00 M M 2.4 12 240 M M 2 8 16 240
14 63 46 55 -2 10 0 0.00 M M 1.8 12 260 M M 0 16 270
15 64 48 56 -1 9 0 0.00 M M 1.2 9 270 M M 0 12 300
16 72 51 62 5 3 0 0.00 M M 1.5 9 260 M M 0 8 12 260
17 68 50 59 2 6 0 0.00 M M 1.4 7 250 M M 0 12 350
18 66 46 56 -1 9 0 0.00 M M 2.1 14 260 M M 0 8 17 260
19 68 45 57 0 8 0 0.00 M M 1.6 9 260 M M 0 12 250
20 67 47 57 0 8 0 0.00 M M 1.4 10 260 M M 0 16 270
21 70 46 58 1 7 0 0.00 M M 1.8 9 260 M M 0 12 260
22 72 51 62 5 3 0 0.00 M M 1.0 8 270 M M 0 8 14 230
23 69 50 60 3 5 0 0.00 M M 1.7 9 250 M M 0 18 12 250
24 80 48 64 7 1 0 0.00 M M 1.3 9 270 M M 0 18 13 260
25 84 53 69 12 0 4 0.00 M M 1.7 12 260 M M 0 14 250
26 80 53 67 10 0 2 0.00 M M 0.9 7 260 M M 0 11 280
27 65 56 61 4 4 0 0.52 M M 1.9 8 260 M M 5 1 10 90
28 66 54 60 3 5 0 0.01 M M 2.7 10 250 M M 6 18 16 270
29 62 57 60 3 5 0 0.00 M M 3.1 9 240 M M 9 14 120
30 62 57 60 2 5 0 T M M 2.0 8 250 M M 10 18 10 220
31 62 58 60 2 5 0 0.94 M M 7.1 18 230 M M 10 18 29 160
================================================================================
SM 2064 1582 191 6 2.55 M 82.4 M 93
================================================================================
AV 66.6 51.0 2.7 FASTST M M 3 MAX(MPH)
MISC ----> 24 260 35 260
================================================================================
NOTES:
# LAST OF SEVERAL OCCURRENCES
COLUMN 17 PEAK WIND IN M.P.H.
PRELIMINARY LOCAL CLIMATOLOGICAL DATA (WS FORM: F-6) , PAGE 2
STATION: HAWTHORNE AIRPORT CA
MONTH: DECEMBER
YEAR: 2022
LATITUDE: 33 55 N
LONGITUDE: 118 20 W
[TEMPERATURE DATA] [PRECIPITATION DATA] SYMBOLS USED IN COLUMN 16
AVERAGE MONTHLY: 58.8 TOTAL FOR MONTH: 2.55 1 = FOG OR MIST
DPTR FM NORMAL: 1.2 DPTR FM NORMAL: 0.36 2 = FOG REDUCING VISIBILITY
HIGHEST: 84 ON 25 GRTST 24HR 0.94 ON 31-31 TO 1/4 MILE OR LESS
LOWEST: 45 ON 19 3 = THUNDER
SNOW, ICE PELLETS, HAIL 4 = ICE PELLETS
TOTAL MONTH: M 5 = HAIL
GRTST 24HR M ON M 6 = FREEZING RAIN OR DRIZZLE
GRTST DEPTH: M ON M 7 = DUSTSTORM OR SANDSTORM:
VSBY 1/2 MILE OR LESS
8 = SMOKE OR HAZE
[NO. OF DAYS WITH] [WEATHER - DAYS WITH] 9 = BLOWING SNOW
X = TORNADO
MAX 32 OR BELOW: 0 0.01 INCH OR MORE: 7
MAX 90 OR ABOVE: 0 0.10 INCH OR MORE: 4
MIN 32 OR BELOW: 0 0.50 INCH OR MORE: 3
MIN 0 OR BELOW: 0 1.00 INCH OR MORE: 0
[HDD (BASE 65) ]
TOTAL THIS MO. 191 CLEAR (SCALE 0-3) 19
DPTR FM NORMAL -41 PTCLDY (SCALE 4-7) 7
TOTAL FM JUL 1 289 CLOUDY (SCALE 8-10) 5
DPTR FM NORMAL -76
[CDD (BASE 65) ]
TOTAL THIS MO. 6
DPTR FM NORMAL 4 [PRESSURE DATA]
TOTAL FM JAN 1 1436 HIGHEST SLP 30.33 ON 8
DPTR FM NORMAL 513 LOWEST SLP 29.72 ON 31
[REMARKS]
#FINAL-12-22#