000
CXUS52 KGSP 010817
CF6HKY
PRELIMINARY LOCAL CLIMATOLOGICAL DATA (WS FORM: F-6)
STATION: HICKORY NC
MONTH: JUNE
YEAR: 2023
LATITUDE: 35 45 N
LONGITUDE: 81 23 W
TEMPERATURE IN F: :PCPN: SNOW: WIND :SUNSHINE: SKY :PK WND
================================================================================
1 2 3 4 5 6A 6B 7 8 9 10 11 12 13 14 15 16 17 18
12Z AVG MX 2MIN
DY MAX MIN AVG DEP HDD CDD WTR SNW DPTH SPD SPD DIR MIN PSBL S-S WX SPD DR
================================================================================
1 83 60 72 1 0 7 0.00 M M 3.6 14 60 M M 2 17 50
2 86 60 73 2 0 8 0.00 M M 5.0 15 60 M M 1 21 60
3 90 60 75 4 0 10 0.49 M M 6.1 24 50 M M 2 138 33 50
4 75 61 68 -4 0 3 T M M 4.1 12 70 M M 6 17 50
5 74 61 68 -4 0 3 T M M 3.1 9 210 M M 9 1 12 200
6 83 59 71 -1 0 6 0.00 M M 2.8 9 350 M M 3 128 13 270
7 72 57 65 -7 0 0 0.03 M M 3.7 8 280 M M 7 8 13 260
8 76 56 66 -7 0 1 0.00 M M 5.5 14 330 M M 2 21 290
9 79 50 65 -8 0 0 0.00 M M 2.8 10 280 M M 0 18 270
10 81 54 68 -5 0 3 0.00 M M 5.2 15 200 M M 1 23 180
11 78 56 67 -7 0 2 0.40 M M 3.4 18 200 M M 5 13 26 210
12 81 62 72 -2 0 7 0.07 M M 7.8 18 270 M M 6 24 270
13 78 55 67 -7 0 2 0.00 M M 5.1 15 190 M M 3 21 190
14 82 54 68 -6 0 3 0.00 M M 7.5 18 220 M M 0 26 200
15 84 61 73 -1 0 8 0.00 M M 3.4 18 210 M M 1 13 24 220
16 89 60 75 0 0 10 0.00 M M 6.2 21 260 M M 1 26 270
17 84 58 71 -4 0 6 0.00 M M 2.5 10 340 M M 1 15 340
18 84 59 72 -3 0 7 0.00 M M 3.1 12 200 M M 1 14 200
19 77 64 71 -4 0 6 1.72 M M 2.6 10 270 M M 7 138 14 200
20 77 66 72 -4 0 7 1.99 M M 7.0 21 70 M M 10 138 28 70
21 66 61 64 -12 1 0 0.55 M M 10.5 17 60 M M 10 1 24 50
22 68 60 64 -12 1 0 0.40 M M 6.1 13 50 M M 10 1 16 20
23 81 64 73 -3 0 8 0.49 M M 2.1 12 290 M M 9 138 16 270
24 82 65 74 -2 0 9 0.04 M M 2.4 14 20 M M 7 12 17 20
25 86 63 75 -1 0 10 0.05 M M 3.2 13 230 M M 1 19 300
26 86 64 75 -2 0 10 T M M 6.8 18 200 M M 1 3 25 200
27 86 66 76 -1 0 11 0.00 M M 6.7 16 270 M M 2 23 340
28 88 62 75 -2 0 10 0.00 M M 2.9 9 10 M M 0 13 360
29 84 65 75 -2 0 10 0.00 M M 2.2 8 220 M M 1 18 11 220
30 88 69 79 2 0 14 0.00 M M 2.5 8 190 M M 2 18 11 210
================================================================================
SM 2428 1812 2 181 6.23 M 135.9 M 111
================================================================================
AV 80.9 60.4 4.5 FASTST M M 4 MAX(MPH)
MISC ----> 24 50 33 50
================================================================================
NOTES:
# LAST OF SEVERAL OCCURRENCES
COLUMN 17 PEAK WIND IN M.P.H.
PRELIMINARY LOCAL CLIMATOLOGICAL DATA (WS FORM: F-6) , PAGE 2
STATION: HICKORY NC
MONTH: JUNE
YEAR: 2023
LATITUDE: 35 45 N
LONGITUDE: 81 23 W
[TEMPERATURE DATA] [PRECIPITATION DATA] SYMBOLS USED IN COLUMN 16
AVERAGE MONTHLY: 70.7 TOTAL FOR MONTH: 6.23 1 = FOG OR MIST
DPTR FM NORMAL: -3.6 DPTR FM NORMAL: 1.88 2 = FOG REDUCING VISIBILITY
HIGHEST: 90 ON 3 GRTST 24HR 3.26 ON 19-20 TO 1/4 MILE OR LESS
LOWEST: 50 ON 9 3 = THUNDER
SNOW, ICE PELLETS, HAIL 4 = ICE PELLETS
TOTAL MONTH: M 5 = HAIL
GRTST 24HR M ON M 6 = FREEZING RAIN OR DRIZZLE
GRTST DEPTH: M ON M 7 = DUSTSTORM OR SANDSTORM:
VSBY 1/2 MILE OR LESS
8 = SMOKE OR HAZE
[NO. OF DAYS WITH] [WEATHER - DAYS WITH] 9 = BLOWING SNOW
X = TORNADO
MAX 32 OR BELOW: 0 0.01 INCH OR MORE: 11
MAX 90 OR ABOVE: 1 0.10 INCH OR MORE: 7
MIN 32 OR BELOW: 0 0.50 INCH OR MORE: 3
MIN 0 OR BELOW: 0 1.00 INCH OR MORE: 2
[HDD (BASE 65) ]
TOTAL THIS MO. 2 CLEAR (SCALE 0-3) 19
DPTR FM NORMAL -3 PTCLDY (SCALE 4-7) 6
TOTAL FM JUL 1 3008 CLOUDY (SCALE 8-10) 5
DPTR FM NORMAL -536
[CDD (BASE 65) ]
TOTAL THIS MO. 181
DPTR FM NORMAL -104 [PRESSURE DATA]
TOTAL FM JAN 1 298 HIGHEST SLP 30.07 ON 1
DPTR FM NORMAL -135 LOWEST SLP 29.63 ON 14
[REMARKS]
#FINAL-06-23#