000
CXUS51 KPBZ 010830
CF6HLG
PRELIMINARY LOCAL CLIMATOLOGICAL DATA (WS FORM: F-6)
STATION: WHEELING WV
MONTH: DECEMBER
YEAR: 2022
LATITUDE: 40 10 N
LONGITUDE: 80 39 W
TEMPERATURE IN F: :PCPN: SNOW: WIND :SUNSHINE: SKY :PK WND
================================================================================
1 2 3 4 5 6A 6B 7 8 9 10 11 12 13 14 15 16 17 18
12Z AVG MX 2MIN
DY MAX MIN AVG DEP HDD CDD WTR SNW DPTH SPD SPD DIR MIN PSBL S-S WX SPD DR
================================================================================
1 36 25 31 -7 34 0 0.00 M M 9.5 25 260 M M 5 35 270
2 57 26 42 4 23 0 T M M 9.6 25 200 M M 6 35 210
3 57 31 44 6 21 0 0.15 M M 14.4 29 280 M M 9 1 44 280
4 39 23 31 -6 34 0 0.00 M M 6.6 13 220 M M 1 17 220
5 52 28 40 3 25 0 0.00 M M 7.0 13 160 M M 2 16 140
6 55 42 49 12 16 0 0.12 M M 6.1 13 210 M M 10 1 18 200
7 60 49 55 18 10 0 0.10 M M 7.3 14 260 M M 10 1 18 190
8 49 40 45 9 20 0 0.00 M M 5.2 10 40 M M 8 1 13 40
9 47 32 40 4 25 0 0.09 M M 9.2 14 70 M M 2 1 19 60
10 42 36 39 3 26 0 0.06 M M 3.1 14 60 M M 10 126 17 50
11 44 37 41 5 24 0 0.01 M M 6.2 14 300 M M 10 12 18 320
12 37 34 36 1 29 0 T M M 5.1 10 360 M M 10 8 12 20
13 40 29 35 0 30 0 0.00 M M 6.5 13 70 M M 5 16 70
14 43 28 36 1 29 0 0.00 M M 8.6 17 80 M M 4 22 70
15 43 39 41 7 24 0 0.37 M M 11.6 21 100 M M 10 1 27 110
16 42 34 38 4 27 0 0.01 M M 6.9 21 260 M M 9 1 28 270
17 35 29 32 -2 33 0 T M M 9.9 20 250 M M 10 8 28 280
18 29 24 27 -7 38 0 T M M 11.7 21 260 M M 10 1 27 270
19 28 18 23 -11 42 0 0.00 M M 7.3 17 260 M M 7 21 270
20 35 16 26 -7 39 0 0.00 M M 2.8 12 80 M M 5 14 100
21 43 18 31 -2 34 0 0.00 M M 4.4 13 70 M M 0 18 16 60
22 42 35 39 6 26 0 0.05 M M 8.9 17 110 M M 9 18 21 110
23 42 -4 19 -14 46 0 0.08 M M 22.1 36 260 M M 10 128 51 240
24 13 -3 5 -27 60 0 T M M 18.4 29 240 M M 10 8 41 220
25 16 11 14 -18 51 0 T M M 11.6 24 240 M M 8 8 33 220
26 21 11 16 -16 49 0 T M M 7.5 14 190 M M 6 8 18 210
27 29 21 25 -7 40 0 T M M 6.7 12 180 M M 9 15 150
28 46 24 35 3 30 0 0.00 M M 9.2 17 200 M M 0 25 210
29 61 39 50 19 15 0 0.00 M M 9.6 18 200 M M 5 26 210
30 68 56 62 31 3 0 T M M 10.2 16 200 M M 6 22 200
31 58 47 53 22 12 0 0.08 M M 10.6 18 200 M M 7 1 25 210
================================================================================
SM 1309 875 915 0 1.12 M 273.8 M 213
================================================================================
AV 42.2 28.2 8.8 FASTST M M 7 MAX(MPH)
MISC ----> 36 260 51 240
================================================================================
NOTES:
# LAST OF SEVERAL OCCURRENCES
COLUMN 17 PEAK WIND IN M.P.H.
PRELIMINARY LOCAL CLIMATOLOGICAL DATA (WS FORM: F-6) , PAGE 2
STATION: WHEELING WV
MONTH: DECEMBER
YEAR: 2022
LATITUDE: 40 10 N
LONGITUDE: 80 39 W
[TEMPERATURE DATA] [PRECIPITATION DATA] SYMBOLS USED IN COLUMN 16
AVERAGE MONTHLY: 35.2 TOTAL FOR MONTH: 1.12 1 = FOG OR MIST
DPTR FM NORMAL: 0.8 DPTR FM NORMAL: -1.50 2 = FOG REDUCING VISIBILITY
HIGHEST: 68 ON 30 GRTST 24HR 0.37 ON 15-15 TO 1/4 MILE OR LESS
LOWEST: -4 ON 23 3 = THUNDER
SNOW, ICE PELLETS, HAIL 4 = ICE PELLETS
TOTAL MONTH: M 5 = HAIL
GRTST 24HR M ON M 6 = FREEZING RAIN OR DRIZZLE
GRTST DEPTH: M ON M 7 = DUSTSTORM OR SANDSTORM:
VSBY 1/2 MILE OR LESS
8 = SMOKE OR HAZE
[NO. OF DAYS WITH] [WEATHER - DAYS WITH] 9 = BLOWING SNOW
X = TORNADO
MAX 32 OR BELOW: 6 0.01 INCH OR MORE: 11
MAX 90 OR ABOVE: 0 0.10 INCH OR MORE: 4
MIN 32 OR BELOW: 19 0.50 INCH OR MORE: 0
MIN 0 OR BELOW: 2 1.00 INCH OR MORE: 0
[HDD (BASE 65) ]
TOTAL THIS MO. 915 CLEAR (SCALE 0-3) 5
DPTR FM NORMAL -35 PTCLDY (SCALE 4-7) 12
TOTAL FM JUL 1 1961 CLOUDY (SCALE 8-10) 14
DPTR FM NORMAL -86
[CDD (BASE 65) ]
TOTAL THIS MO. 0
DPTR FM NORMAL 0 [PRESSURE DATA]
TOTAL FM JAN 1 886 HIGHEST SLP 30.55 ON 1
DPTR FM NORMAL 105 LOWEST SLP 29.18 ON 23
[REMARKS]
#FINAL-12-22#