000
CXUS51 KPBZ 010830
CF6HLG
PRELIMINARY LOCAL CLIMATOLOGICAL DATA (WS FORM: F-6)
STATION: WHEELING WV
MONTH: OCTOBER
YEAR: 2020
LATITUDE: 40 10 N
LONGITUDE: 80 39 W
TEMPERATURE IN F: :PCPN: SNOW: WIND :SUNSHINE: SKY :PK WND
================================================================================
1 2 3 4 5 6A 6B 7 8 9 10 11 12 13 14 15 16 17 18
12Z AVG MX 2MIN
DY MAX MIN AVG DEP HDD CDD WTR SNW DPTH SPD SPD DIR MIN PSBL S-S WX SPD DR
================================================================================
1 64 45 55 -4 10 0 0.01 M M 7.1 18 220 M M 3 1 25 230
2 59 42 51 -7 14 0 0.00 M M 6.3 16 230 M M 6 20 220
3 60 39 50 -8 15 0 0.00 M M 5.0 10 210 M M 5 12 14 190
4 68 46 57 -1 8 0 0.01 M M 6.2 25 280 M M 8 3 35 280
5 60 42 51 -6 14 0 0.00 M M 5.2 10 240 M M 7 1 14 280
6 68 38 53 -4 12 0 0.00 M M 8.6 18 200 M M 2 12 23 190
7 75 54 65 9 0 0 0.00 M M 11.3 25 280 M M 1 35 250
8 67 45 56 0 9 0 0.00 M M 4.9 16 320 M M 1 22 340
9 75 47 61 5 4 0 0.00 M M 7.7 16 190 M M 0 20 190
10 74 62 68 13 0 3 T M M 9.6 17 230 M M 5 1 24 220
11 69 62 66 11 0 1 0.02 M M 6.6 14 100 M M 7 18 19 80
12 72 58 65 11 0 0 T M M 10.3 18 120 M M 8 23 130
13 66 50 58 4 7 0 0.12 M M 7.9 22 290 M M 5 1 29 290
14 70 47 59 5 6 0 0.00 M M 7.3 14 180 M M 0 19 170
15 72 47 60 6 5 0 0.05 M M 12.9 25 210 M M 5 1 34 200
16 56 37 47 -6 18 0 0.03 M M 5.7 14 270 M M 6 1 20 280
17 60 34 47 -6 18 0 0.00 M M 5.7 17 260 M M 0 30 290
18 62 42 52 0 13 0 0.00 M M 8.1 16 210 M M 4 22 200
19 59 51 55 3 10 0 0.37 M M 5.7 12 140 M M 10 1 14 140
20 61 56 59 7 6 0 0.10 M M 5.0 12 180 M M 10 1 16 210
21 75 55 65 13 0 0 0.00 M M 7.0 20 230 M M 4 12 30 210
22 80 54 67 16 0 2 0.00 M M 5.0 14 180 M M 1 128 17 170
23 78 62 70 19 0 5 0.19 M M 9.5 20 210 M M 2 138 26 210
24 63 41 52 1 13 0 0.09 M M 8.4 24 320 M M 9 13 29 290
25 53 39 46 -4 19 0 T M M 8.3 14 80 M M 8 8 17 50
26 56 47 52 2 13 0 0.01 M M 4.9 13 320 M M 10 1 15 310
27 52 45 49 -1 16 0 0.04 M M 3.7 8 350 M M 10 1 10 350
28 53 48 51 2 14 0 0.07 M M 4.0 9 210 M M 10 1 12 190
29 51 46 49 0 16 0 0.80 M M 9.4 17 30 M M 10 1 28 30
30 46 37 42 -7 23 0 0.08 M M 8.3 21 300 M M 10 1 27 280
31 52 29 41 -7 24 0 0.00 M M 5.5 13 140 M M 2 20 130
================================================================================
SM 1976 1447 307 11 1.99 M 221.1 M 169
================================================================================
AV 63.7 46.7 7.1 FASTST M M 5 MAX(MPH)
MISC ----> # 25 280 # 35 280
================================================================================
NOTES:
# LAST OF SEVERAL OCCURRENCES
COLUMN 17 PEAK WIND IN M.P.H.
PRELIMINARY LOCAL CLIMATOLOGICAL DATA (WS FORM: F-6) , PAGE 2
STATION: WHEELING WV
MONTH: OCTOBER
YEAR: 2020
LATITUDE: 40 10 N
LONGITUDE: 80 39 W
[TEMPERATURE DATA] [PRECIPITATION DATA] SYMBOLS USED IN COLUMN 16
AVERAGE MONTHLY: 55.2 TOTAL FOR MONTH: 1.99 1 = FOG OR MIST
DPTR FM NORMAL: 1.9 DPTR FM NORMAL: -0.56 2 = FOG REDUCING VISIBILITY
HIGHEST: 80 ON 22 GRTST 24HR 0.83 ON 29-30 TO 1/4 MILE OR LESS
LOWEST: 29 ON 31 3 = THUNDER
SNOW, ICE PELLETS, HAIL 4 = ICE PELLETS
TOTAL MONTH: M 5 = HAIL
GRTST 24HR M ON M 6 = FREEZING RAIN OR DRIZZLE
GRTST DEPTH: M ON M 7 = DUSTSTORM OR SANDSTORM:
VSBY 1/2 MILE OR LESS
8 = SMOKE OR HAZE
[NO. OF DAYS WITH] [WEATHER - DAYS WITH] 9 = BLOWING SNOW
X = TORNADO
MAX 32 OR BELOW: 0 0.01 INCH OR MORE: 15
MAX 90 OR ABOVE: 0 0.10 INCH OR MORE: 5
MIN 32 OR BELOW: 1 0.50 INCH OR MORE: 1
MIN 0 OR BELOW: 0 1.00 INCH OR MORE: 0
[HDD (BASE 65) ]
TOTAL THIS MO. 307 CLEAR (SCALE 0-3) 9
DPTR FM NORMAL -66 PTCLDY (SCALE 4-7) 12
TOTAL FM JUL 1 394 CLOUDY (SCALE 8-10) 10
DPTR FM NORMAL -80
[CDD (BASE 65) ]
TOTAL THIS MO. 11
DPTR FM NORMAL 0 [PRESSURE DATA]
TOTAL FM JAN 1 1031 HIGHEST SLP 30.49 ON 31
DPTR FM NORMAL 342 LOWEST SLP 29.57 ON 29
[REMARKS]
#FINAL-10-20#