000
CXHW50 PHFO 011250
CF6HNL
PRELIMINARY LOCAL CLIMATOLOGICAL DATA (WS FORM: F-6)
STATION: HONOLULU HI
MONTH: MAY
YEAR: 2021
LATITUDE: 21 21 N
LONGITUDE: 157 56 W
TEMPERATURE IN F: :PCPN: SNOW: WIND :SUNSHINE: SKY :PK WND
================================================================================
1 2 3 4 5 6A 6B 7 8 9 10 11 12 13 14 15 16 17 18
12Z AVG MX 2MIN
DY MAX MIN AVG DEP HDD CDD WTR SNW DPTH SPD SPD DIR MIN PSBL S-S WX SPD DR
================================================================================
1 86 73 80 3 0 15 T M M 13.4 24 60 M M 4 32 40
2 86 73 80 3 0 15 0.00 M M 13.7 23 70 M M 5 29 80
3 86 74 80 3 0 15 0.00 M M 10.1 22 50 M M 4 26 60
4 87 71 79 2 0 14 0.00 M M 8.8 18 60 M M 4 23 60
5 85 75 80 2 0 15 T M M 11.7 25 80 M M 7 34 80
6 82 73 78 0 0 13 0.00 M M 8.1 20 60 M M 7 23 60
7 86 73 80 2 0 15 T M M 10.0 21 60 M M 7 26 70
8 86 74 80 2 0 15 T M M 12.4 22 70 M M 3 27 70
9 85 72 79 1 0 14 T M M 11.1 23 70 M M 3 28 70
10 85 74 80 2 0 15 0.00 M M 12.5 23 60 M M 4 30 80
11 86 73 80 2 0 15 0.00 M M 14.2 24 70 M M 3 32 90
12 86 72 79 1 0 14 T M M 13.8 23 70 M M 4 33 70
13 86 73 80 2 0 15 0.01 M M 12.5 21 80 M M 5 26 80
14 84 71 78 0 0 13 T M M 11.5 24 70 M M 3 31 70
15 84 71 78 0 0 13 0.02 M M 12.3 23 60 M M 4 29 30
16 84 73 79 1 0 14 T M M 12.5 29 80 M M 5 33 80
17 86 73 80 2 0 15 T M M 14.8 25 60 M M 3 35 70
18 86 74 80 2 0 15 T M M 14.5 25 50 M M 4 33 40
19 85 73 79 1 0 14 T M M 13.9 25 50 M M 4 32 60
20 86 73 80 2 0 15 0.00 M M 14.1 25 80 M M 3 33 70
21 85 72 79 1 0 14 0.00 M M 12.4 24 80 M M 4 29 80
22 88 73 81 3 0 16 0.00 M M 9.3 18 70 M M 4 29 70
23 86 71 79 0 0 14 0.00 M M 7.1 17 150 M M 4 22 150
24 85 72 79 0 0 14 0.00 M M 6.1 14 210 M M 5 17 220
25 84 73 79 0 0 14 T M M 7.2 18 150 M M 4 24 150
26 89 73 81 2 0 16 0.00 M M 8.8 20 90 M M 3 26 80
27 89 73 81 2 0 16 0.00 M M 10.5 22 70 M M 3 26 60
28 87 74 81 2 0 16 0.00 M M 9.1 18 40 M M 3 23 60
29 84 71 78 -1 0 13 0.00 M M 6.7 16 150 M M 4 20 140
30 84 72 78 -1 0 13 0.00 M M 5.4 17 200 M M 4 21 210
31 86 72 79 0 0 14 0.00 M M 5.1 13 160 M M 2 17 150
================================================================================
SM 2654 2254 0 449 0.03 M 333.6 M 126
================================================================================
AV 85.6 72.7 10.8 FASTST M M 4 MAX(MPH)
MISC ----> 29 80 35 70
================================================================================
NOTES:
# LAST OF SEVERAL OCCURRENCES
COLUMN 17 PEAK WIND IN M.P.H.
PRELIMINARY LOCAL CLIMATOLOGICAL DATA (WS FORM: F-6) , PAGE 2
STATION: HONOLULU HI
MONTH: MAY
YEAR: 2021
LATITUDE: 21 21 N
LONGITUDE: 157 56 W
[TEMPERATURE DATA] [PRECIPITATION DATA] SYMBOLS USED IN COLUMN 16
AVERAGE MONTHLY: 79.2 TOTAL FOR MONTH: 0.03 1 = FOG OR MIST
DPTR FM NORMAL: 1.0 DPTR FM NORMAL: -0.79 2 = FOG REDUCING VISIBILITY
HIGHEST: 89 ON 27,26 GRTST 24HR 0.02 ON 14-15 TO 1/4 MILE OR LESS
LOWEST: 71 ON 29,23 3 = THUNDER
SNOW, ICE PELLETS, HAIL 4 = ICE PELLETS
TOTAL MONTH: M 5 = HAIL
GRTST 24HR M ON M 6 = FREEZING RAIN OR DRIZZLE
GRTST DEPTH: M ON M 7 = DUSTSTORM OR SANDSTORM:
VSBY 1/2 MILE OR LESS
8 = SMOKE OR HAZE
[NO. OF DAYS WITH] [WEATHER - DAYS WITH] 9 = BLOWING SNOW
X = TORNADO
MAX 32 OR BELOW: 0 0.01 INCH OR MORE: 2
MAX 90 OR ABOVE: 0 0.10 INCH OR MORE: 0
MIN 32 OR BELOW: 0 0.50 INCH OR MORE: 0
MIN 0 OR BELOW: 0 1.00 INCH OR MORE: 0
[HDD (BASE 65) ]
TOTAL THIS MO. 0 CLEAR (SCALE 0-3) 4
DPTR FM NORMAL 0 PTCLDY (SCALE 4-7) 27
TOTAL FM JUL 1 0 CLOUDY (SCALE 8-10) 0
DPTR FM NORMAL 0
[CDD (BASE 65) ]
TOTAL THIS MO. 449
DPTR FM NORMAL 41 [PRESSURE DATA]
TOTAL FM JAN 1 1726 HIGHEST SLP 30.16 ON 15
DPTR FM NORMAL 157 LOWEST SLP 29.95 ON 29
[REMARKS]
#FINAL-05-21#