000
CXUS54 KMAF 011110
CF6HOB
PRELIMINARY LOCAL CLIMATOLOGICAL DATA (WS FORM: F-6)
STATION: LEA AIRPORT, HOBBS
MONTH: AUGUST
YEAR: 2022
LATITUDE: 32 40 N
LONGITUDE: 103-12 E
TEMPERATURE IN F: :PCPN: SNOW: WIND :SUNSHINE: SKY :PK WND
================================================================================
1 2 3 4 5 6A 6B 7 8 9 10 11 12 13 14 15 16 17 18
12Z AVG MX 2MIN
DY MAX MIN AVG DEP HDD CDD WTR SNW DPTH SPD SPD DIR MIN PSBL S-S WX SPD DR
================================================================================
1 99 75 87 M 0 22 0.00 M M 12.9 18 130 M M 0 24 130
2 99 73 86 M 0 21 0.00 M M 11.8 17 160 M M 0 24 160
3 104 75 90 M 0 25 0.00 M M 10.4 15 110 M M 0 23 160
4 99 77 88 M 0 23 0.00 M M 8.5 15 10 M M 2 3 26 10
5 99 77 88 M 0 23 0.00 M M 8.0 14 140 M M 2 8 22 160
6 95 72 84 M 0 19 0.00 M M 10.9 17 150 M M 0 26 110
7 93 72 83 M 0 18 0.00 M M 10.7 21 130 M M 0 23 110
8 93 72 83 M 0 18 0.00 M M 11.0 22 110 M M 2 29 110
9 93 72 83 M 0 18 0.00 M M 9.0 21 70 M M 4 8 26 70
10 90 72 81 M 0 16 0.00 M M 7.9 15 360 M M 4 23 40
11 90 70 80 M 0 15 0.18 M M 8.5 21 350 M M 7 3 26 200
12 93 66 80 M 0 15 0.00 M M 7.8 12 80 M M 1 15 130
13 93 68 81 M 0 16 0.00 M M 5.9 8 100 M M 2 16 100
14 95 70 83 M 0 18 0.00 M M 5.9 12 110 M M 2 16 100
15 91 70 81 M 0 16 0.00 M M 9.8 18 130 M M 1 24 150
16 82 70 76 M 0 11 0.00 M M 6.4 15 120 M M 1 17 160
17 91 68 80 M 0 15 0.29 M M 7.0 23 160 M M 5 24 160
18 84 68 76 M 0 11 0.27 M M 9.7 14 60 M M 6 17 50
19 88 68 78 M 0 13 0.05 M M 6.7 17 160 M M 5 25 160
20 79 66 73 M 0 8 1.05 M M 7.7 17 40 M M 8 1 39 40
21 82 68 75 M 0 10 0.00 M M 10.4 16 360 M M 6 1 20 10
22 81 68 75 M 0 10 0.00 M M 10.8 16 40 M M 8 1 23 40
23 84 64 74 M 0 9 0.00 M M 7.4 12 50 M M 5 18 50
24 84 64 74 M 0 9 0.00 M M 7.0 12 70 M M 4 16 90
25 86 64 75 M 0 10 0.00 M M 7.0 10 110 M M 3 18 70
26 86 66 76 M 0 11 0.00 M M 4.7 10 150 M M 3 20 150
27 91 64 78 M 0 13 0.00 M M 9.1 16 160 M M 1 21 180
28 93 68 81 M 0 16 0.00 M M 11.2 23 130 M M 2 31 130
29 91 66 79 M 0 14 0.02 M M 8.8 38 320 M M 2 3 55 320
30 75 64 70 M 0 5 0.00 M M 9.4 17 40 M M 7 23 50
31 75 66 71 M 0 6 0.00 M M 7.0 13 20 M M 8 17 10
================================================================================
SM 2778 2143 0 454 1.86 M 269.4 M 101
================================================================================
AV 89.6 69.1 8.7 FASTST M M 3 MAX(MPH)
MISC ----> 38 320 55 320
================================================================================
NOTES:
# LAST OF SEVERAL OCCURRENCES
COLUMN 17 PEAK WIND IN M.P.H.
PRELIMINARY LOCAL CLIMATOLOGICAL DATA (WS FORM: F-6) , PAGE 2
STATION: LEA AIRPORT, HOBBS
MONTH: AUGUST
YEAR: 2022
LATITUDE: 32 40 N
LONGITUDE: 103-12 E
[TEMPERATURE DATA] [PRECIPITATION DATA] SYMBOLS USED IN COLUMN 16
AVERAGE MONTHLY: 79.4 TOTAL FOR MONTH: 1.86 1 = FOG OR MIST
DPTR FM NORMAL: 0.0 DPTR FM NORMAL: M 2 = FOG REDUCING VISIBILITY
HIGHEST: 104 ON 3 GRTST 24HR 1.05 ON 20-20 TO 1/4 MILE OR LESS
LOWEST: 64 ON 30,27 3 = THUNDER
SNOW, ICE PELLETS, HAIL 4 = ICE PELLETS
TOTAL MONTH: M 5 = HAIL
GRTST 24HR M ON M 6 = FREEZING RAIN OR DRIZZLE
GRTST DEPTH: M ON M 7 = DUSTSTORM OR SANDSTORM:
VSBY 1/2 MILE OR LESS
8 = SMOKE OR HAZE
[NO. OF DAYS WITH] [WEATHER - DAYS WITH] 9 = BLOWING SNOW
X = TORNADO
MAX 32 OR BELOW: 0 0.01 INCH OR MORE: 6
MAX 90 OR ABOVE: 19 0.10 INCH OR MORE: 4
MIN 32 OR BELOW: 0 0.50 INCH OR MORE: 1
MIN 0 OR BELOW: 0 1.00 INCH OR MORE: 1
[HDD (BASE 65) ]
TOTAL THIS MO. 0 CLEAR (SCALE 0-3) 17
DPTR FM NORMAL M PTCLDY (SCALE 4-7) 13
TOTAL FM JUL 1 0 CLOUDY (SCALE 8-10) 1
DPTR FM NORMAL M
[CDD (BASE 65) ]
TOTAL THIS MO. 454
DPTR FM NORMAL M [PRESSURE DATA]
TOTAL FM JAN 1 2472 HIGHEST SLP M ON M
DPTR FM NORMAL M LOWEST SLP M ON M
[REMARKS]
#FINAL-08-22#