000
CXUS54 KMAF 011110
CF6HOB
PRELIMINARY LOCAL CLIMATOLOGICAL DATA (WS FORM: F-6)
STATION: LEA AIRPORT, HOBBS
MONTH: SEPTEMBER
YEAR: 2020
LATITUDE: 32 40 N
LONGITUDE: 103-12 E
TEMPERATURE IN F: :PCPN: SNOW: WIND :SUNSHINE: SKY :PK WND
================================================================================
1 2 3 4 5 6A 6B 7 8 9 10 11 12 13 14 15 16 17 18
12Z AVG MX 2MIN
DY MAX MIN AVG DEP HDD CDD WTR SNW DPTH SPD SPD DIR MIN PSBL S-S WX SPD DR
================================================================================
1 95 72 84 M 0 19 0.00 M M 11.1 29 300 M M 6 40 300
2 90 61 76 M 0 11 0.00 M M 8.3 18 360 M M 2 23 10
3 97 63 80 M 0 15 0.00 M M 7.3 17 80 M M 1 22 80
4 91 63 77 M 0 12 0.00 M M 9.6 15 70 M M 0 22 50
5 88 63 76 M 0 11 0.00 M M 6.4 14 90 M M 2 17 100
6 90 63 77 M 0 12 0.00 M M 8.9 13 170 M M 0 23 180
7 95 63 79 M 0 14 0.00 M M 10.5 18 160 M M 0 33 160
8 90 45 68 M 0 3 0.42 M M 16.7 32 20 M M 5 17 40 20
9 48 41 45 M 20 0 0.00 M M 17.8 29 10 M M 10 1 39 20
10 59 43 51 M 14 0 0.00 M M 8.8 14 10 M M 10 1 21 10
11 72 52 62 M 3 0 0.00 M M 4.8 9 200 M M 7 16 180
12 84 55 70 M 0 5 0.00 M M 4.7 9 300 M M 2 1 15 290
13 81 57 69 M 0 4 0.00 M M 6.1 13 20 M M 3 16 0
14 79 61 70 M 0 5 0.00 M M 6.4 13 50 M M 2 M M
15 82 59 71 M 0 6 0.00 M M 6.3 12 200 M M 5 17 240
16 86 57 72 M 0 7 0.00 M M 6.1 20 80 M M 1 3 31 80
17 82 59 71 M 0 6 0.00 M M 7.2 14 40 M M 4 M M
18 81 55 68 M 0 3 0.00 M M 7.1 13 60 M M 3 17 60
19 79 54 67 M 0 2 0.00 M M 7.2 14 130 M M 4 17 110
20 82 52 67 M 0 2 0.00 M M 7.2 14 190 M M 3 18 18 140
21 82 50 66 M 0 1 0.00 M M 6.7 16 120 M M 4 8 16 120
22 86 50 68 M 0 3 0.00 M M 5.8 9 110 M M 2 M M
23 88 54 71 M 0 6 0.00 M M 5.5 12 110 M M 0 M M
24 88 55 72 M 0 7 0.00 M M 5.7 12 170 M M 0 M M
25 93 57 75 M 0 10 0.00 M M 9.1 13 180 M M 0 21 190
26 100 59 80 M 0 15 0.00 M M 8.7 16 280 M M 0 18 290
27 99 59 79 M 0 14 0.00 M M 17.1 35 40 M M 2 45 40
28 70 45 58 M 7 0 0.00 M M 15.7 32 30 M M 5 8 45 30
29 79 41 60 M 5 0 0.00 M M 8.6 13 210 M M 0 M M
30 88 50 69 M 0 4 0.00 M M 6.1 12 170 M M 0 M M
================================================================================
SM 2524 1658 49 197 0.42 M 257.8 M 83
================================================================================
AV 84.1 55.3 8.6 FASTST M M 3 MAX(MPH)
MISC ----> 35 40 # 45 40
================================================================================
NOTES:
# LAST OF SEVERAL OCCURRENCES
COLUMN 17 PEAK WIND IN M.P.H.
PRELIMINARY LOCAL CLIMATOLOGICAL DATA (WS FORM: F-6) , PAGE 2
STATION: LEA AIRPORT, HOBBS
MONTH: SEPTEMBER
YEAR: 2020
LATITUDE: 32 40 N
LONGITUDE: 103-12 E
[TEMPERATURE DATA] [PRECIPITATION DATA] SYMBOLS USED IN COLUMN 16
AVERAGE MONTHLY: 69.7 TOTAL FOR MONTH: 0.42 1 = FOG OR MIST
DPTR FM NORMAL: 0.0 DPTR FM NORMAL: M 2 = FOG REDUCING VISIBILITY
HIGHEST: 100 ON 26 GRTST 24HR 0.42 ON 8- 8 TO 1/4 MILE OR LESS
LOWEST: 41 ON 29, 9 3 = THUNDER
SNOW, ICE PELLETS, HAIL 4 = ICE PELLETS
TOTAL MONTH: M 5 = HAIL
GRTST 24HR M ON M 6 = FREEZING RAIN OR DRIZZLE
GRTST DEPTH: M ON M 7 = DUSTSTORM OR SANDSTORM:
VSBY 1/2 MILE OR LESS
8 = SMOKE OR HAZE
[NO. OF DAYS WITH] [WEATHER - DAYS WITH] 9 = BLOWING SNOW
X = TORNADO
MAX 32 OR BELOW: 0 0.01 INCH OR MORE: 1
MAX 90 OR ABOVE: 10 0.10 INCH OR MORE: 1
MIN 32 OR BELOW: 0 0.50 INCH OR MORE: 0
MIN 0 OR BELOW: 0 1.00 INCH OR MORE: 0
[HDD (BASE 65) ]
TOTAL THIS MO. 49 CLEAR (SCALE 0-3) 19
DPTR FM NORMAL M PTCLDY (SCALE 4-7) 9
TOTAL FM JUL 1 49 CLOUDY (SCALE 8-10) 2
DPTR FM NORMAL M
[CDD (BASE 65) ]
TOTAL THIS MO. 197
DPTR FM NORMAL M [PRESSURE DATA]
TOTAL FM JAN 1 2316 HIGHEST SLP M ON M
DPTR FM NORMAL M LOWEST SLP M ON M
[REMARKS]
#FINAL-09-20#