000
CXUS54 KMAF 011110
CF6HOB
PRELIMINARY LOCAL CLIMATOLOGICAL DATA (WS FORM: F-6)
STATION: LEA AIRPORT, HOBBS
MONTH: JUNE
YEAR: 2020
LATITUDE: 32 40 N
LONGITUDE: 103-12 E
TEMPERATURE IN F: :PCPN: SNOW: WIND :SUNSHINE: SKY :PK WND
================================================================================
1 2 3 4 5 6A 6B 7 8 9 10 11 12 13 14 15 16 17 18
12Z AVG MX 2MIN
DY MAX MIN AVG DEP HDD CDD WTR SNW DPTH SPD SPD DIR MIN PSBL S-S WX SPD DR
================================================================================
1 84 61 73 M 0 8 0.00 M M 10.2 17 140 M M 2 30 130
2 90 59 75 M 0 10 0.00 M M 8.9 14 170 M M 2 20 170
3 93 66 80 M 0 15 0.00 M M 7.1 10 140 M M 1 M M
4 99 68 84 M 0 19 0.00 M M 12.2 18 150 M M 0 28 150
5 99 72 86 M 0 21 0.00 M M 14.8 18 140 M M 0 25 170
6 95 68 82 M 0 17 0.00 M M 16.1 25 160 M M 0 32 160
7 99 70 85 M 0 20 0.00 M M 13.2 22 150 M M 0 29 150
8 100 64 82 M 0 17 0.00 M M 13.5 23 260 M M 0 30 230
9 86 59 73 M 0 8 0.00 M M 19.0 36 300 M M 1 46 310
10 88 52 70 M 0 5 0.00 M M 10.4 16 180 M M 2 22 130
11 93 61 77 M 0 12 0.00 M M 13.1 23 150 M M 1 30 150
12 93 61 77 M 0 12 0.00 M M 11.4 23 150 M M 1 30 150
13 91 59 75 M 0 10 0.00 M M 14.7 28 160 M M 0 32 150
14 91 66 79 M 0 14 0.00 M M 14.3 21 170 M M 0 30 160
15 90 63 77 M 0 12 0.00 M M 11.7 20 160 M M 0 25 160
16 91 63 77 M 0 12 0.00 M M 11.6 18 140 M M 1 25 140
17 97 70 84 M 0 19 0.05 M M 14.5 35 170 M M 1 47 170
18 99 64 82 M 0 17 0.00 M M 9.4 25 160 M M 0 35 160
19 100 64 82 M 0 17 0.00 M M 12.4 23 150 M M 1 30 170
20 95 64 80 M 0 15 0.00 M M 10.6 17 130 M M 3 26 180
21 102 66 84 M 0 19 0.00 M M 11.2 18 210 M M 0 29 180
22 102 68 85 M 0 20 0.25 M M 9.8 18 190 M M 1 35 50
23 88 64 76 M 0 11 0.05 M M 10.9 23 340 M M 3 37 330
24 90 63 77 M 0 12 0.00 M M 8.1 16 190 M M 0 23 170
25 93 61 77 M 0 12 0.00 M M 8.5 14 140 M M 0 20 160
26 97 68 83 M 0 18 0.00 M M 10.7 20 150 M M 0 29 150
27 97 66 82 M 0 17 0.00 M M 14.1 22 200 M M 3 3 39 320
28 95 72 84 M 0 19 0.00 M M 10.3 18 240 M M 0 30 240
29 97 68 83 M 0 18 0.00 M M 14.0 25 240 M M 0 32 240
30 97 68 83 M 0 18 0.00 M M 11.7 20 200 M M 0 35 220
================================================================================
SM 2831 1938 0 444 0.35 M 358.1 M 23
================================================================================
AV 94.4 64.6 11.9 FASTST M M 1 MAX(MPH)
MISC ----> 36 300 47 170
================================================================================
NOTES:
# LAST OF SEVERAL OCCURRENCES
COLUMN 17 PEAK WIND IN M.P.H.
PRELIMINARY LOCAL CLIMATOLOGICAL DATA (WS FORM: F-6) , PAGE 2
STATION: LEA AIRPORT, HOBBS
MONTH: JUNE
YEAR: 2020
LATITUDE: 32 40 N
LONGITUDE: 103-12 E
[TEMPERATURE DATA] [PRECIPITATION DATA] SYMBOLS USED IN COLUMN 16
AVERAGE MONTHLY: 79.5 TOTAL FOR MONTH: 0.35 1 = FOG OR MIST
DPTR FM NORMAL: 0.0 DPTR FM NORMAL: M 2 = FOG REDUCING VISIBILITY
HIGHEST: 102 ON 22,21 GRTST 24HR 0.25 ON 22-22 TO 1/4 MILE OR LESS
LOWEST: 52 ON 10 3 = THUNDER
SNOW, ICE PELLETS, HAIL 4 = ICE PELLETS
TOTAL MONTH: M 5 = HAIL
GRTST 24HR M ON M 6 = FREEZING RAIN OR DRIZZLE
GRTST DEPTH: M ON M 7 = DUSTSTORM OR SANDSTORM:
VSBY 1/2 MILE OR LESS
8 = SMOKE OR HAZE
[NO. OF DAYS WITH] [WEATHER - DAYS WITH] 9 = BLOWING SNOW
X = TORNADO
MAX 32 OR BELOW: 0 0.01 INCH OR MORE: 3
MAX 90 OR ABOVE: 26 0.10 INCH OR MORE: 1
MIN 32 OR BELOW: 0 0.50 INCH OR MORE: 0
MIN 0 OR BELOW: 0 1.00 INCH OR MORE: 0
[HDD (BASE 65) ]
TOTAL THIS MO. 0 CLEAR (SCALE 0-3) 27
DPTR FM NORMAL M PTCLDY (SCALE 4-7) 3
TOTAL FM JUL 1 2846 CLOUDY (SCALE 8-10) 0
DPTR FM NORMAL M
[CDD (BASE 65) ]
TOTAL THIS MO. 444
DPTR FM NORMAL M [PRESSURE DATA]
TOTAL FM JAN 1 944 HIGHEST SLP M ON M
DPTR FM NORMAL M LOWEST SLP M ON M
[REMARKS]
#FINAL-06-20#