000
CXUS54 KHGX 021208
CF6HOU
PRELIMINARY LOCAL CLIMATOLOGICAL DATA (WS FORM: F-6)
STATION: HOUSTON/HOBBY AIRPORT
MONTH: APRIL
YEAR: 2023
LATITUDE: 29 38 N
LONGITUDE: 95 17 W
TEMPERATURE IN F: :PCPN: SNOW: WIND :SUNSHINE: SKY :PK WND
================================================================================
1 2 3 4 5 6A 6B 7 8 9 10 11 12 13 14 15 16 17 18
12Z AVG MX 2MIN
DY MAX MIN AVG DEP HDD CDD WTR SNW DPTH SPD SPD DIR MIN PSBL S-S WX SPD DR
================================================================================
1 90 70 80 12 0 15 0.01 0.0 0 M M M M M 7 1 M M
2 85 68 77 9 0 12 T 0.0 0 14.1 M M M M 8 1 31 170
3 88 74 81 13 0 16 0.00 0.0 0 12.3 17 190 M M 9 27 210
4 83 74 79 11 0 14 0.00 0.0 0 15.4 25 180 M M 10 34 160
5 84 60 72 4 0 7 0.41 0.0 0 13.5 30 340 M M 10 13 39 350
6 69 56 63 -6 2 0 0.22 0.0 0 15.8 31 60 M M 10 13 46 60
7 63 56 60 -9 5 0 0.95 0.0 0 11.5 23 80 M M 10 13 30 80
8 71 56 64 -5 1 0 0.00 0.0 0 7.3 15 50 M M 9 1 23 20
9 76 61 69 0 0 4 0.00 0.0 0 7.9 15 60 M M 7 22 40
10 71 60 66 -3 0 1 0.00 0.0 0 8.1 14 60 M M 8 18 70
11 78 62 70 0 0 5 0.00 0.0 0 8.1 16 60 M M 5 23 70
12 78 57 68 -2 0 3 0.33 0.0 0 6.4 26 60 M M 4 35 80
13 80 56 68 -2 0 3 0.00 0.0 0 4.7 18 180 M M 2 24 160
14 79 61 70 0 0 5 T 0.0 0 11.0 21 170 M M 6 27 170
15 90 72 81 11 0 16 0.08 0.0 0 10.8 26 360 M M 8 13 44 340
16 78 61 70 -1 0 5 0.00 0.0 0 11.5 24 20 M M 4 37 20
17 77 54 66 -5 0 1 0.00 0.0 0 8.8 17 130 M M 3 26 100
18 83 61 72 1 0 7 T 0.0 0 11.5 25 170 M M 8 34 320
19 84 66 75 4 0 10 0.00 0.0 0 12.2 23 170 M M 4 32 180
20 81 68 75 4 0 10 0.02 0.0 0 11.9 23 350 M M 9 3 29 340
21 82 65 74 2 0 9 0.87 0.0 0 8.4 26 260 M M 6 13 35 260
22 78 62 70 -2 0 5 0.00 0.0 0 13.4 25 90 M M 2 34 130
23 67 59 63 -9 2 0 0.06 0.0 0 13.0 23 60 M M 9 3 31 80
24 75 56 66 -6 0 1 0.00 0.0 0 10.8 20 100 M M 8 26 100
25 79 63 71 -1 0 6 T 0.0 0 11.6 22 120 M M 8 27 120
26 82 69 76 3 0 11 0.01 0.0 0 11.6 20 120 M M 9 25 130
27 79 63 71 -2 0 6 0.86 0.0 0 9.2 26 90 M M 6 13 32 90
28 85 60 73 0 0 8 0.21 0.0 0 9.3 31 300 M M 3 3 49 300
29 72 59 66 -7 0 1 T 0.0 0 14.5 28 330 M M 6 39 310
30 87 54 71 -3 0 6 0.00 0.0 0 9.6 16 240 M M 0 21 200
================================================================================
SM 2374 1863 10 187 4.03 0.0 314.2 M 198
================================================================================
AV 79.1 62.1 10.8 FASTST M M 7 MAX(MPH)
MISC ----> # 31 60 49 300
================================================================================
NOTES:
# LAST OF SEVERAL OCCURRENCES
COLUMN 17 PEAK WIND IN M.P.H.
PRELIMINARY LOCAL CLIMATOLOGICAL DATA (WS FORM: F-6) , PAGE 2
STATION: HOUSTON/HOBBY AIRPORT
MONTH: APRIL
YEAR: 2023
LATITUDE: 29 38 N
LONGITUDE: 95 17 W
[TEMPERATURE DATA] [PRECIPITATION DATA] SYMBOLS USED IN COLUMN 16
AVERAGE MONTHLY: 70.6 TOTAL FOR MONTH: 4.03 1 = FOG OR MIST
DPTR FM NORMAL: 0.1 DPTR FM NORMAL: -0.05 2 = FOG REDUCING VISIBILITY
HIGHEST: 90 ON 15, 1 GRTST 24HR 1.13 ON 6- 7 TO 1/4 MILE OR LESS
LOWEST: 54 ON 30,17 3 = THUNDER
SNOW, ICE PELLETS, HAIL 4 = ICE PELLETS
TOTAL MONTH: 0.0 INCH 5 = HAIL
GRTST 24HR 0.0 6 = FREEZING RAIN OR DRIZZLE
GRTST DEPTH: 0 7 = DUSTSTORM OR SANDSTORM:
VSBY 1/2 MILE OR LESS
8 = SMOKE OR HAZE
[NO. OF DAYS WITH] [WEATHER - DAYS WITH] 9 = BLOWING SNOW
X = TORNADO
MAX 32 OR BELOW: 0 0.01 INCH OR MORE: 12
MAX 90 OR ABOVE: 2 0.10 INCH OR MORE: 7
MIN 32 OR BELOW: 0 0.50 INCH OR MORE: 3
MIN 0 OR BELOW: 0 1.00 INCH OR MORE: 0
[HDD (BASE 65) ]
TOTAL THIS MO. 10 CLEAR (SCALE 0-3) 5
DPTR FM NORMAL -12 PTCLDY (SCALE 4-7) 15
TOTAL FM JUL 1 874 CLOUDY (SCALE 8-10) 10
DPTR FM NORMAL -222
[CDD (BASE 65) ]
TOTAL THIS MO. 187
DPTR FM NORMAL -2 [PRESSURE DATA]
TOTAL FM JAN 1 562 HIGHEST SLP 30.26 ON 10
DPTR FM NORMAL 231 LOWEST SLP 29.67 ON 4
[REMARKS]
#FINAL-04-23#