000
CXUS54 KHGX 011322
CLMHOU
CLIMATE REPORT
NATIONAL WEATHER SERVICE HOUSTON/GALVESTON TX
822 AM CDT FRI SEP 01 2023
...................................
...THE HOUSTON/HOBBY AIRPORT CLIMATE SUMMARY FOR THE MONTH OF AUGUST 2023...
CLIMATE NORMAL PERIOD: 1991 TO 2020
CLIMATE RECORD PERIOD: 1930 TO 2023
WEATHER OBSERVED NORMAL DEPART LAST YEAR`S
VALUE DATE(S) VALUE FROM VALUE DATE(S)
NORMAL
................................................................
TEMPERATURE (F)
RECORD
HIGH 109 08/27/2023
LOW 60 08/21/1940
HIGHEST 109R 08/27 MM MM 100 08/03
08/04
08/17
LOWEST 77 08/31 MM MM 73 08/18
AVG. MAXIMUM 101.8 93.5 8.3 93.7
AVG. MINIMUM 80.6 76.7 3.9 77.5
MEAN 91.2 85.1 6.1 85.6
DAYS MAX >= 90 31 26.3 4.7 27
DAYS MAX <= 32 0 0.0 0.0 0
DAYS MIN <= 32 0 0.0 0.0 0
DAYS MIN <= 0 0 0.0 0.0 0
PRECIPITATION (INCHES)
RECORD
MAXIMUM 38.87 2017
TOTALS TR 5.44 -5.44
DAILY AVG. T 0.18 -0.18 0.15
DAYS >= .01 0 9.6 -9.6 18
DAYS >= .10 0 6.1 -6.1 9
DAYS >= .50 0 2.7 -2.7 3
DAYS >= 1.00 0 1.5 -1.5 1
GREATEST
24 HR. TOTAL T 08/22 TO 08/22 1.30 08/19 TO 08/20
08/24 TO 08/24
08/27 TO 08/27
SNOWFALL (INCHES)
RECORDS
TOTAL MM MM
TOTALS 0.0
SINCE 7/1 0.0
LIQUID 7/1 0.00
DAYS >= TRACE 0
GREATEST
24 HR TOTAL 0.0
DEGREE DAYS
HEATING TOTAL 0 0 0 0
SINCE 7/1 0 0 0 MM
COOLING TOTAL 820 623 197 646
SINCE 1/1 3192 2495 697 MM
................................................................
WIND (MPH)
AVERAGE WIND SPEED 9.0
HIGHEST WIND SPEED/DIRECTION 39/230 DATE 08/17
HIGHEST GUST SPEED/DIRECTION 42/010 DATE 08/27
SKY COVER
AVERAGE SKY COVER 0.31
AVERAGE RH (PERCENT) 60
WEATHER CONDITIONS. NUMBER OF DAYS WITH
THUNDERSTORM 1 MIXED PRECIP 0
HEAVY RAIN 0 RAIN 0
LIGHT RAIN 2 FREEZING RAIN 0
LT FREEZING RAIN 0 HAIL 0
HEAVY SNOW 0 SNOW 0
LIGHT SNOW 0 SLEET 0
FOG 1 FOG W/VIS <= 1/4 MILE 0
HAZE 1
- INDICATES NEGATIVE NUMBERS.
R INDICATES RECORD WAS SET OR TIED.
MM INDICATES DATA IS MISSING.
T INDICATES TRACE AMOUNT.
$$